000
CXUS51 KOKX 011326
CLMEWR
CLIMATE REPORT
NATIONAL WEATHER SERVICE NEW YORK, NY
923 AM EDT MON APR 01 2024
...................................
...THE NEWARK NJ CLIMATE SUMMARY FOR THE MONTH OF MARCH 2024...
CLIMATE NORMAL PERIOD 1991 TO 2020
CLIMATE RECORD PERIOD 1931 TO 2024
WEATHER OBSERVED NORMAL DEPART LAST YEAR`S
VALUE DATE(S) VALUE FROM VALUE DATE(S)
NORMAL
................................................................
TEMPERATURE (F)
RECORD
HIGH 89 03/29/1945
LOW 6 03/04/1943
HIGHEST 75 03/14 MM MM 65 03/21
03/15
03/22
03/26
LOWEST 29 03/22 MM MM 27 03/20
AVG. MAXIMUM 56.5 50.9 5.6 53.2
AVG. MINIMUM 40.4 34.2 6.2 36.7
MEAN 48.5 42.5 6.0 44.9
DAYS MAX >= 90 0 0.0 0.0 0
DAYS MAX <= 32 0 0.9 -0.9 0
DAYS MIN <= 32 4 12.4 -8.4 7
DAYS MIN <= 0 0 0.0 0.0 0
PRECIPITATION (INCHES)
RECORD
MAXIMUM 11.14 1983
MINIMUM 0.79 2006
TOTALS 7.99 4.13 3.86 3.32
DAILY AVG. 0.26 0.13 0.13 0.11
DAYS >= .01 11 10.9 0.1 13
DAYS >= .10 6 6.9 -0.9 8
DAYS >= .50 5 2.7 2.3 2
DAYS >= 1.00 4 0.9 3.1 1
GREATEST
24 HR. TOTAL 3.10 03/23 TO 03/23 1.49 03/03 TO 03/04
STORM TOTAL 3.10 1.24
(MM/DD(HH)) MM
SNOWFALL (INCHES)
TOTALS T 5.6 -5.6 0.6
LIQUID EQUIV T 0.50 -0.50 0.10
SINCE 7/1 12.2 31.0 -18.8 MM
LIQUID 7/1 1.22 3.10 -1.88 MM
SNOWDEPTH AVG. 0 0
DAYS >= TRACE 2 2.7 -0.7 4
DAYS >= 1.0 0 1.6 -1.6 0
GREATEST
SNOW DEPTH 0 1 03/01
24 HR TOTAL MM MM
STORM TOTAL 0.0 0.4
(MM/DD(HH)) MM
DEGREE DAYS
HEATING TOTAL 506 697 -191 614
SINCE 7/1 3422 4200 -778 MM
COOLING TOTAL 0 1 -1 0
SINCE 1/1 0 1 -1 MM
................................................................
WIND (MPH)
AVERAGE WIND SPEED 11.0
HIGHEST WIND SPEED/DIRECTION 44/290 DATE 03/11
HIGHEST GUST SPEED/DIRECTION 59/290 DATE 03/11
WEATHER CONDITIONS. NUMBER OF DAYS WITH
THUNDERSTORM 1 MIXED PRECIP 0
HEAVY RAIN 5 RAIN 6
LIGHT RAIN 15 FREEZING RAIN 0
LT FREEZING RAIN 0 HAIL 0
HEAVY SNOW 0 SNOW 0
LIGHT SNOW 2 SLEET 0
FOG 10 FOG W/VIS <= 1/4 MILE 0
HAZE 2
- INDICATES NEGATIVE NUMBERS.
R INDICATES RECORD WAS SET OR TIED.
MM INDICATES DATA IS MISSING.
T INDICATES TRACE AMOUNT.
$$