000
CXUS56 KHNX 041545
CLMFAT


CLIMATE REPORT
NATIONAL WEATHER SERVICE SAN JOAQUIN VALLEY - HANFORD CA
845 AM PDT THU JUN 4 2015

...................................

...THE FRESNO CA CLIMATE SUMMARY FOR THE MONTH OF MAY 2015...

CLIMATE NORMAL PERIOD 1981 TO 2010
CLIMATE RECORD PERIOD 1887 TO 2015

WEATHER         OBSERVED          NORMAL  DEPART  LAST YEAR`S
                 VALUE   DATE(S)  VALUE   FROM    VALUE  DATE(S)
                                          NORMAL
................................................................
TEMPERATURE (F)
RECORD
 HIGH             110   05/31/1910
 LOW               36   05/05/1975
                        05/07/1965
HIGHEST            99   05/30        MM      MM      102  05/15
LOWEST             50   05/16        MM      MM       52  05/10
                        05/08                             05/07
                        05/07
AVG. MAXIMUM     81.5              84.1    -2.6     88.3
AVG. MINIMUM     55.5              56.2    -0.7     60.2
MEAN             68.5              70.1    -1.6     74.2
DAYS MAX >= 90      6               8.7    -2.7       15
DAYS MIN <= 32      0               0.0     0.0        0

PRECIPITATION (INCHES)
RECORD
 MAXIMUM         2.88   1906
TOTALS           0.57              0.43    0.14     0.04
DAYS >= .01         5               2.2     2.8        2
DAYS >= .10         2               1.2     0.8        0
DAYS >= .50         0               0.2    -0.2        0
DAYS >= 1.00        0               0.1    -0.1        0
GREATEST
 24 HR. TOTAL    0.27   05/07 TO 05/08

SNOWFALL (INCHES)
RECORDS
 TOTAL             MM   MM
TOTALS            0.0               0.0

DEGREE_DAYS
HEATING TOTAL      25                30      -5        3
 SINCE 7/1       1519              2343    -824     1504
COOLING TOTAL     145               190     -45      299
 SINCE 1/1        273               241      32      443
.................................................................

WIND (MPH)
AVERAGE WIND SPEED              7.6
HIGHEST WIND SPEED/DIRECTION    25/280    DATE  05/07
HIGHEST GUST SPEED/DIRECTION    30/320    DATE  05/31

AVERAGE RH (PERCENT)     48

WEATHER CONDITIONS. NUMBER OF DAYS WITH
THUNDERSTORM              0     RAIN                       5
HAIL                      1     FOG                        1
FOG W/VIS <= 1/4 MILE     0     HAZE                       2

-  INDICATES NEGATIVE NUMBERS.
R  INDICATES RECORD WAS SET OR TIED.
MM INDICATES DATA IS MISSING.
T  INDICATES TRACE AMOUNT.

$$

SANGER/OCHS

WEATHER.GOV/HANFORD
