000
CXUS53 KFGF 011530
CLMFGF

CLIMATE REPORT
NATIONAL WEATHER SERVICE EASTERN NORTH DAKOTA/GRAND
FORKS
1030 AM CDT MON JUN 1 2015

...................................

...THE GRAND FORKS UNIV. (NWS) CLIMATE SUMMARY FOR THE MONTH OF MAY 2015...

CLIMATE NORMAL PERIOD 1981 TO 2010
CLIMATE RECORD PERIOD 1890 TO 2015

WEATHER         OBSERVED          NORMAL  DEPART  LAST YEAR`S
                 VALUE   DATE(S)  VALUE   FROM    VALUE
                                          NORMAL
.............................................................
TEMPERATURE (F)
RECORD
 HIGH             105   05/30/1934
 LOW                5   05/03/1967
HIGHEST            85   05/26        71      14
                        05/02
LOWEST             28   05/19        45     -17
AVG. MAXIMUM     65.2              68.2    -3.0
AVG. MINIMUM     42.7              43.3    -0.6
MEAN             54.0              55.8    -1.8
DAYS MAX >= 90      0               0.4    -0.4
DAYS MAX <= 32      0               0.0     0.0
DAYS MIN <= 32      5               3.7     1.3
DAYS MIN <= 0       0               0.0     0.0

PRECIPITATION (INCHES)
RECORD
 MAXIMUM         5.18   2013
 MINIMUM           MM   2008
TOTALS           4.35              2.75    1.60
DAILY AVG.       0.14              0.09    0.05
DAYS >= .01        11               9.2     1.8
DAYS >= .10         8               5.4     2.6
DAYS >= .50         2               1.8     0.2
DAYS >= 1.00        1               0.6     0.4
GREATEST
 24 HR. TOTAL    1.87   05/17 TO 05/17              0.53
 STORM TOTAL       MM                                 MM
 (MM/DD(HH))            MM

SNOWFALL (INCHES)
RECORDS
 TOTAL             MM   999
TOTALS              T               0.1    -0.1
 LIQUID EQUIV      MM              0.00      MM
SINCE 7/1        19.3              43.4   -24.1
 LIQUID 7/1      1.93
DAYS >= TRACE       2               0.1     1.9
DAYS >= 1.0         0               0.0     0.0
GREATEST
 SNOW DEPTH         0   MM

DEGREE_DAYS
HEATING TOTAL     346               310      36
 SINCE 7/1       8799              9125    -326
COOLING TOTAL      11                23     -12
 SINCE 1/1         11                26     -15
..............................................................

SKY COVER
POSSIBLE SUNSHINE (PERCENT)   MM
AVERAGE SKY COVER             MM
NUMBER OF DAYS FAIR            0
NUMBER OF DAYS PC              0
NUMBER OF DAYS CLOUDY          0


WEATHER CONDITIONS. NUMBER OF DAYS WITH
THUNDERSTORM              0     MIXED PRECIP               0
HEAVY RAIN                0     RAIN                       2
LIGHT RAIN                5     FREEZING RAIN              0
LT FREEZING RAIN          0     HAIL                       0
HEAVY SNOW                0     SNOW                       0
LIGHT SNOW                0     SLEET                      0
FOG                       1     FOG W/VIS <= 1/4 MILE      0
HAZE                      0

-  INDICATES NEGATIVE NUMBERS.
R  INDICATES RECORD WAS SET OR TIED.
MM INDICATES DATA IS MISSING.
T  INDICATES TRACE AMOUNT.

&&
REMARKS...
A COOL AND WET MAY OCCURRED AT THE GRAND FORKS UNIVERSITY
STATION. THE AVERAGE TEMPERATURE FOR MAY WAS 54.0 DEGREES AND WAS
SLIGHTLY COOLER THAN NORMAL BY 1.8 DEGREES. THE MONTHLY
PRECIPITATION TOTAL WAS 4.35 INCHES AND WAS 1.60 INCHES ABOVE
NORMAL.

RECORD FOR THE MONTH INCLUDED A RECORD LOW MAXIMUM TEMPERATURE OF 42
DEGREES ON THE 18 TH. THE PREVIOUS RECORD WAS 44 DEGREES SET IN
1968.

REMEMBER...THIS DATA IS PROVISIONAL AND SUBJECT TO CHANGE. THE FINAL
AND OFFICIAL RECORDS WILL BE AVAILABLE FROM THE NATIONAL CLIMATIC
DATA CENTER.

$$
