000
CXUS53 KFGF 011034
CLMFGF

BISCLMFGF 000
TTAA00 KFGF 011033


CLIMATE REPORT
NATIONAL WEATHER SERVICE EASTERN NORTH DAKOTA/GRAND FORKS
341 AM CST MON DEC 1 2014

...................................

...THE GRAND FORKS UNIV. (NWS) CLIMATE SUMMARY FOR THE MONTH OF NOVEMBER 2014...

CLIMATE NORMAL PERIOD 1981 TO 2010
CLIMATE RECORD PERIOD 1890 TO 2014

WEATHER         OBSERVED          NORMAL  DEPART  LAST YEAR`S
                 VALUE   DATE(S)  VALUE   FROM    VALUE
                                          NORMAL
.............................................................
TEMPERATURE (F)
RECORD
 HIGH              73   11/05/1975
                        11/04/1975
 LOW              -35   11/30/1905
HIGHEST            54   11/02        34      20
LOWEST            -13   11/27        19     -32
AVG. MAXIMUM     28.5              34.9    -6.4
AVG. MINIMUM     13.6              19.1    -5.5
MEAN             21.1              27.0    -5.9
DAYS MAX >= 90      0               0.0     0.0
DAYS MAX <= 32     19              12.5     6.5
DAYS MIN <= 32     27              26.9     0.1
DAYS MIN <= 0       3               2.0     1.0

PRECIPITATION (INCHES)
RECORD
 MAXIMUM           MM   MM
 MINIMUM           MM   MM
TOTALS           0.26              0.90   -0.64
DAILY AVG.       0.01              0.03   -0.02
DAYS >= .01         9               5.5     3.5
DAYS >= .10         0               2.4    -2.4
DAYS >= .50         0               0.2    -0.2
DAYS >= 1.00        0               0.0     0.0
GREATEST
 24 HR. TOTAL    0.08   11/07 TO 11/07              0.03
 STORM TOTAL       MM                                 MM
 (MM/DD(HH))            MM

SNOWFALL (INCHES)
RECORDS
 TOTAL             MM   MM
TOTALS            3.8               6.1    -2.3
 LIQUID EQUIV    0.38              0.60   -0.22
SINCE 7/1         3.8               7.1    -3.3
 LIQUID 7/1      0.38
DAYS >= TRACE      16               3.7    12.3
DAYS >= 1.0         1               1.9    -0.9
GREATEST
 SNOW DEPTH         1   11/30
                        11/29
                        11/28

DEGREE_DAYS
HEATING TOTAL    1312              1140     172
 SINCE 7/1       2120              2094      26
COOLING TOTAL       0                 0       0
 SINCE 1/1        395               463     -68
..............................................................

SKY COVER
POSSIBLE SUNSHINE (PERCENT)   MM
AVERAGE SKY COVER             MM
NUMBER OF DAYS FAIR            0
NUMBER OF DAYS PC              0
NUMBER OF DAYS CLOUDY          0


WEATHER CONDITIONS. NUMBER OF DAYS WITH
THUNDERSTORM              0     MIXED PRECIP               0
HEAVY RAIN                0     RAIN                       0
LIGHT RAIN                0     FREEZING RAIN              0
LT FREEZING RAIN          0     HAIL                       0
HEAVY SNOW                0     SNOW                       1
LIGHT SNOW                7     SLEET                      0
FOG                       0     FOG W/VIS <= 1/4 MILE      0
HAZE                      0

-  INDICATES NEGATIVE NUMBERS.
R  INDICATES RECORD WAS SET OR TIED.
MM INDICATES DATA IS MISSING.
T  INDICATES TRACE AMOUNT.

$$

THE AVEARGE TEMPERATURE RECORDED AT THE NWS GRAND FORKS/UNIVERSITY
OF NORTH DAKOTA CLIMATE STATION FOR NOVEBMER 2014 WAS 21.1 DEGREES.
THIS IS 5.9 DEGREES BELOW NORMAL. SOME PAST YEARS HAVE MISSING DATA
FOR NOVEMBER, 1985 IS ONE VERY COLD NOVEMBER WITH MISSING DATA. THUS
SINCE WE HAVE AN IMCOMPLETE NOVEMBER 1985 TEMPERATURE DATABASE, AN
OFFICIAL RANKING FOR NOVEMBER AT NWS GRAND FORKS/UNIVERSITY OF NORTH
DAKOTA CLIMATE STATION CANNOT BE DETERMINED.
