000
CXUS55 KFGZ 011512
CLMFLG


CLIMATE REPORT
NATIONAL WEATHER SERVICE FLAGSTAFF, AZ
812 AM MST SAT JUL 1 2017

...................................

...THE FLAGSTAFF AZ AIRPORT CLIMATE SUMMARY FOR THE MONTH OF JUNE 2017...

CLIMATE NORMAL PERIOD 1981 TO 2010
CLIMATE RECORD PERIOD 1898 TO 2017

WEATHER         OBSERVED          NORMAL  DEPART  LAST YEAR`S
                 VALUE   DATE(S)  VALUE   FROM    VALUE  DATE(S)
                                          NORMAL
................................................................
TEMPERATURE (F)
RECORD
 HIGH              96   06/28/2013
                        06/26/1970
                        54/01/2206
 LOW               22   06/02/1955
                        06/02/1951
HIGHEST            93   06/23                         95  06/20
LOWEST             33   06/14                         35  06/17
AVG. MAXIMUM     83.6              77.9     5.7     82.4
AVG. MINIMUM     45.4              41.9     3.5     46.0
MEAN             64.5              59.9     4.6     64.2
DAYS MAX >= 90      7               0.4     6.6        4
DAYS MAX <= 32      0               0.0     0.0        0
DAYS MIN <= 32      0               2.1    -2.1        0
DAYS MIN <= 0       0               0.0     0.0        0

PRECIPITATION (INCHES)
RECORD
 MAXIMUM         2.92   1955
 MINIMUM         0.00   2014
                        2012
                        2011
TOTALS           0.17              0.36   -0.19     1.24
DAILY AVG.       0.01              0.01    0.00     0.04
DAYS >= .01         2               2.7    -0.7        6
DAYS >= .10         1               1.1    -0.1        4
DAYS >= .50         0               0.2    -0.2        0
DAYS >= 1.00        0               0.0     0.0        0
GREATEST
 24 HR. TOTAL    0.12   06/19 TO 06/19              0.45

SNOWFALL (INCHES)
RECORDS
 TOTAL            0.5   1907
TOTALS            0.0               0.0              0.0
SINCE 7/1        96.7             101.7    -5.0     78.3
SNOWDEPTH AVG.      0                MM      MM        0
GREATEST
 SNOW DEPTH         0   MM                             0  MM
 24 HR TOTAL      0.0   06/30 TO 06/30               0.0

DEGREE_DAYS
HEATING TOTAL      75               170     -95       70
 SINCE 7/1       6299              6943    -644     6659
COOLING TOTAL      68                17      51       52
 SINCE 1/1         68                17      51       52
.................................................................

WIND (MPH)
AVERAGE WIND SPEED              7.7
HIGHEST WIND SPEED/DIRECTION    36/210    DATE  06/12
HIGHEST GUST SPEED/DIRECTION    50/240    DATE  06/12

SKY COVER
POSSIBLE SUNSHINE (PERCENT)   MM
AVERAGE SKY COVER           0.00
NUMBER OF DAYS FAIR           30
NUMBER OF DAYS PC              0
NUMBER OF DAYS CLOUDY          0

AVERAGE RH (PERCENT)     29

WEATHER CONDITIONS. NUMBER OF DAYS WITH
THUNDERSTORM              0     MIXED PRECIP               0
HEAVY RAIN                0     RAIN                       0
LIGHT RAIN                2     FREEZING RAIN              0
LT FREEZING RAIN          0     HAIL                       0
HEAVY SNOW                0     SNOW                       0
LIGHT SNOW                0     SLEET                      0
FOG                       0     FOG W/VIS <= 1/4 MILE      0
HAZE                     13

-  INDICATES NEGATIVE NUMBERS.
R  INDICATES RECORD WAS SET OR TIED.
MM INDICATES DATA IS MISSING.
T  INDICATES TRACE AMOUNT.

$$
