000
CXUS53 KDDC 011357
CLMGCK


CLIMATE REPORT
NATIONAL WEATHER SERVICE DODGE CITY KS
852 AM CDT SAT AUG 1 2015

...................................

...THE GARDEN CITY REGIONAL ARPT KS CLIMATE SUMMARY FOR THE MONTH OF JULY 2015...

CLIMATE NORMAL PERIOD 1981 TO 2010
CLIMATE RECORD PERIOD 1948 TO 2015

WEATHER         OBSERVED          NORMAL  DEPART  LAST YEAR`S
                 VALUE   DATE(S)  VALUE   FROM    VALUE  DATE(S)
                                          NORMAL
................................................................
TEMPERATURE (F)
RECORD
 HIGH             110   07/11/1954
 LOW               46   07/13/1990
HIGHEST           105   07/13        MM      MM      103  07/25
LOWEST             54   07/08        MM      MM       56  07/31
                                                          07/17
AVG. MAXIMUM     90.1              91.8    -1.7     87.6
AVG. MINIMUM     66.1              64.6     1.5     63.4
MEAN             78.1              78.2    -0.1     75.5
DAYS MAX >= 90     17              19.7    -2.7       15
DAYS MAX <= 32      0               0.0     0.0        0
DAYS MIN <= 32      0               0.0     0.0        0
DAYS MIN <= 0       0               0.0     0.0        0

PRECIPITATION (INCHES)
RECORD
 MAXIMUM        10.44   1979
 MINIMUM         0.36   1980
TOTALS           6.53              2.78    3.75     3.56
DAYS >= .01        14               8.4     5.6        9
DAYS >= .10        11               5.4     5.6        4
DAYS >= .50         5               2.3     2.7        2
DAYS >= 1.00        2               0.7     1.3        1
GREATEST
 24 HR. TOTAL    1.36   07/13 TO 07/14           07/29 TO 07/30

DEGREE_DAYS
HEATING TOTAL       0                 1      -1       10
 SINCE 7/1          0                 1      -1       10
COOLING TOTAL     410               410       0      342
 SINCE 1/1        786               751      35      759
.................................................

WIND (MPH)
AVERAGE WIND SPEED              10.6
HIGHEST WIND SPEED/DIRECTION    56/330    DATE  07/19
HIGHEST GUST SPEED/DIRECTION    67/010    DATE  07/13


WEATHER CONDITIONS. NUMBER OF DAYS WITH
THUNDERSTORM             14     MIXED PRECIP               0
HEAVY RAIN               10     RAIN                       8
LIGHT RAIN               17     FREEZING RAIN              0
LT FREEZING RAIN          0     HAIL                       0
HEAVY SNOW                0     SNOW                       0
LIGHT SNOW                0     SLEET                      0
FOG                      17     FOG W/VIS <= 1/4 MILE      0
HAZE                     11

-  INDICATES NEGATIVE NUMBERS.
R  INDICATES RECORD WAS SET OR TIED.
MM INDICATES DATA IS MISSING.
T  INDICATES TRACE AMOUNT.

$$
