000
CXUS53 KDDC 021633
CLMGCK


CLIMATE REPORT
NATIONAL WEATHER SERVICE DODGE CITY KS
1125 AM CDT MON OCT 2 2017

...................................

...THE GARDEN CITY REGIONAL ARPT KS CLIMATE SUMMARY FOR THE MONTH OF SEPTEMBER 2017...

CLIMATE NORMAL PERIOD 1981 TO 2010
CLIMATE RECORD PERIOD 1948 TO 2017

WEATHER         OBSERVED          NORMAL  DEPART  LAST YEAR`S
                 VALUE   DATE(S)  VALUE   FROM    VALUE  DATE(S)
                                          NORMAL
................................................................
TEMPERATURE (F)
RECORD
 HIGH             106   09/01/2011
 LOW                0   09/29/2011
HIGHEST            98   09/19        MM      MM       99  09/20
                        09/15
LOWEST             43   09/06        MM      MM       38  09/26
AVG. MAXIMUM     83.6              82.0     1.6     85.9
AVG. MINIMUM     55.9              54.3     1.6     56.2
MEAN             69.8              68.2     1.6     71.1
DAYS MAX >= 90      9               7.2     1.8       13
DAYS MAX <= 32      0               0.0     0.0        0
DAYS MIN <= 32      0               0.2    -0.2        0
DAYS MIN <= 0       0               0.0     0.0        0

PRECIPITATION (INCHES)
RECORD
 MAXIMUM         4.71   2017
 MINIMUM         0.09   1979
TOTALS           4.71              1.47    3.24     0.19
DAYS >= .01         8               5.9     2.1        2
DAYS >= .10         5               2.7     2.3        1
DAYS >= .50         3               1.0     2.0        0
DAYS >= 1.00        3               0.3     2.7        0
GREATEST
 24 HR. TOTAL    1.96   09/25 TO 09/25           09/06 TO 09/06


DEGREE_DAYS
HEATING TOTAL      49                68     -19       28
 SINCE 7/1         49                72     -23       28
COOLING TOTAL     199               162      37      217
 SINCE 1/1       1346              1278      68     1373
.......................................................

WIND (MPH)
AVERAGE WIND SPEED              11.9
HIGHEST WIND SPEED/DIRECTION    39/100    DATE  09/01
HIGHEST GUST SPEED/DIRECTION    48/030    DATE  09/01


WEATHER CONDITIONS. NUMBER OF DAYS WITH
THUNDERSTORM              4     MIXED PRECIP               0
HEAVY RAIN                3     RAIN                       4
LIGHT RAIN                9     FREEZING RAIN              0
LT FREEZING RAIN          0     HAIL                       0
HEAVY SNOW                0     SNOW                       0
LIGHT SNOW                0     SLEET                      0
FOG                      12     FOG W/VIS <= 1/4 MILE      0
HAZE                      5

-  INDICATES NEGATIVE NUMBERS.
R  INDICATES RECORD WAS SET OR TIED.
MM INDICATES DATA IS MISSING.
T  INDICATES TRACE AMOUNT.

$$
