000
CXUS53 KDDC 012145
CLMGCK


CLIMATE REPORT
NATIONAL WEATHER SERVICE DODGE CITY KS
440 PM CDT THU JUN 1 2017

...................................

...THE GARDEN CITY REGIONAL ARPT KS CLIMATE SUMMARY FOR THE MONTH OF MAY 2017...

CLIMATE NORMAL PERIOD 1981 TO 2010
CLIMATE RECORD PERIOD 1948 TO 2017

WEATHER         OBSERVED          NORMAL  DEPART  LAST YEAR`S
                 VALUE   DATE(S)  VALUE   FROM    VALUE  DATE(S)
                                          NORMAL
................................................................
TEMPERATURE (F)
RECORD
 HIGH             106   05/26/1953
 LOW               25   05/13/1966
HIGHEST            92   05/15        MM      MM       90  05/24
LOWEST             35   05/24        MM      MM       32  05/02
AVG. MAXIMUM     76.4              76.5    -0.1     74.5
AVG. MINIMUM     47.0              50.1    -3.1     47.5
MEAN             61.7              63.3    -1.6     61.0
DAYS MAX >= 90      3               2.9     0.1        1
DAYS MAX <= 32      0               0.0     0.0        0
DAYS MIN <= 32      0               0.2    -0.2        1
DAYS MIN <= 0       0               0.0     0.0        0

PRECIPITATION (INCHES)
RECORD
 MAXIMUM         7.96   1990
 MINIMUM         0.14   2012
TOTALS           1.08              2.88   -1.80     0.70
DAYS >= .01        11               9.2     1.8        6
DAYS >= .10         3               5.0    -2.0        2
DAYS >= .50         0               2.0    -2.0        0
DAYS >= 1.00        0               0.8    -0.8        0
GREATEST
 24 HR. TOTAL    0.31   05/02 TO 05/02           05/30 TO 05/31

DEGREE_DAYS
HEATING TOTAL     144               129      15      169
 SINCE 7/1       4431              5191    -760     4431
COOLING TOTAL      53                77     -24       53
 SINCE 1/1         90                89       1       59
..................................................

WIND (MPH)
AVERAGE WIND SPEED              12.6
HIGHEST WIND SPEED/DIRECTION    48/190    DATE  05/15
HIGHEST GUST SPEED/DIRECTION    62/190    DATE  05/15


WEATHER CONDITIONS. NUMBER OF DAYS WITH
THUNDERSTORM              9     MIXED PRECIP               0
HEAVY RAIN                1     RAIN                       5
LIGHT RAIN               15     FREEZING RAIN              0
LT FREEZING RAIN          0     HAIL                       0
HEAVY SNOW                0     SNOW                       0
LIGHT SNOW                0     SLEET                      0
FOG                       7     FOG W/VIS <= 1/4 MILE      0
HAZE                      5

-  INDICATES NEGATIVE NUMBERS.
R  INDICATES RECORD WAS SET OR TIED.
MM INDICATES DATA IS MISSING.
T  INDICATES TRACE AMOUNT.

$$
