000
CXUS51 KPHI 021246
CLMGED


CLIMATE REPORT
NATIONAL WEATHER SERVICE MOUNT HOLLY NJ
746 AM EST MON FEB 2 2015

...................................

...THE GEORGETOWN CLIMATE SUMMARY FOR THE MONTH OF JANUARY 2015...

CLIMATE NORMAL PERIOD 1981 TO 2010
CLIMATE RECORD PERIOD 1948 TO 2015

WEATHER         OBSERVED          NORMAL  DEPART  LAST YEAR`S
                 VALUE   DATE(S)  VALUE   FROM    VALUE  DATE(S)
                                          NORMAL
................................................................
TEMPERATURE (F)
RECORD
 HIGH              77   01/30/2002
 LOW              -13   01/28/1987
HIGHEST            70                MM      MM       67
LOWEST              9                MM      MM       -5
AVG. MAXIMUM     41.6              43.5    -1.9     41.5
AVG. MINIMUM     25.6              26.6    -1.0     20.1
MEAN             33.6              35.0    -1.4     30.8
DAYS MAX >= 90      0               0.0     0.0        0
DAYS MAX <= 32      5               5.4    -0.4       10
DAYS MIN <= 32     26              21.4     4.6       26
DAYS MIN <= 0       0               0.0     0.0        1

PRECIPITATION (INCHES)
RECORD
 MAXIMUM           MM   MM
 MINIMUM           MM   MM
TOTALS           4.53              2.92    1.61     3.04
DAILY AVG.       0.15              0.09    0.06     0.10
DAYS >= .01        10               9.0     1.0       11
DAYS >= .10         9               4.9     4.1        8
DAYS >= .50         3               2.2     0.8        1
DAYS >= 1.00        2               0.8     1.2        0
GREATEST
 24 HR. TOTAL    1.24   01/18 TO 01/18              0.54
                        01/17 TO 01/18
                        01/18 TO 01/18

SNOWFALL (INCHES)
RECORDS
 TOTAL             MM   5
 24 HR TOTAL       MM
TOTALS             MM                MM      MM       MM
SINCE 7/1          MM                MM      MM       MM
SNOWDEPTH AVG.     MM                MM      MM        0
DAYS >= 1.0         0                MM      MM        0
GREATEST
 SNOW DEPTH        MM                                  0  MM
 24 HR TOTAL       MM                                 MM

DEGREE_DAYS
HEATING TOTAL     967               928      39     1050
 SINCE 7/1       2426              2510     -84     2546
COOLING TOTAL       0                 0       0        0
 SINCE 1/1          0                 0       0        0
.................................................................

WIND (MPH)
AVERAGE WIND SPEED              7.1
HIGHEST WIND SPEED/DIRECTION    26/220    DATE  01/09
HIGHEST GUST SPEED/DIRECTION    42/300    DATE  01/07

SKY COVER
POSSIBLE SUNSHINE (PERCENT)   MM
AVERAGE SKY COVER           0.40
NUMBER OF DAYS FAIR           14
NUMBER OF DAYS PC             11
NUMBER OF DAYS CLOUDY          6

AVERAGE RH (PERCENT)     64

WEATHER CONDITIONS. NUMBER OF DAYS WITH
THUNDERSTORM              0     MIXED PRECIP               0
HEAVY RAIN                4     RAIN                       7
LIGHT RAIN                7     FREEZING RAIN              1
LT FREEZING RAIN          2     HEAVY SNOW                 0
SNOW                      0     LIGHT SNOW                 6
SLEET                     0     FOG                       16
FOG W/VIS <= 1/4 MILE     3     HAZE                       7

-  INDICATES NEGATIVE NUMBERS.
R  INDICATES RECORD WAS SET OR TIED.
MM INDICATES DATA IS MISSING.
T  INDICATES TRACE AMOUNT.

$$
