000
CXUS53 KIND 011610
CLMGEZ


CLIMATE REPORT
NATIONAL WEATHER SERVICE INDIANAPOLIS IN
1110 AM EST THU FEB 1 2018

...................................

...THE SHELBYVILLE IN CLIMATE SUMMARY FOR THE MONTH OF JANUARY 2018...

CLIMATE NORMAL PERIOD 1981 TO 2010
CLIMATE RECORD PERIOD 9999 TO 9999

WEATHER         OBSERVED          NORMAL  DEPART  LAST YEAR`S
                 VALUE   DATE(S)  VALUE   FROM    VALUE  DATE(S)
                                          NORMAL
................................................................
TEMPERATURE (F)
HIGHEST            59   01/11                         66  01/12
LOWEST            -14   01/02                          0  01/07
AVG. MAXIMUM     34.4              36.3    -1.9     43.1
AVG. MINIMUM     17.2              21.1    -3.9     29.5
MEAN             25.8              28.7    -2.9     36.3
DAYS MAX >= 90      0               0.0     0.0        0
DAYS MAX <= 32     14              10.8     3.2        4
DAYS MIN <= 32     25              25.3    -0.3       16
DAYS MIN <= 0       7               1.7     5.3        1

PRECIPITATION (INCHES)
TOTALS           2.71              2.39    0.32     4.06
DAILY AVG.       0.09              0.08    0.01     0.13
DAYS >= .01        11                MM      MM       13
DAYS >= .10         5                MM      MM        9
DAYS >= .50         3                MM      MM        3
DAYS >= 1.00        1                MM      MM        0
GREATEST
 24 HR. TOTAL    1.01   01/11 TO 01/11

DEGREE_DAYS
HEATING TOTAL    1209              1125      84      882
 SINCE 7/1       3171              3229     -58     2597
COOLING TOTAL       0                 0       0        0
 SINCE 1/1          0                 0       0        0
.................................................................

WIND (MPH)
AVERAGE WIND SPEED              10.0
HIGHEST WIND SPEED/DIRECTION    35/170    DATE  01/22
HIGHEST GUST SPEED/DIRECTION    44/160    DATE  01/22

SKY COVER
POSSIBLE SUNSHINE (PERCENT)   MM
AVERAGE SKY COVER           0.50
NUMBER OF DAYS FAIR           13
NUMBER OF DAYS PC              8
NUMBER OF DAYS CLOUDY         10

AVERAGE RH (PERCENT)     71

WEATHER CONDITIONS. NUMBER OF DAYS WITH
THUNDERSTORM              0     MIXED PRECIP               0
HEAVY RAIN                2     RAIN                       4
LIGHT RAIN               10     FREEZING RAIN              1
LT FREEZING RAIN          1     HAIL                       0
HEAVY SNOW                0     SNOW                       1
LIGHT SNOW               11     SLEET                      0
FOG                      14     FOG W/VIS <= 1/4 MILE      3
HAZE                      7

-  INDICATES NEGATIVE NUMBERS.
R  INDICATES RECORD WAS SET OR TIED.
MM INDICATES DATA IS MISSING.
T  INDICATES TRACE AMOUNT.

$$
