000
CXUS54 KHGX 011435
CLMGLS

CLIMATE REPORT
NATIONAL WEATHER SERVICE HOUSTON/GALVESTON TX
923 AM CDT SAT JUL 1 2017

...................................

...THE GALVESTON CLIMATE SUMMARY FOR THE MONTH OF JUNE 2017...

CLIMATE NORMAL PERIOD 1981 TO 2010
CLIMATE RECORD PERIOD 1875 TO 2017

WEATHER         OBSERVED          NORMAL  DEPART  LAST YEAR`S
                 VALUE   DATE(S)  VALUE   FROM    VALUE  DATE(S)
                                          NORMAL
................................................................
TEMPERATURE (F)
RECORD
 HIGH             100   06/25/2012
 LOW               57   06/14/1903
                        06/13/1903
HIGHEST            92   06/20                     92  06/28
LOWEST             71   06/04                     70  06/18
                                                          06/04
                                                          06/03
AVG. MAXIMUM     86.1              88.2    -2.1     87.1
AVG. MINIMUM     77.6              77.5     0.1     77.7
MEAN             81.8              82.9    -1.1     82.4
DAYS MAX >= 90      2               6.6    -4.6        3
DAYS MAX <= 32      0               0.0     0.0        0
DAYS MIN <= 32      0               0.0     0.0        0
DAYS MIN <= 0       0               0.0     0.0        0

PRECIPITATION (INCHES)
RECORD
 MAXIMUM        15.49   1919
 MINIMUM            T   1907
TOTALS          10.24              5.69    4.55     7.93
DAILY AVG.       0.34              0.19    0.15     0.26
DAYS >= .01        15                                 13
DAYS >= .10        11                                  9
DAYS >= .50         8                                  4
DAYS >= 1.00        4                                  3

DEGREE_DAYS
HEATING TOTAL       0                 0       0        0
 SINCE 7/1        328              1009    -681      745
COOLING TOTAL     512               535     -23      530
 SINCE 1/1       1632              1170     462     1197
.................................................................

WIND (MPH)
AVERAGE WIND SPEED              12.3
HIGHEST WIND SPEED/DIRECTION    33/350    DATE  06/21
HIGHEST GUST SPEED/DIRECTION    42/320    DATE  06/21

SKY COVER
AVERAGE SKY COVER           0.40

AVERAGE RH (PERCENT)     82

WEATHER CONDITIONS. NUMBER OF DAYS WITH
THUNDERSTORM              9     MIXED PRECIP               0
HEAVY RAIN               10     RAIN                      10
LIGHT RAIN               16     FREEZING RAIN              0
LT FREEZING RAIN          0     HAIL                       0
HEAVY SNOW                0     SNOW                       0
LIGHT SNOW                0     SLEET                      0
FOG                      18     FOG W/VIS <= 1/4 MILE      0
HAZE                      6

-  INDICATES NEGATIVE NUMBERS.
R  INDICATES RECORD WAS SET OR TIED.
MM INDICATES DATA IS MISSING.
T  INDICATES TRACE AMOUNT.

$$
