613
CXUS52 KJAX 012051 RRA
CLMGNV

CLIMATE REPORT
NATIONAL WEATHER SERVICE JACKSONVILLE FL
450 PM EDT SUN MAY 1 2016

...................................

...THE GAINESVILLE CLIMATE SUMMARY FOR THE MONTH OF APRIL 2016...

CLIMATE NORMAL PERIOD 1981 TO 2010
CLIMATE RECORD PERIOD 1890 TO 2016

WEATHER         OBSERVED          NORMAL  DEPART  LAST YEAR`S
                 VALUE   DATE(S)  VALUE   FROM    VALUE  DATE(S)
                                          NORMAL
................................................................
TEMPERATURE (F)
RECORD
 HIGH              96   04/27/2011
 LOW               32   04/17/1962
                        04/02/1919
HIGHEST            90   04/29        80      10       87  04/26
                                                          04/23
                                                          04/18
LOWEST             46   04/18        55      -9       56  04/22
                        04/17
AVG. MAXIMUM     81.9              80.3     1.6     83.2
AVG. MINIMUM     56.3              54.9     1.4     62.6
MEAN             69.1              67.6     1.5     72.9
DAYS MAX >= 90      1               0.8     0.2        0
DAYS MAX <= 32      0               0.0     0.0        0
DAYS MIN <= 32      0               0.0     0.0        0
DAYS MIN <= 0       0               0.0     0.0        0

PRECIPITATION (INCHES)
RECORD
 MAXIMUM         8.95   1949
 MINIMUM         0.08   1998
TOTALS           1.66              2.67   -1.01     3.22
DAILY AVG.       0.06              0.09   -0.03     0.11
DAYS >= .01         8               5.8     2.2       13
DAYS >= .10         3               3.4    -0.4       10
DAYS >= .50         1               1.7    -0.7        1
DAYS >= 1.00        0               0.7    -0.7        0
GREATEST
 24 HR. TOTAL    0.86

SNOWFALL (INCHES)
RECORDS
 TOTAL              T   1997
TOTALS            0.0               0.0     0.0      0.0
SINCE 7/1         0.0               0.0     0.0      0.0
SNOWDEPTH AVG.      0                MM      MM        0
DAYS >= 1.0         0               0.0     0.0        0
GREATEST
 SNOW DEPTH         0   MM                             0  MM
 24 HR TOTAL      0.0

DEGREE_DAYS
HEATING TOTAL       9                43     -34        0
 SINCE 7/1        848              1214    -366     1211
COOLING TOTAL     139               121      18      246
 SINCE 1/1        293               207      86      400
.................................................................

WIND (MPH)
AVERAGE WIND SPEED              6.8
HIGHEST WIND SPEED/DIRECTION    26/260    DATE  04/08
HIGHEST GUST SPEED/DIRECTION    35/260    DATE  04/08

SKY COVER
POSSIBLE SUNSHINE (PERCENT)   MM
AVERAGE SKY COVER           0.30
NUMBER OF DAYS FAIR           20
NUMBER OF DAYS PC              8
NUMBER OF DAYS CLOUDY          2

AVERAGE RH (PERCENT)     68

WEATHER CONDITIONS. NUMBER OF DAYS WITH
THUNDERSTORM              0     MIXED PRECIP               0
HEAVY RAIN                3     RAIN                       3
LIGHT RAIN                9     FREEZING RAIN              0
LT FREEZING RAIN          0     HAIL                       0
HEAVY SNOW                0     SNOW                       0
LIGHT SNOW                0     SLEET                      0
FOG                      14     FOG W/VIS <= 1/4 MILE      3
HAZE                      0

-  INDICATES NEGATIVE NUMBERS.
R  INDICATES RECORD WAS SET OR TIED.
MM INDICATES DATA IS MISSING.
T  INDICATES TRACE AMOUNT.

$$
