000
CXUS55 KMSO 021445
CLMGPI


CLIMATE REPORT
NATIONAL WEATHER SERVICE MISSOULA, MT
845 AM MDT TUE JUN 2 2015

...................................

...THE KALISPELL MT CLIMATE SUMMARY FOR THE MONTH OF MAY 2015...

CLIMATE NORMAL PERIOD 1981 TO 2010
CLIMATE RECORD PERIOD 1894 TO 2015

WEATHER         OBSERVED          NORMAL  DEPART  LAST YEAR`S
                 VALUE   DATE(S)  VALUE   FROM    VALUE
                                          NORMAL
.............................................................
TEMPERATURE (F)
RECORD
 HIGH              95   05/30/1936
                        05/27/1936
 LOW               17   05/01/1899
HIGHEST            81   05/22        MM      MM       80
LOWEST             24   05/06        MM      MM       24
AVG. MAXIMUM     69.5              65.1     4.4     66.4
AVG. MINIMUM     38.1              38.5    -0.4     37.7
MEAN             53.8              51.8     2.0
DAYS MAX >= 90      0               0.2    -0.2        0
DAYS MAX <= 32      0               0.0     0.0        0
DAYS MIN <= 32      8               5.5     2.5        6
DAYS MIN <= 0       0               0.0     0.0        0

PRECIPITATION (INCHES)
RECORD
 MAXIMUM         4.75   1990
 MINIMUM         0.23   2001
TOTALS           0.22R             1.98   -1.76
DAILY AVG.       0.01              0.06   -0.05     0.04
DAYS >= .01         5              12.4    -7.4        9
DAYS >= .10         1               5.9    -4.9        5
DAYS >= .50         0               0.9    -0.9        0
DAYS >= 1.00        0               0.1    -0.1        0
GREATEST
 24 HR. TOTAL    0.11   05/29 TO 05/30              0.33

SNOWFALL (INCHES)
TOTALS            0.0               0.2    -0.2        T
SINCE 7/1        59.4              55.4     4.0     71.7
DAYS >= TRACE       0               0.3    -0.3        1
DAYS >= 1.0         0               0.0     0.0        0
GREATEST
 SNOW DEPTH         0   MM
 24 HR TOTAL      0.0   05/31 TO 05/31                 T

DEGREE_DAYS
HEATING TOTAL     339               412     -73
 SINCE 7/1       7213              7823    -610
COOLING TOTAL       0                 3      -3
 SINCE 1/1          0                 3      -3
..............................................................

WIND (MPH)
AVERAGE WIND SPEED              7.8
HIGHEST WIND SPEED/DIRECTION    29/070    DATE  05/23
HIGHEST GUST SPEED/DIRECTION    39/070    DATE  05/23

SKY COVER
POSSIBLE SUNSHINE (PERCENT)   MM
AVERAGE SKY COVER           0.30
NUMBER OF DAYS FAIR           17
NUMBER OF DAYS PC             14
NUMBER OF DAYS CLOUDY          0

AVERAGE RH (PERCENT)     54

WEATHER CONDITIONS. NUMBER OF DAYS WITH
THUNDERSTORM              0     MIXED PRECIP               0
HEAVY RAIN                0     RAIN                       1
LIGHT RAIN                7     FREEZING RAIN              0
LT FREEZING RAIN          0     HAIL                       0
HEAVY SNOW                0     SNOW                       0
LIGHT SNOW                0     SLEET                      0
FOG                       5     FOG W/VIS <= 1/4 MILE      1
HAZE                      0

-  INDICATES NEGATIVE NUMBERS.
R  INDICATES RECORD WAS SET OR TIED.
MM INDICATES DATA IS MISSING.
T  INDICATES TRACE AMOUNT.

$$
