605
CXUS53 KGID 011651
CLMGRI


CLIMATE REPORT
NATIONAL WEATHER SERVICE HASTINGS NE
1045 AM CST MON FEB 1 2016

...................................

...THE GRAND ISLAND NE CLIMATE SUMMARY FOR THE MONTH OF JANUARY 2016...

CLIMATE NORMAL PERIOD 1981 TO 2010
CLIMATE RECORD PERIOD 1895 TO 2016

WEATHER         OBSERVED          NORMAL  DEPART  LAST YEAR`S
                 VALUE   DATE(S)  VALUE   FROM    VALUE  DATE(S)
                                          NORMAL
................................................................
TEMPERATURE (F)
RECORD
 HIGH              76   01/10/1990
 LOW              -29   01/12/1912
HIGHEST            57   01/29        58      -1       68  01/28
LOWEST             -6   01/17        -9       3       -4  01/04
                        01/10
AVG. MAXIMUM     35.8              35.8     0.0     40.1
AVG. MINIMUM     18.3              14.4     3.9     15.1
MEAN             27.0              25.1     1.9     27.6
DAYS MAX >= 90      0               0.0     0.0        0
DAYS MAX <= 32     14              12.4     1.6        9
DAYS MIN <= 32     31              30.3     0.7       31
DAYS MIN <= 0       4               4.0     0.0        4

PRECIPITATION (INCHES)
RECORD
 MAXIMUM         2.60   1932
 MINIMUM         0.00   1986
                        1961
                        1933
TOTALS           0.32              0.53   -0.21     0.47
DAILY AVG.       0.01              0.02   -0.01     0.02
DAYS >= .01         9               5.1     3.9        2
DAYS >= .10         1               1.7    -0.7        1
DAYS >= .50         0               0.2    -0.2        0
DAYS >= 1.00        0               0.0     0.0        0
GREATEST
 24 HR. TOTAL    0.12   01/19 TO 01/19
                        01/18 TO 01/19
                        01/19 TO 01/19

SNOWFALL (INCHES)
RECORDS
 TOTAL           26.0   1932
TOTALS            4.6               6.5    -1.9      3.7
SINCE 7/1        12.6              15.8    -3.2     11.8
SNOWDEPTH AVG.      1                 3      -2        0
DAYS >= 1.0         3               2.0     1.0        1
GREATEST
 SNOW DEPTH         2   01/24                          1  01/06
                        01/23                             01/05
                        01/22                             01/04

DEGREE_DAYS
HEATING TOTAL    1170              1237     -67     1154
 SINCE 7/1       3144              3756    -612     3592
COOLING TOTAL       0                 0       0        0
 SINCE 1/1          0                 0       0        0
.................................................................

WIND (MPH)
AVERAGE WIND SPEED              10.4
HIGHEST WIND SPEED/DIRECTION    35/330    DATE  01/15
HIGHEST GUST SPEED/DIRECTION    40/320    DATE  01/15

SKY COVER
POSSIBLE SUNSHINE (PERCENT)   MM
NUMBER OF DAYS FAIR           16
NUMBER OF DAYS PC              4
NUMBER OF DAYS CLOUDY         11

AVERAGE RH (PERCENT)     77

WEATHER CONDITIONS. NUMBER OF DAYS WITH
THUNDERSTORM              0     MIXED PRECIP               0
HEAVY RAIN                0     RAIN                       0
LIGHT RAIN                0     FREEZING RAIN              0
LT FREEZING RAIN          1     HAIL                       0
HEAVY SNOW                0     SNOW                       1
LIGHT SNOW               11     SLEET                      0
FOG                      14     FOG W/VIS <= 1/4 MILE      3
HAZE                      6

-  INDICATES NEGATIVE NUMBERS.
R  INDICATES RECORD WAS SET OR TIED.
MM INDICATES DATA IS MISSING.
T  INDICATES TRACE AMOUNT.

$$
