000
CXUS52 KRAH 011443
CLMGSO


CLIMATE REPORT
NATIONAL WEATHER SERVICE RALEIGH NC
1038 AM EDT SAT AUG 1 2015

...................................

...THE PIEDMONT TRIAD INTL AIRPORT CLIMATE SUMMARY FOR THE MONTH OF JULY 2015...

CLIMATE NORMAL PERIOD 1981 TO 2010
CLIMATE RECORD PERIOD 1903 TO 2015

WEATHER         OBSERVED          NORMAL  DEPART  LAST YEAR`S
                 VALUE   DATE(S)  VALUE   FROM    VALUE
                                          NORMAL
.............................................................
TEMPERATURE (F)
RECORD
 HIGH             102   07/08/1977
                        07/14/1954
 LOW               48   07/05/1933
HIGHEST            95   07/18                         96
                        07/10
LOWEST             67   07/13                         59
                        07/01
AVG. MAXIMUM     89.2              87.9     1.3     86.7
AVG. MINIMUM     70.5              69.1     1.4     67.4
MEAN             79.9              78.5     1.4     77.1
DAYS MAX >= 90     13                                 10
DAYS MAX <= 32      0                                  0
DAYS MIN <= 32      0                                  0
DAYS MIN <= 0       0                                  0

PRECIPITATION (INCHES)
RECORD
 MAXIMUM        12.72   1984
TOTALS           3.34              4.48   -1.14     2.73
DAYS >= .01        10
DAYS >= .10         3
DAYS >= .50         2
DAYS >= 1.00        1
GREATEST
 24 HR. TOTAL    1.44   07/13 TO 07/13
                        07/12 TO 07/13
                        07/13 TO 07/13

DEGREE_DAYS
HEATING TOTAL       0                 0       0        0
 SINCE 7/1          0                 0       0        0
COOLING TOTAL     471               419      52      384
 SINCE 1/1       1124               885     239      938
..............................................................

WIND (MPH)
AVERAGE WIND SPEED              6.2
HIGHEST WIND SPEED/DIRECTION    53/290    DATE  07/13
HIGHEST GUST SPEED/DIRECTION    74/290    DATE  07/13

SKY COVER
POSSIBLE SUNSHINE (PERCENT)   MM
AVERAGE SKY COVER           0.70
NUMBER OF DAYS FAIR            1
NUMBER OF DAYS PC             19
NUMBER OF DAYS CLOUDY         11

AVERAGE RH (PERCENT)     69

WEATHER CONDITIONS. NUMBER OF DAYS WITH
THUNDERSTORM              9     MIXED PRECIP               0
HEAVY RAIN                4     RAIN                       4
LIGHT RAIN                9     FREEZING RAIN              0
LT FREEZING RAIN          0     HAIL                       0
HEAVY SNOW                0     SNOW                       0
LIGHT SNOW                0     SLEET                      0
FOG                      16     FOG W/VIS <= 1/4 MILE      1
HAZE                      8

-  INDICATES NEGATIVE NUMBERS.
R  INDICATES RECORD WAS SET OR TIED.
MM INDICATES DATA IS MISSING.
T  INDICATES TRACE AMOUNT.

$$
