775
CXUS52 KGSP 010841
CLMGSP

CLIMATE REPORT
NATIONAL WEATHER SERVICE GREENVILLE-SPARTANBURG SC
340 AM EST FRI DEC 1 2017

...................................

...THE GREENVILLE-SPARTANBURG CLIMATE SUMMARY FOR THE MONTH OF NOVEMBER 2017...

CLIMATE NORMAL PERIOD 1981 TO 2010
CLIMATE RECORD PERIOD 1884 TO 2017

WEATHER         OBSERVED          NORMAL  DEPART  LAST YEAR`S
                 VALUE   DATE(S)  VALUE   FROM    VALUE  DATE(S)
                                          NORMAL
................................................................
TEMPERATURE (F)
RECORD
 HIGH              86   11/01/1961
 LOW               11   11/26/1950
                        11/25/1950
HIGHEST            81   11/03        MM      MM       82  11/03
                                                          11/02
LOWEST             30   11/24        MM      MM       28  11/27
                                                          11/20
AVG. MAXIMUM     64.1              63.5     0.6     68.6
AVG. MINIMUM     42.7              41.3     1.4     42.8
MEAN             53.4              52.4     1.0     55.7
DAYS MAX >= 90      0               0.0     0.0        0
DAYS MAX <= 32      0               0.0     0.0        0
DAYS MIN <= 32      3               4.9    -1.9        2
DAYS MIN <= 0       0               0.0     0.0        0

PRECIPITATION (INCHES)
RECORD
 MAXIMUM        12.18   1948
 MINIMUM         0.05   1890
TOTALS           0.73              3.70   -2.97     2.08
DAILY AVG.       0.02              0.12   -0.10     0.07
DAYS >= .01         7               8.9    -1.9        3
DAYS >= .10         3               5.7    -2.7        3
DAYS >= .50         0               2.5    -2.5        2
DAYS >= 1.00        0               1.2    -1.2        1
GREATEST
 24 HR. TOTAL    0.30   11/07 TO 11/07           11/29 TO 11/29

SNOWFALL (INCHES)
RECORDS
 TOTAL            4.0   1906
 24 HR TOTAL      4.0   11/15/1906 TO 11/15/1906
 SNOW DEPTH         3   11/28/1912
TOTALS            0.0               0.1    -0.1      0.0
 LIQUID EQUIV    0.00              0.00    0.00     0.00
SINCE 7/1         0.0               0.1    -0.1      0.0
 LIQUID 7/1      0.00              0.00    0.00     0.00
SNOWDEPTH AVG.      0                MM      MM        0
DAYS >= TRACE       0               0.1    -0.1        0
DAYS >= 1.0         0               0.0     0.0        0
GREATEST
 SNOW DEPTH         0   MM                             0  MM
 24 HR TOTAL      0.0   MM                       11/30 TO 11/30

DEGREE_DAYS
HEATING TOTAL     349               383     -34      284
 SINCE 7/1        494               553     -59      326
COOLING TOTAL       8                 5       3       12
 SINCE 1/1       1802              1715      87     2188

FREEZE DATES
RECORD
 EARLIEST     MM
 LATEST       MM
EARLIEST                        MM
LATEST                          MM
.................................................................

WIND (MPH)
AVERAGE WIND SPEED              4.6
HIGHEST WIND SPEED/DIRECTION    24/210    DATE  11/18
HIGHEST GUST SPEED/DIRECTION    33/220    DATE  11/18

SKY COVER
POSSIBLE SUNSHINE (PERCENT)   MM
AVERAGE SKY COVER           0.40
NUMBER OF DAYS FAIR           15
NUMBER OF DAYS PC              8
NUMBER OF DAYS CLOUDY          7

AVERAGE RH (PERCENT)     70

WEATHER CONDITIONS. NUMBER OF DAYS WITH
THUNDERSTORM              1     MIXED PRECIP               0
HEAVY RAIN                1     RAIN                       0
LIGHT RAIN                9     FREEZING RAIN              0
LT FREEZING RAIN          0     HAIL                       0
HEAVY SNOW                0     SNOW                       0
LIGHT SNOW                0     SLEET                      0
FOG                      12     FOG W/VIS <= 1/4 MILE      2
HAZE                      0

-  INDICATES NEGATIVE NUMBERS.
R  INDICATES RECORD WAS SET OR TIED.
MM INDICATES DATA IS MISSING.
T  INDICATES TRACE AMOUNT.

$$

OUTLAW
