000
CXUS54 KJAN 011007
CLMGWO


CLIMATE REPORT
NATIONAL WEATHER SERVICE JACKSON MS
503 AM CDT SAT OCT 1 2016

...................................

...THE GREENWOOD CLIMATE SUMMARY FOR THE MONTH OF SEPTEMBER 2016...

CLIMATE NORMAL PERIOD 1981 TO 2010
CLIMATE RECORD PERIOD 1948 TO 2016

WEATHER         OBSERVED          NORMAL  DEPART  LAST YEAR`S
                 VALUE   DATE(S)  VALUE   FROM    VALUE  DATE(S)
                                          NORMAL
................................................................
TEMPERATURE (F)
RECORD
 HIGH             102   09/04/2000
                        09/05/1990
                        09/04/1990
 LOW               35   09/29/1967
HIGHEST            99   09/25        MM      MM       98  09/19
                                                          09/05
LOWEST             49   09/28        MM      MM       47  09/13
AVG. MAXIMUM     91.5              86.9     4.6     90.5
AVG. MINIMUM     66.3              62.6     3.7     64.7
MEAN             78.9              74.7     4.2     77.6
DAYS MAX >= 90     22              11.1    10.9       17
DAYS MAX <= 32      0               0.0     0.0        0
DAYS MIN <= 32      0               0.0     0.0        0
DAYS MIN <= 0       0               0.0     0.0        0

PRECIPITATION (INCHES)
RECORD
 MAXIMUM        19.65   1958
 MINIMUM         0.04   2004
TOTALS           1.88              3.66   -1.78     0.34
DAILY AVG.       0.06              0.12   -0.06     0.01
DAYS >= .01         2               6.5    -4.5        3
DAYS >= .10         1               4.3    -3.3        2
DAYS >= .50         1               2.2    -1.2        0
DAYS >= 1.00        1               1.2    -0.2        0
GREATEST
 24 HR. TOTAL    1.87   09/18 TO 09/18              0.18

SNOWFALL (INCHES)
TOTALS            0.0

DEGREE_DAYS
HEATING TOTAL       0                12     -12        1
 SINCE 7/1          0                12     -12        1
COOLING TOTAL     427               305     122      385
 SINCE 1/1       2374              2047     327     2234
.................................................................

WIND (MPH)
AVERAGE WIND SPEED              4.0
HIGHEST WIND SPEED/DIRECTION    22/020    DATE  09/18
HIGHEST GUST SPEED/DIRECTION    28/020    DATE  09/18

SKY COVER
POSSIBLE SUNSHINE (PERCENT)   MM
AVERAGE SKY COVER           0.20
NUMBER OF DAYS FAIR           28
NUMBER OF DAYS PC              2
NUMBER OF DAYS CLOUDY          0

AVERAGE RH (PERCENT)     66

WEATHER CONDITIONS. NUMBER OF DAYS WITH
THUNDERSTORM              2     MIXED PRECIP               0
HEAVY RAIN                1     RAIN                       1
LIGHT RAIN                8     FREEZING RAIN              0
LT FREEZING RAIN          0     HAIL                       0
HEAVY SNOW                0     SNOW                       0
LIGHT SNOW                0     SLEET                      0
FOG                      15     FOG W/VIS <= 1/4 MILE      2
HAZE                      2

-  INDICATES NEGATIVE NUMBERS.
R  INDICATES RECORD WAS SET OR TIED.
MM INDICATES DATA IS MISSING.
T  INDICATES TRACE AMOUNT.

$$
