000
CXUS54 KJAN 011152
CLMHBG


CLIMATE REPORT
NATIONAL WEATHER SERVICE JACKSON MS
650 AM CDT SAT JUL 1 2017

...................................

...THE HATTIESBURG CLIMATE SUMMARY FOR THE MONTH OF JUNE 2017...

CLIMATE NORMAL PERIOD 1981 TO 2010
CLIMATE RECORD PERIOD 1948 TO 2017

WEATHER         OBSERVED          NORMAL  DEPART  LAST YEAR`S
                 VALUE   DATE(S)  VALUE   FROM    VALUE  DATE(S)
                                          NORMAL
................................................................
TEMPERATURE (F)
RECORD
 HIGH             106   06/14/1963
 LOW               49   06/02/1972
                        06/03/1956
HIGHEST            92   06/19        MM      MM       99  06/26
                        06/15
LOWEST             59   06/09        MM      MM       67  06/10
                        06/08                             06/09
                                                          06/08
AVG. MAXIMUM     86.4              89.9    -3.5     91.8
AVG. MINIMUM     69.0              68.3     0.7     71.7
MEAN             77.7              79.1    -1.4     81.7
DAYS MAX >= 90      7              16.1    -9.1       23
DAYS MAX <= 32      0               0.0     0.0        0
DAYS MIN <= 32      0               0.0     0.0        0
DAYS MIN <= 0       0               0.0     0.0        0

PRECIPITATION (INCHES)
RECORD
 MAXIMUM        14.02   2003
 MINIMUM         0.53   2009
TOTALS          11.40              5.50    5.90     8.13
DAILY AVG.       0.38              0.18    0.20     0.27
DAYS >= .01        21                MM      MM       14
DAYS >= .10        17                MM      MM       11
DAYS >= .50         6                MM      MM        6
DAYS >= 1.00        2                MM      MM        3
GREATEST
 24 HR. TOTAL    2.46   06/21 TO 06/21              2.23

SNOWFALL (INCHES)
TOTALS            0.0
SINCE 7/1           T
DAYS >= TRACE       0
DAYS >= 1.0         0
GREATEST
 24 HR TOTAL      0.0   06/30 TO 06/30

DEGREE_DAYS
HEATING TOTAL       0                 0       0        0
 SINCE 7/1       1157              1985    -828     1383
COOLING TOTAL     384               423     -39      507
 SINCE 1/1        905               838      67      971
.................................................................

WIND (MPH)
AVERAGE WIND SPEED              5.0
HIGHEST WIND SPEED/DIRECTION    26/260    DATE  06/23
HIGHEST GUST SPEED/DIRECTION    38/200    DATE  06/22

SKY COVER
POSSIBLE SUNSHINE (PERCENT)   MM
AVERAGE SKY COVER           0.40
NUMBER OF DAYS FAIR           11
NUMBER OF DAYS PC             15
NUMBER OF DAYS CLOUDY          4

AVERAGE RH (PERCENT)     78

WEATHER CONDITIONS. NUMBER OF DAYS WITH
THUNDERSTORM             14     MIXED PRECIP               0
HEAVY RAIN               17     RAIN                      18
LIGHT RAIN               22     FREEZING RAIN              0
LT FREEZING RAIN          0     HAIL                       0
HEAVY SNOW                0     SNOW                       0
LIGHT SNOW                0     SLEET                      0
FOG                      22     FOG W/VIS <= 1/4 MILE      4
HAZE                      0

-  INDICATES NEGATIVE NUMBERS.
R  INDICATES RECORD WAS SET OR TIED.
MM INDICATES DATA IS MISSING.
T  INDICATES TRACE AMOUNT.

$$
