000
CXUS56 KPQR 011650
CLMHIO


CLIMATE REPORT
NATIONAL WEATHER SERVICE PORTLAND OREGON
850 AM PST THU DEC 1 2016

...................................

...THE HILLSBORO OR CLIMATE SUMMARY FOR THE MONTH OF NOVEMBER 2016...

CLIMATE NORMAL PERIOD 1981 TO 2010
CLIMATE RECORD PERIOD 1929 TO 2016

WEATHER         OBSERVED          NORMAL  DEPART  LAST YEAR`S
                 VALUE   DATE(S)  VALUE   FROM    VALUE  DATE(S)
                                          NORMAL
................................................................
TEMPERATURE (F)
HIGHEST            68                                 61  11/01
LOWEST             33                                 19  11/30
AVG. MAXIMUM     56.2              52.0     4.2     50.2
AVG. MINIMUM     42.9              36.7     6.2     33.8
MEAN             49.5              44.4     5.1     42.0
DAYS MAX >= 90      0               0.0     0.0        0
DAYS MAX <= 32      0               0.2    -0.2        0
DAYS MIN <= 32      0               8.3    -8.3       13
DAYS MIN <= 0       0               0.0     0.0        0

PRECIPITATION (INCHES)
RECORD
 MAXIMUM        12.86   2006
 MINIMUM         0.40   1936
TOTALS           6.25              6.47   -0.22     4.00
DAYS >= .01        23                MM      MM       18
DAYS >= .10        14                MM      MM       12
DAYS >= .50         4                MM      MM        2
DAYS >= 1.00        1                MM      MM        0
GREATEST
 24 HR. TOTAL    1.99   11/24 TO 11/25

DEGREE_DAYS
HEATING TOTAL     458               620    -162      680
 SINCE 7/1        971              1301    -330     1101
COOLING TOTAL       0                 0       0        0
 SINCE 1/1        336               198     138      503
.................................................................

WIND (MPH)
AVERAGE WIND SPEED              4.8
RESULTANT WIND SPEED/DIRECTION   2/179
HIGHEST WIND SPEED/DIRECTION    26/070    DATE  11/18
HIGHEST GUST SPEED/DIRECTION    33/190    DATE  11/24

SKY COVER
POSSIBLE SUNSHINE (PERCENT)   MM
AVERAGE SKY COVER           0.70

AVERAGE RH (PERCENT)     86

WEATHER CONDITIONS. NUMBER OF DAYS WITH
THUNDERSTORM              0     MIXED PRECIP               0
HEAVY RAIN                2     RAIN                       6
LIGHT RAIN               23     FREEZING RAIN              0
LT FREEZING RAIN          0     HAIL                       0
HEAVY SNOW                0     SNOW                       0
LIGHT SNOW                0     SLEET                      0
FOG                      30     FOG W/VIS <= 1/4 MILE      9
HAZE                      2

-  INDICATES NEGATIVE NUMBERS.
R  INDICATES RECORD WAS SET OR TIED.
MM INDICATES DATA IS MISSING.
T  INDICATES TRACE AMOUNT.

$$
