000
CXUS56 KHNX 021250
CLMHJO


CLIMATE REPORT
NATIONAL WEATHER SERVICE SAN JOAQUIN VALLEY - HANFORD CA
450 AM PST MON MAR 2 2015

...................................

...THE HANFORD CA AIRPORT CLIMATE SUMMARY FOR THE MONTH OF FEBRUARY 2015...

CLIMATE NORMAL PERIOD 1981 TO 2010
CLIMATE RECORD PERIOD 1998 TO 2015

WEATHER         OBSERVED          NORMAL  DEPART  LAST YEAR`S
                 VALUE   DATE(S)  VALUE   FROM    VALUE  DATE(S)
                                          NORMAL
................................................................
TEMPERATURE (F)
RECORD
 HIGH              79   02/06/2015
                        02/25/2014
                        02/24/2014
 LOW               26   02/16/2006
HIGHEST            79R  02/06        MM      MM       79  02/25
                                                          02/24
LOWEST             35   02/24        MM      MM       30  02/01
AVG. MAXIMUM     68.4              61.5     6.9     66.4
AVG. MINIMUM     42.4              39.1     3.3     41.9
MEAN             55.4              50.3     5.1     54.1
DAYS MAX >= 90      0               0.0     0.0        0
DAYS MIN <= 32      0               2.8    -2.8        1

PRECIPITATION (INCHES)
RECORD
 MAXIMUM         3.37   2000
TOTALS           0.75              1.73   -0.98     1.65
DAYS >= .01         3                MM      MM        8
DAYS >= .10         3                MM      MM        5
DAYS >= .50         0                MM      MM        1
DAYS >= 1.00        0                MM      MM        0
GREATEST
 24 HR. TOTAL    0.46   02/07 TO 02/07

SNOWFALL (INCHES)
RECORDS
 TOTAL             MM   MM
TOTALS            0.0                MM

DEGREE_DAYS
HEATING TOTAL     262               412    -150      298
 SINCE 7/1       1542              2155    -613     1777
COOLING TOTAL       0                 0       0        0
 SINCE 1/1          0                 0       0        0
.................................................................

WIND (MPH)
AVERAGE WIND SPEED              3.7
HIGHEST WIND SPEED/DIRECTION    23/240    DATE  02/06
HIGHEST GUST SPEED/DIRECTION    29/250    DATE  02/06

AVERAGE RH (PERCENT)     74

WEATHER CONDITIONS. NUMBER OF DAYS WITH
THUNDERSTORM              0     RAIN                       4
HAIL                      0     FOG                       27
FOG W/VIS <= 1/4 MILE    20     HAZE                      23

-  INDICATES NEGATIVE NUMBERS.
R  INDICATES RECORD WAS SET OR TIED.
MM INDICATES DATA IS MISSING.
T  INDICATES TRACE AMOUNT.

$$

SANGER/OCHS

WEATHER.GOV/HANFORD
