000
CXUS56 KHNX 012351
CLMHJO


CLIMATE REPORT
NATIONAL WEATHER SERVICE SAN JOAQUIN VALLEY, CA
449 PM PDT THU SEP 1 2016

...................................

...THE HANFORD CA AIRPORT CLIMATE SUMMARY FOR THE MONTH OF AUGUST 2016...

CLIMATE NORMAL PERIOD 1981 TO 2010
CLIMATE RECORD PERIOD 1998 TO 2016

WEATHER         OBSERVED          NORMAL  DEPART  LAST YEAR`S
                 VALUE   DATE(S)  VALUE   FROM    VALUE  DATE(S)
                                          NORMAL
................................................................
TEMPERATURE (F)
RECORD
 HIGH             109   08/25/2010
 LOW               50   08/28/2010
HIGHEST           106   08/14        MM      MM      108  08/17
LOWEST             57   08/08        MM      MM       57  08/31
AVG. MAXIMUM     98.8              95.4     3.4     97.4
AVG. MINIMUM     62.2              61.1     1.1     65.1
MEAN             80.5              78.2     2.3     81.2
DAYS MAX >= 90     31              26.6     4.4       29
DAYS MIN <= 32      0               0.0     0.0        0

PRECIPITATION (INCHES)
RECORD
 MAXIMUM         0.05   MM
TOTALS           0.00              0.02   -0.02     0.00
DAYS >= .01         0                MM      MM        0
DAYS >= .10         0                MM      MM        0
DAYS >= .50         0                MM      MM        0
DAYS >= 1.00        0                MM      MM        0
GREATEST
 24 HR. TOTAL    0.00   08/31 TO 08/31

SNOWFALL (INCHES)
RECORDS
 TOTAL            0.0
TOTALS            0.0               0.0

DEGREE_DAYS
HEATING TOTAL       0                 0       0        0
 SINCE 7/1          0                 0       0        0
COOLING TOTAL     487               411      76      510
 SINCE 1/1       1659              1331     328     1821
.................................................................

WIND (MPH)
AVERAGE WIND SPEED              6.0
HIGHEST WIND SPEED/DIRECTION    17/320    DATE  08/31
HIGHEST GUST SPEED/DIRECTION    21/320    DATE  08/31

AVERAGE RH (PERCENT)     44

WEATHER CONDITIONS. NUMBER OF DAYS WITH
THUNDERSTORM              0     RAIN                       0
HAIL                      0     FOG                        2
FOG W/VIS <= 1/4 MILE     0     HAZE                      23

-  INDICATES NEGATIVE NUMBERS.
R  INDICATES RECORD WAS SET OR TIED.
MM INDICATES DATA IS MISSING.
T  INDICATES TRACE AMOUNT.

$$
