000
CXUS53 KGLD 031519
CLMHLC

CLIMATE REPORT
NATIONAL WEATHER SERVICE GOODLAND
813 AM MST TUE FEB 3 2015

...................................

...THE HILL CITY CLIMATE SUMMARY FOR THE MONTH OF JANUARY 2015...

CLIMATE NORMAL PERIOD 1981 TO 2010
CLIMATE RECORD PERIOD 1896 TO 2015

WEATHER         OBSERVED          NORMAL  DEPART  LAST YEAR`S
                 VALUE   DATE(S)  VALUE   FROM    VALUE  DATE(S)
                                          NORMAL
................................................................
TEMPERATURE (F)
RECORD
 HIGH              83   01/27/2015
 LOW              -24   01/12/1912
HIGHEST            83R  01/27        67      16       69  01/19
LOWEST              1   01/05        -2       3       -9  01/06
                        01/04
AVG. MAXIMUM     45.7              41.8     3.9     44.7
AVG. MINIMUM     18.2              16.8     1.4     15.6
MEAN             31.9              29.3     2.6     30.2
DAYS MAX >= 90      0               0.0     0.0        0
DAYS MAX <= 32      9               8.8     0.2        8
DAYS MIN <= 32     29              30.0    -1.0       30
DAYS MIN <= 0       0               1.9    -1.9        2

PRECIPITATION (INCHES)
RECORD
 MAXIMUM         0.37   2007
 MINIMUM         0.00   1997
TOTALS           0.23              0.45   -0.22     0.10
DAILY AVG.       0.01              0.02   -0.01     0.00
DAYS >= .01         4               3.5     0.5        4
DAYS >= .10         1               1.6    -0.6        0
DAYS >= .50         0               0.3    -0.3        0
DAYS >= 1.00        0               0.0     0.0        0
GREATEST
 24 HR. TOTAL    0.16   01/31 TO 01/31              0.07


.................................................................



-  INDICATES NEGATIVE NUMBERS.
R  INDICATES RECORD WAS SET OR TIED.
MM INDICATES DATA IS MISSING.
T  INDICATES TRACE AMOUNT.

$$
