000
CXUS53 KGLD 032204
CLMHLC

CLIMATE REPORT
NATIONAL WEATHER SERVICE GOODLAND
400 PM MDT SAT SEP 3 2016

...................................

...THE HILL CITY CLIMATE SUMMARY FOR THE MONTH OF AUGUST 2016...

CLIMATE NORMAL PERIOD 1981 TO 2010
CLIMATE RECORD PERIOD 1896 TO 2016

WEATHER         OBSERVED          NORMAL  DEPART  LAST YEAR`S
                 VALUE   DATE(S)  VALUE   FROM    VALUE  DATE(S)
                                          NORMAL
................................................................
TEMPERATURE (F)
RECORD
 HIGH             115   08/06/1934
 LOW               39   08/24/1928
HIGHEST            99   08/01       103      -4      104  08/26
LOWEST             46   08/21        51      -5       44  08/24
AVG. MAXIMUM     86.1              90.0    -3.9     91.7
AVG. MINIMUM     63.2              63.3    -0.1     62.1
MEAN             74.7              76.6    -1.9     76.9
DAYS MAX >= 90     14              16.6    -2.6       21
DAYS MAX <= 32      0               0.0     0.0        0
DAYS MIN <= 32      0               0.0     0.0        0
DAYS MIN <= 0       0               0.0     0.0        0

PRECIPITATION (INCHES)
RECORD
 MAXIMUM         7.72   1968
 MINIMUM         0.21   2004
TOTALS           3.73              2.91    0.82     1.04
DAILY AVG.       0.12              0.09    0.03     0.03
DAYS >= .01        10                MM      MM        6
DAYS >= .10         7                MM      MM        4
DAYS >= .50         4                MM      MM        0
DAYS >= 1.00        0                MM      MM        0
GREATEST
 24 HR. TOTAL    1.12   08/24 TO 08/25              0.29


.................................................................



-  INDICATES NEGATIVE NUMBERS.
R  INDICATES RECORD WAS SET OR TIED.
MM INDICATES DATA IS MISSING.
T  INDICATES TRACE AMOUNT.

$$
