504
CXUS52 KMHX 051000
CLMHSE


CLIMATE REPORT
NATIONAL WEATHER SERVICE NEWPORT/MOREHEAD CITY NC
557 AM EDT THU OCT 5 2017

...................................

...THE CAPE HATTERAS NC CLIMATE SUMMARY FOR THE MONTH OF SEPTEMBER 2017...

CLIMATE NORMAL PERIOD 1981 TO 2010
CLIMATE RECORD PERIOD 1874 TO 2017

WEATHER         OBSERVED          NORMAL  DEPART  LAST YEAR`S
                 VALUE   DATE(S)  VALUE   FROM    VALUE  DATE(S)
                                          NORMAL
................................................................
TEMPERATURE (F)
RECORD
 HIGH              92   09/07/2011
                        09/09/1978
                        09/01/1932
 LOW               33   09/26/2005
HIGHEST            89   09/14                         89
LOWEST             59   09/08                         63
AVG. MAXIMUM     82.0              79.9     2.1     84.3
AVG. MINIMUM     70.6              69.0     1.6     72.7
MEAN             76.3              74.5     1.8     78.5
DAYS MAX >= 90      0               0.1    -0.1        0
DAYS MAX <= 32      0               0.0     0.0        0
DAYS MIN <= 32      0               0.0     0.0        0
DAYS MIN <= 0       0               0.0     0.0        0

PRECIPITATION (INCHES)
RECORD
 MAXIMUM        20.00   1989
 MINIMUM           MM   MM
TOTALS           7.10              6.25    0.85     8.86
DAYS >= .01        14               9.6     4.4       13
DAYS >= .10        10               6.7     3.3        8
DAYS >= .50         6               3.4     2.6        4
DAYS >= 1.00        2               2.1    -0.1        3

DEGREE_DAYS
COOLING TOTAL     347               286      61      410
 SINCE 1/1       2108              1592     516     2045
.................................................................

WIND (MPH)
AVERAGE WIND SPEED              8.6
HIGHEST WIND SPEED/DIRECTION    28/170    DATE  09/02
HIGHEST GUST SPEED/DIRECTION    47/220    DATE  09/01

SKY COVER
POSSIBLE SUNSHINE (PERCENT)   MM
AVERAGE SKY COVER           0.40
NUMBER OF DAYS FAIR           17
NUMBER OF DAYS PC              5
NUMBER OF DAYS CLOUDY          8

AVERAGE RH (PERCENT)     79

WEATHER CONDITIONS. NUMBER OF DAYS WITH
THUNDERSTORM              1     MIXED PRECIP               0
HEAVY RAIN                7     RAIN                       9
LIGHT RAIN               16     FREEZING RAIN              0
LT FREEZING RAIN          0     HAIL                       0
HEAVY SNOW                0     SNOW                       0
LIGHT SNOW                0     SLEET                      0
FOG                      11     FOG W/VIS <= 1/4 MILE      0
HAZE                      1

-  INDICATES NEGATIVE NUMBERS.
R  INDICATES RECORD WAS SET OR TIED.
MM INDICATES DATA IS MISSING.
T  INDICATES TRACE AMOUNT.

$$
