000
CXUS54 KHUN 111624 CCA
CLMHSV

CLIMATE REPORT...CORRECTION
NATIONAL WEATHER SERVICE HUNTSVILLE AL
951 AM CST FRI DEC 1 2017

...................................

...THE HUNTSVILLE CLIMATE SUMMARY FOR THE MONTH OF NOVEMBER 2017...

CLIMATE NORMAL PERIOD 1981 TO 2010
CLIMATE RECORD PERIOD 1894 TO 2017

WEATHER         OBSERVED          NORMAL  DEPART  LAST YEAR`S
                 VALUE   DATE(S)  VALUE   FROM    VALUE
                                          NORMAL
.............................................................
TEMPERATURE (F)
RECORD
 HIGH              88   11/01/2016
 LOW                1   11/25/1950
HIGHEST            81   11/05        MM      MM       88
                        11/04
LOWEST             25   11/23        MM      MM       24
AVG. MAXIMUM     66.0              63.7     2.3     71.9
AVG. MINIMUM     42.9              41.8     1.1     43.4
MEAN             54.4              52.7     1.7     57.7
DAYS MAX >= 90      0               0.0     0.0        0
DAYS MAX <= 32      0               0.0     0.0        0
DAYS MIN <= 32      5               5.8    -0.8        5
DAYS MIN <= 0       0               0.0     0.0        0

PRECIPITATION (INCHES)
RECORD
 MAXIMUM        13.60   1948
 MINIMUM         0.49   1924
TOTALS           0.89              4.94   -4.05     4.78
DAILY AVG.       0.03              0.16   -0.13     0.16
DAYS >= .01         7               9.4    -2.4        6
DAYS >= .10         1               6.8    -5.8        4
DAYS >= .50         1               3.4    -2.4        3
DAYS >= 1.00        0               1.6    -1.6        1
GREATEST
 24 HR. TOTAL    0.61   11/07 TO 11/07              3.96

SNOWFALL (INCHES)
RECORDS
 TOTAL            4.0   1966
 24 HR TOTAL      4.0   11/02/1966 TO 11/02/1966
TOTALS            0.0               0.0     0.0      0.0
SINCE 7/1         0.0               0.0     0.0      0.0
DAYS >= TRACE       0               0.0     0.0        0
DAYS >= 1.0         0               0.0     0.0        0
GREATEST
 SNOW DEPTH         0   MM                             0
 24 HR TOTAL      0.0   11/30 TO 11/30

DEGREE_DAYS
HEATING TOTAL     336               376     -40      240
 SINCE 7/1        478               527     -49      264
COOLING TOTAL      29                 9      20       28
 SINCE 1/1       2114              1949     165     2548

FREEZE DATES
RECORD
 EARLIEST     10/09/2000
 LATEST       05/02/1909
EARLIEST      11/19             11/05
LATEST                          03/30
..............................................................

WIND (MPH)
AVERAGE WIND SPEED              6.4
HIGHEST WIND SPEED/DIRECTION    39/280    DATE  11/18
HIGHEST GUST SPEED/DIRECTION    57/250    DATE  11/18

AVERAGE RH (PERCENT)     74

WEATHER CONDITIONS. NUMBER OF DAYS WITH
THUNDERSTORM              3     MIXED PRECIP               0
HEAVY RAIN                2     RAIN                       3
LIGHT RAIN               10     FREEZING RAIN              0
LT FREEZING RAIN          0     HAIL                       0
HEAVY SNOW                0     SNOW                       0
LIGHT SNOW                0     SLEET                      0
FOG                      12     FOG W/VIS <= 1/4 MILE      3

-  INDICATES NEGATIVE NUMBERS.
R  INDICATES RECORD WAS SET OR TIED.
MM INDICATES DATA IS MISSING.
T  INDICATES TRACE AMOUNT.

$$
