000
CXUS53 KAPX 010603
CLMHTL


CLIMATE REPORT
NATIONAL WEATHER SERVICE GAYLORD MI
102 AM EST SUN FEB 1 2015

...................................

...THE HOUGHTON LAKE MI CLIMATE SUMMARY FOR THE MONTH OF JANUARY 2015...

CLIMATE NORMAL PERIOD 1981 TO 2010
CLIMATE RECORD PERIOD 1913 TO 2015

WEATHER         OBSERVED          NORMAL  DEPART  LAST YEAR`S
                 VALUE   DATE(S)  VALUE   FROM    VALUE  DATE(S)
                                          NORMAL
................................................................
TEMPERATURE (F)
RECORD
 HIGH              57   01/26/1944
 LOW              -32   01/30/1951
HIGHEST            39   01/17        MM      MM       39  01/13
                                                          01/12
LOWEST            -18   01/13        MM      MM      -16  01/03
AVG. MAXIMUM     23.9              26.2    -2.3     20.2
AVG. MINIMUM      6.2               9.9    -3.7      4.2
MEAN             15.0              18.1    -3.1     12.2
DAYS MAX >= 90      0               0.0     0.0        0
DAYS MAX <= 32     27              22.6     4.4       26
DAYS MIN <= 32     31              30.4     0.6       31
DAYS MIN <= 0       9               7.3     1.7       14

PRECIPITATION (INCHES)
RECORD
 MAXIMUM           MM   MM
 MINIMUM           MM   MM
TOTALS           1.19              1.51   -0.32     1.61
DAILY AVG.       0.04              0.05   -0.01     0.05
DAYS >= .01         9              13.7    -4.7       19
DAYS >= .10         4               4.8    -0.8        5
DAYS >= .50         0               0.5    -0.5        0
DAYS >= 1.00        0               0.0     0.0        0
GREATEST
 24 HR. TOTAL    0.51   01/03 TO 01/04
 STORM TOTAL       MM
 (MM/DD(HH))            MM

SNOWFALL (INCHES)
RECORDS
 TOTAL             MM   MM
 24 HR TOTAL       MM
 SNOW DEPTH        MM   MM
TOTALS           11.8              17.1    -5.3     15.4
SINCE 7/1        30.7              42.1   -11.4     40.3
SNOWDEPTH AVG.      9                 7       2       14
DAYS >= TRACE      25              13.9    11.1       30
DAYS >= 1.0         4               5.5    -1.5        9
GREATEST
 SNOW DEPTH        90   01/31                         20  01/31
                                                          01/29
                                                          01/28
 24 HR TOTAL      3.7   MM                           2.4

DEGREE_DAYS
HEATING TOTAL    1542              1455      87     1631
 SINCE 7/1       4716              4612     104     4935
COOLING TOTAL       0                 0       0        0
 SINCE 1/1          0                 0       0        0
.................................................................

WIND (MPH)
AVERAGE WIND SPEED              8.3
HIGHEST WIND SPEED/DIRECTION    28/330    DATE  01/29
HIGHEST GUST SPEED/DIRECTION    41/330    DATE  01/29

SKY COVER
POSSIBLE SUNSHINE (PERCENT)   MM
AVERAGE SKY COVER           0.70
NUMBER OF DAYS FAIR            6
NUMBER OF DAYS PC              7
NUMBER OF DAYS CLOUDY         18

AVERAGE RH (PERCENT)     76

WEATHER CONDITIONS. NUMBER OF DAYS WITH
THUNDERSTORM              0     MIXED PRECIP               0
HEAVY RAIN                0     RAIN                       0
LIGHT RAIN                0     FREEZING RAIN              0
LT FREEZING RAIN          1     HAIL                       0
HEAVY SNOW                3     SNOW                       5
LIGHT SNOW               22     SLEET                      0
FOG                      16     FOG W/VIS <= 1/4 MILE      3
HAZE                     14

-  INDICATES NEGATIVE NUMBERS.
R  INDICATES RECORD WAS SET OR TIED.
MM INDICATES DATA IS MISSING.
T  INDICATES TRACE AMOUNT.

$$
