773
CXUS53 KAPX 010732
CLMHTL


CLIMATE REPORT
NATIONAL WEATHER SERVICE GAYLORD MI
332 AM EDT SUN MAY 1 2016

...................................

...THE HOUGHTON LAKE MI CLIMATE SUMMARY FOR THE MONTH OF APRIL 2016...

CLIMATE NORMAL PERIOD 1981 TO 2010
CLIMATE RECORD PERIOD 1913 TO 2016

WEATHER         OBSERVED          NORMAL  DEPART  LAST YEAR`S
                 VALUE   DATE(S)  VALUE   FROM    VALUE  DATE(S)
                                          NORMAL
................................................................
TEMPERATURE (F)
RECORD
 HIGH              89   04/23/1925
 LOW              -15   04/01/1923
HIGHEST            80   04/18        MM      MM       71  04/17
LOWEST              7   04/05        MM      MM       17  04/04
AVG. MAXIMUM     50.1              54.1    -4.0     54.2
AVG. MINIMUM     29.1              31.0    -1.9     29.6
MEAN             39.6              42.6    -3.0     41.9
DAYS MAX >= 90      0               0.0     0.0        0
DAYS MAX <= 32      4               0.9     3.1        0
DAYS MIN <= 32     19              17.3     1.7       20
DAYS MIN <= 0       0               0.0     0.0        0

PRECIPITATION (INCHES)
RECORD
 MAXIMUM           MM   MM
 MINIMUM           MM   MM
TOTALS           2.14              2.48   -0.34     2.26
DAILY AVG.       0.07              0.08   -0.01     0.08
DAYS >= .01         9              11.6    -2.6       11
DAYS >= .10         6               6.1    -0.1        8
DAYS >= .50         3               1.4     1.6        1
DAYS >= 1.00        0               0.3    -0.3        1
GREATEST
 24 HR. TOTAL    1.15   03/31 TO 04/01
 STORM TOTAL       MM
 (MM/DD(HH))            MM

SNOWFALL (INCHES)
RECORDS
 TOTAL             MM   MM
 24 HR TOTAL       MM
 SNOW DEPTH        MM   MM
TOTALS           11.9               3.7     8.2      1.0
SINCE 7/1        58.4              66.5    -8.1     44.2
SNOWDEPTH AVG.      1                MM      MM        0
DAYS >= TRACE      10               3.3     6.7        8
DAYS >= 1.0         3               1.3     1.7        1
GREATEST
 SNOW DEPTH         6   04/08                          1  04/05
                        04/07
 24 HR TOTAL      4.5   04/03 TO 04/03               1.0

DEGREE_DAYS
HEATING TOTAL     755               676      79      687
 SINCE 7/1       6596              7661   -1065     8221
COOLING TOTAL       0                 2      -2        0
 SINCE 1/1          0                 2      -2        0
.................................................................

WIND (MPH)
AVERAGE WIND SPEED              7.7
HIGHEST WIND SPEED/DIRECTION    26/340    DATE  04/02
HIGHEST GUST SPEED/DIRECTION    38/330    DATE  04/02

SKY COVER
POSSIBLE SUNSHINE (PERCENT)   MM
AVERAGE SKY COVER           0.50
NUMBER OF DAYS FAIR           11
NUMBER OF DAYS PC              9
NUMBER OF DAYS CLOUDY         10

AVERAGE RH (PERCENT)     65

WEATHER CONDITIONS. NUMBER OF DAYS WITH
THUNDERSTORM              0     MIXED PRECIP               0
HEAVY RAIN                0     RAIN                       2
LIGHT RAIN                5     FREEZING RAIN              0
LT FREEZING RAIN          1     HAIL                       0
HEAVY SNOW                2     SNOW                       3
LIGHT SNOW               10     SLEET                      0
FOG                      17     FOG W/VIS <= 1/4 MILE      5
HAZE                      5

-  INDICATES NEGATIVE NUMBERS.
R  INDICATES RECORD WAS SET OR TIED.
MM INDICATES DATA IS MISSING.
T  INDICATES TRACE AMOUNT.

$$
