000
CXUS51 KRLX 041347
CLMHTS


CLIMATE REPORT
NATIONAL WEATHER SERVICE CHARLESTON WV
945 AM EDT SAT OCT 4 2014

...................................

...THE HUNTINGTON CLIMATE SUMMARY FOR THE MONTH OF SEPTEMBER 2014...

CLIMATE NORMAL PERIOD 1981 TO 2010
CLIMATE RECORD PERIOD 1897 TO 2014

WEATHER         OBSERVED          NORMAL  DEPART  LAST YEAR`S
                 VALUE   DATE(S)  VALUE   FROM    VALUE  DATE(S)
                                          NORMAL
................................................................
TEMPERATURE (F)
RECORD
 HIGH             104   09/03/1953
                        09/02/1953
 LOW               29   09/29/1942
HIGHEST            88   09/04        MM      MM       90  09/11
                                                          09/10
LOWEST             43   09/23        MM      MM       45  09/15
AVG. MAXIMUM     77.5              78.8    -1.3     78.9
AVG. MINIMUM     56.3              56.4    -0.1     57.2
MEAN             66.9              67.6    -0.7     68.1
DAYS MAX >= 90      0               2.0    -2.0        2
DAYS MAX <= 32      0               0.0     0.0        0
DAYS MIN <= 32      0               0.0     0.0        0
DAYS MIN <= 0       0               0.0     0.0        0

PRECIPITATION (INCHES)
RECORD
 MAXIMUM         8.95   2004
 MINIMUM         0.11   2008
TOTALS           3.26              2.78    0.48     1.72
DAILY AVG.       0.11              0.09    0.02     0.06
DAYS >= .01         8               8.1    -0.1        7
DAYS >= .10         4               5.1    -1.1        3
DAYS >= .50         3               1.8     1.2        2
DAYS >= 1.00        1               0.6     0.4        0
GREATEST
 24 HR. TOTAL    1.59   09/06 TO 09/06              0.94

SNOWFALL (INCHES)
RECORDS
 TOTAL             MM   MM
TOTALS            0.0               0.0     0.0      0.0
SINCE 7/1         0.0               0.0     0.0      0.0
DAYS >= 1.0         0               0.0     0.0        0
GREATEST
 SNOW DEPTH         0   MM                             0  MM
 24 HR TOTAL      0.0   09/30 TO 09/30           09/30 TO 09/30
                                                          09/30 TO 09/30
                                                          09/30 TO 09/30

DEGREE_DAYS
HEATING TOTAL      54                56      -2       34
 SINCE 7/1         57                58      -1       38
COOLING TOTAL     120               134     -14      133
 SINCE 1/1        961              1111    -150     1165
.................................................

WIND (MPH)
AVERAGE WIND SPEED              3.8
HIGHEST WIND SPEED/DIRECTION    24/270    DATE  09/01
HIGHEST GUST SPEED/DIRECTION    34/270    DATE  09/01

SKY COVER
POSSIBLE SUNSHINE (PERCENT)   MM
AVERAGE SKY COVER           0.30
NUMBER OF DAYS FAIR           17
NUMBER OF DAYS PC             11
NUMBER OF DAYS CLOUDY          2

AVERAGE RH (PERCENT)     77

WEATHER CONDITIONS. NUMBER OF DAYS WITH
THUNDERSTORM              0     MIXED PRECIP               0
HEAVY RAIN                2     RAIN                       4
LIGHT RAIN                9     FREEZING RAIN              0
LT FREEZING RAIN          0     HAIL                       0
HEAVY SNOW                0     SNOW                       0
LIGHT SNOW                0     SLEET                      0
FOG                      25     FOG W/VIS <= 1/4 MILE     11
HAZE                     14

-  INDICATES NEGATIVE NUMBERS.
R  INDICATES RECORD WAS SET OR TIED.
MM INDICATES DATA IS MISSING.
T  INDICATES TRACE AMOUNT.

$$
