000
CXUS51 KCAR 012119
CLMHUL


CLIMATE REPORT
NATIONAL WEATHER SERVICE CARIBOU, ME
518 PM EDT FRI JUL 1 2016

...................................

...THE HOULTON ME CLIMATE SUMMARY FOR THE MONTH OF JUNE 2016...

CLIMATE NORMAL PERIOD 1981 TO 2010
CLIMATE RECORD PERIOD 1948 TO 2016

WEATHER         OBSERVED          NORMAL  DEPART  LAST YEAR`S
                 VALUE   DATE(S)  VALUE   FROM    VALUE  DATE(S)
                                          NORMAL
................................................................
TEMPERATURE (F)
RECORD
 HIGH              97   06/13/1969
 LOW               28   06/06/1971
HIGHEST            88   06/27        MM      MM       80  06/12
                                                          06/11
LOWEST             34   06/17        MM      MM       33  06/07
AVG. MAXIMUM     72.0              72.5    -0.5     67.4
AVG. MINIMUM     47.8              47.8     0.0     46.5
MEAN             59.9              60.2    -0.3     57.0
DAYS MAX >= 90      0               0.4    -0.4        0
DAYS MAX <= 32      0               0.0     0.0        0
DAYS MIN <= 32      0               0.5    -0.5        0
DAYS MIN <= 0       0               0.0     0.0        0

PRECIPITATION (INCHES)
RECORD
 MAXIMUM           MM   MM
 MINIMUM           MM   MM
TOTALS           2.66                     -0.99
DAILY AVG.       0.09              0.12   -0.03     0.13
DAYS >= .01        12              12.9    -0.9       14
DAYS >= .10         7               7.7    -0.7       11
DAYS >= .50         3               2.4     0.6        1
DAYS >= 1.00        0               0.7    -0.7        1
GREATEST
 24 HR. TOTAL    0.72   06/05 TO 06/06           06/21 TO 06/21
                                                          06/26 TO 06/26
                                                          06/26 TO 06/26

SNOWFALL (INCHES)
RECORDS
 TOTAL             MM   MM
TOTALS             MM               0.0      MM      0.0
SINCE 7/1          MM              89.5      MM      0.0
SNOWDEPTH AVG.     MM                MM      MM       MM
DAYS >= 1.0         0               0.0     0.0        0
GREATEST
 SNOW DEPTH        MM                                 MM  MM
 24 HR TOTAL       MM                            06/26 TO 06/26
                                                          06/26 TO 06/26
                                                          06/26 TO 06/26

DEGREE_DAYS
HEATING TOTAL     175               181      -6
.......................................................

WIND (MPH)
AVERAGE WIND SPEED              6.9
HIGHEST WIND SPEED/DIRECTION    26/260    DATE  06/23
HIGHEST GUST SPEED/DIRECTION    35/250    DATE  06/23

SKY COVER
POSSIBLE SUNSHINE (PERCENT)   MM
AVERAGE SKY COVER           0.50
NUMBER OF DAYS FAIR           10
NUMBER OF DAYS PC              6
NUMBER OF DAYS CLOUDY         14

AVERAGE RH (PERCENT)     71

WEATHER CONDITIONS. NUMBER OF DAYS WITH
THUNDERSTORM              0     MIXED PRECIP               0
HEAVY RAIN                4     RAIN                       7
LIGHT RAIN               14     FREEZING RAIN              0
LT FREEZING RAIN          0     HAIL                       0
HEAVY SNOW                0     SNOW                       0
LIGHT SNOW                0     SLEET                      0
FOG                      13     FOG W/VIS <= 1/4 MILE      2
HAZE                      1

-  INDICATES NEGATIVE NUMBERS.
R  INDICATES RECORD WAS SET OR TIED.
MM INDICATES DATA IS MISSING.
T  INDICATES TRACE AMOUNT.

$$
