000
CXUS55 KVEF 020223 CCA
CLMIGM

RNOCLMIGM 000
TTAA00 KVEF 012345


CLIMATE REPORT
NATIONAL WEATHER SERVICE LAS VEGAS, NV
623 PM PST SUN FEB 1 2015

...................................

...THE KINGMAN AZ CLIMATE SUMMARY FOR THE MONTH OF JANUARY 2015...

CLIMATE NORMAL PERIOD 1981 TO 2010
CLIMATE RECORD PERIOD 1901 TO 2015

WEATHER         OBSERVED          NORMAL  DEPART  LAST YEAR`S
                 VALUE   DATE(S)  VALUE   FROM    VALUE  DATE(S)
                                          NORMAL
................................................................
TEMPERATURE (F)
RECORD
 HIGH              78   01/13/1923
                        01/12/1923
 LOW                4   01/29/1979
HIGHEST            70   01/18        MM      MM       71  01/29
LOWEST             10   01/02        MM      MM       24  01/08
AVG. MAXIMUM     58.4              56.4     2.0     63.4
AVG. MINIMUM     32.6              31.3     1.3     30.3
MEAN             45.5              43.8     1.7     46.9
DAYS MAX >= 90      0               0.0     0.0        0
DAYS MAX <= 32      0               0.0     0.0        0
DAYS MIN <= 32     13              17.8    -4.8       23
DAYS MIN <= 0       0               0.0     0.0        0

PRECIPITATION (INCHES)
RECORD
 MAXIMUM         5.87   1993
 MINIMUM         0.00   1972
                        1971
                        1948
TOTALS           0.82              1.02   -0.20     0.01
DAILY AVG.       0.03              0.03    0.00     0.00
DAYS >= .01         8                MM      MM        1
DAYS >= .10         3                MM      MM        0
DAYS >= .50         0                MM      MM        0
DAYS >= 1.00        0                MM      MM        0
GREATEST
 24 HR. TOTAL    0.54   01/29 TO 01/30

SNOWFALL (INCHES)
RECORDS
 TOTAL           12.0   1905
 24 HR TOTAL      7.0
TOTALS             MM                MM      MM      0.0
SINCE 7/1          MM
SNOWDEPTH AVG.      M
DAYS >= TRACE       M
DAYS >= 1.0         M
GREATEST
 SNOW DEPTH        MM
 24 HR TOTAL       MM
 STORM TOTAL       MM
 (MM/DD(HH))

DEGREE_DAYS
HEATING TOTAL     596               656     -60      554
 SINCE 7/1       1651              1905    -254     1930
COOLING TOTAL       0                 0       0        0
 SINCE 1/1          0                 0       0        0

FREEZE DATES
RECORD
 EARLIEST     10/22/1996
 LATEST       05/21/1975
EARLIEST                        11/14
LATEST                          04/04
.................................................................

WIND (MPH)
AVERAGE WIND SPEED              6.1
HIGHEST WIND SPEED/DIRECTION    25/340    DATE  01/21
HIGHEST GUST SPEED/DIRECTION    30/360    DATE  01/21

SKY COVER
POSSIBLE SUNSHINE (PERCENT)   MM
AVERAGE SKY COVER           0.20
NUMBER OF DAYS FAIR           23
NUMBER OF DAYS PC              5
NUMBER OF DAYS CLOUDY          3

AVERAGE RH (PERCENT)     60

WEATHER CONDITIONS. NUMBER OF DAYS WITH
THUNDERSTORM              0     MIXED PRECIP               0
HEAVY RAIN                0     RAIN                       6
LIGHT RAIN               10     FREEZING RAIN              0
LT FREEZING RAIN          0     HAIL                       0
HEAVY SNOW                0     SNOW                       0
LIGHT SNOW                1     SLEET                      0
FOG                       7     FOG W/VIS <= 1/4 MILE      1
HAZE                      0

-  INDICATES NEGATIVE NUMBERS.
R  INDICATES RECORD WAS SET OR TIED.
MM INDICATES DATA IS MISSING.
T  INDICATES TRACE AMOUNT.

$$
