000
CXUS51 KPHI 011052
CLMILG


CLIMATE REPORT
NATIONAL WEATHER SERVICE MOUNT HOLLY NJ
652 AM EDT FRI APR 1 2016

...................................

...THE WILMINGTON CLIMATE SUMMARY FOR THE MONTH OF MARCH 2016...

CLIMATE NORMAL PERIOD 1981 TO 2010
CLIMATE RECORD PERIOD 1894 TO 2016

WEATHER         OBSERVED          NORMAL  DEPART  LAST YEAR`S
                 VALUE   DATE(S)  VALUE   FROM    VALUE  DATE(S)
                                          NORMAL
................................................................
TEMPERATURE (F)
RECORD
 HIGH              86   03/30/1998
                        03/21/1948
 LOW                2   03/10/1984
HIGHEST            81                73       8       71
LOWEST             24                18       6        5
AVG. MAXIMUM     59.4              52.4     7.0     47.5
AVG. MINIMUM     37.9              33.6     4.3     28.2
MEAN             48.6              43.0     5.6     37.8
DAYS MAX >= 90      0               0.0     0.0        0
DAYS MAX <= 32      0               0.6    -0.6        2
DAYS MIN <= 32      9              13.1    -4.1       22
DAYS MIN <= 0       0               0.0     0.0        0

PRECIPITATION (INCHES)
RECORD
 MAXIMUM         9.17   2000
 MINIMUM         0.29   2006
TOTALS           1.80              3.92   -2.12     5.39
DAILY AVG.       0.06              0.13   -0.07     0.17
DAYS >= .01        10              10.7    -0.7       12
DAYS >= .10         6               6.7    -0.7       11
DAYS >= .50         1               2.8    -1.8        5
DAYS >= 1.00        0               1.1    -1.1        2
GREATEST
 24 HR. TOTAL    0.88   03/13 TO 03/14              1.12

SNOWFALL (INCHES)
RECORDS
 TOTAL             MM   5
 24 HR TOTAL       MM
TOTALS            2.7               1.9     0.8      8.6
SINCE 7/1        25.4              19.9     5.5     23.4
SNOWDEPTH AVG.      0                MM      MM        1
DAYS >= 1.0         1               0.5     0.5        2
GREATEST
 SNOW DEPTH         2   03/04                          6  03/07
                                                          03/06
 24 HR TOTAL      2.3   MM                           7.0

DEGREE_DAYS
HEATING TOTAL     502               683    -181      834
 SINCE 7/1       3510              4306    -796     4673
COOLING TOTAL       2                 1       1        0
 SINCE 1/1          2                 1       1        0
.................................................................

WIND (MPH)
AVERAGE WIND SPEED              9.4
HIGHEST WIND SPEED/DIRECTION    38/300    DATE  03/28
HIGHEST GUST SPEED/DIRECTION    51/280    DATE  03/28

SKY COVER
POSSIBLE SUNSHINE (PERCENT)   MM
AVERAGE SKY COVER           0.40
NUMBER OF DAYS FAIR           17
NUMBER OF DAYS PC              9
NUMBER OF DAYS CLOUDY          5

AVERAGE RH (PERCENT)     62

WEATHER CONDITIONS. NUMBER OF DAYS WITH
THUNDERSTORM              0     MIXED PRECIP               1
HEAVY RAIN                2     RAIN                       4
LIGHT RAIN               12     FREEZING RAIN              0
LT FREEZING RAIN          0     HEAVY SNOW                 0
SNOW                      0     LIGHT SNOW                 5
SLEET                     0     FOG                       13
FOG W/VIS <= 1/4 MILE     2     HAZE                       6

-  INDICATES NEGATIVE NUMBERS.
R  INDICATES RECORD WAS SET OR TIED.
MM INDICATES DATA IS MISSING.
T  INDICATES TRACE AMOUNT.

$$
