000
CXUS52 KILM 010908
CLMILM


CLIMATE REPORT
NATIONAL WEATHER SERVICE WILMINGTON NC
506 AM EDT FRI SEP 1 2017

...................................

...THE WILMINGTON NC CLIMATE SUMMARY FOR THE MONTH OF AUGUST 2017...

CLIMATE NORMAL PERIOD 1981 TO 2010
CLIMATE RECORD PERIOD 1871 TO 2017

WEATHER         OBSERVED          NORMAL  DEPART  LAST YEAR`S
                 VALUE   DATE(S)  VALUE   FROM    VALUE  DATE(S)
                                          NORMAL
................................................................
TEMPERATURE (F)
RECORD
 HIGH             103   08/01/1999
 LOW               55   08/07/2004
                        08/30/1982
HIGHEST            95   08/18                         95  08/21
LOWEST             60   08/01                         65  08/24
AVG. MAXIMUM     87.0              88.1    -1.1     90.0
AVG. MINIMUM     71.9              71.3     0.6     73.8
MEAN             79.5              79.7    -0.2     81.9
DAYS MAX >= 90      8              10.4    -2.4       20
DAYS MAX <= 32      0               0.0     0.0        0
DAYS MIN <= 32      0               0.0     0.0        0
DAYS MIN <= 0       0               0.0     0.0        0

PRECIPITATION (INCHES)
RECORD
 MAXIMUM        18.83   2006
 MINIMUM         1.56   1930
TOTALS          10.18              7.41    2.77     7.51
DAILY AVG.       0.33              0.24    0.09     0.24
DAYS >= .01        19              15.9     3.1       15
DAYS >= .10        14               8.8     5.2       10
DAYS >= .50         7               4.4     2.6        4
DAYS >= 1.00        2               2.5    -0.5        3
GREATEST
 24 HR. TOTAL    3.21   08/08 TO 08/08

SNOWFALL (INCHES)
RECORDS
 TOTAL             MM   MM
 24 HR TOTAL       MM
TOTALS            0.0               0.0     0.0      0.0
SINCE 7/1         0.0               0.0     0.0      0.0
DAYS >= TRACE       0               0.0     0.0        0
DAYS >= 1.0         0               0.0     0.0        0
GREATEST
 SNOW DEPTH         0   MM                             0  MM
 24 HR TOTAL      0.0   08/31 TO 08/31

DEGREE_DAYS
HEATING TOTAL       0                 0       0        0
COOLING TOTAL     452               456      -4      530
..................................................

WIND (MPH)
AVERAGE WIND SPEED              6.5
RESULTANT WIND SPEED/DIRECTION   1/136
HIGHEST WIND SPEED/DIRECTION    26/290    DATE  08/08
HIGHEST GUST SPEED/DIRECTION    34/260    DATE  08/08

SKY COVER
POSSIBLE SUNSHINE (PERCENT)   MM
AVERAGE SKY COVER           0.40
NUMBER OF DAYS FAIR           16
NUMBER OF DAYS PC              9
NUMBER OF DAYS CLOUDY          6

AVERAGE RH (PERCENT)     81

WEATHER CONDITIONS. NUMBER OF DAYS WITH
THUNDERSTORM             15     MIXED PRECIP               0
HEAVY RAIN               15     RAIN                      14
LIGHT RAIN               22     FREEZING RAIN              0
LT FREEZING RAIN          0     HAIL                       0
HEAVY SNOW                0     SNOW                       0
LIGHT SNOW                0     SLEET                      0
FOG                      23     FOG W/VIS <= 1/4 MILE      2
HAZE                      3

-  INDICATES NEGATIVE NUMBERS.
R  INDICATES RECORD WAS SET OR TIED.
MM INDICATES DATA IS MISSING.
T  INDICATES TRACE AMOUNT.

$$
