000
CXUS52 KILM 030346
CLMILM


CLIMATE REPORT
NATIONAL WEATHER SERVICE WILMINGTON NC
1044 PM EST TUE DEC 2 2014

...................................

...THE WILMINGTON NC CLIMATE SUMMARY FOR THE MONTH OF NOVEMBER 2014...

CLIMATE NORMAL PERIOD 1981 TO 2010
CLIMATE RECORD PERIOD 1871 TO 2014

WEATHER         OBSERVED          NORMAL  DEPART  LAST YEAR`S
                 VALUE   DATE(S)  VALUE   FROM    VALUE  DATE(S)
                                          NORMAL
................................................................
TEMPERATURE (F)
RECORD
 HIGH              87   11/02/1974
 LOW               16   11/26/1950
HIGHEST            78   11/12                         84  11/18
LOWEST             23   11/19                         23  11/25
AVG. MAXIMUM     63.2              68.0    -4.8     66.5
AVG. MINIMUM     40.5              45.4    -4.9     42.6
MEAN             51.9              56.7    -4.8     54.5
DAYS MAX >= 90      0               0.0     0.0        0
DAYS MAX <= 32      0               0.0     0.0        0
DAYS MIN <= 32      8               2.4     5.6        6
DAYS MIN <= 0       0               0.0     0.0        0

PRECIPITATION (INCHES)
RECORD
 MAXIMUM         7.87   1972
 MINIMUM         0.07   1919
TOTALS           4.68              3.29    1.39     3.67
DAILY AVG.       0.16              0.11    0.05     0.12
DAYS >= .01         9               9.2    -0.2       11
DAYS >= .10         6               5.4     0.6        6
DAYS >= .50         3               2.0     1.0        3
DAYS >= 1.00        1               1.0     0.0        1
GREATEST
 24 HR. TOTAL    2.21   11/23 TO 11/24

SNOWFALL (INCHES)
RECORDS
 TOTAL            1.5   1879
 24 HR TOTAL      1.5   11/20/1879 TO 11/20/1879
TOTALS            0.0               0.0     0.0        T
SINCE 7/1         0.0               0.0     0.0        T
DAYS >= TRACE       0               0.0     0.0        2
DAYS >= 1.0         0               0.0     0.0        0
GREATEST
 SNOW DEPTH         0   MM                             0  MM
 24 HR TOTAL      0.0   MM

DEGREE_DAYS
HEATING TOTAL     394               272     122      330
COOLING TOTAL      10                23     -13       23
....................................................

WIND (MPH)
AVERAGE WIND SPEED              7.3
RESULTANT WIND SPEED/DIRECTION   3/318
HIGHEST WIND SPEED/DIRECTION    30/210    DATE  11/17
HIGHEST GUST SPEED/DIRECTION    42/220    DATE  11/17

SKY COVER
POSSIBLE SUNSHINE (PERCENT)   MM
AVERAGE SKY COVER           0.30
NUMBER OF DAYS FAIR           19
NUMBER OF DAYS PC              4
NUMBER OF DAYS CLOUDY          7

AVERAGE RH (PERCENT)     72

WEATHER CONDITIONS. NUMBER OF DAYS WITH
THUNDERSTORM              4     MIXED PRECIP               0
HEAVY RAIN                7     RAIN                       6
LIGHT RAIN               12     FREEZING RAIN              0
LT FREEZING RAIN          0     HAIL                       1
HEAVY SNOW                0     SNOW                       0
LIGHT SNOW                0     SLEET                      0
FOG                      18     FOG W/VIS <= 1/4 MILE      2
HAZE                      1

-  INDICATES NEGATIVE NUMBERS.
R  INDICATES RECORD WAS SET OR TIED.
MM INDICATES DATA IS MISSING.
T  INDICATES TRACE AMOUNT.

$$
