926
CXUS53 KLBF 011128 CCB
CLMIML

CLIMATE REPORT
NATIONAL WEATHER SERVICE NORTH PLATTE
525 AM CST WED MAR 1 2017

...................................

...THE IMPERIAL NE CLIMATE SUMMARY FOR THE MONTH OF FEBRUARY 2017...

CLIMATE NORMAL PERIOD 1981 TO 2010
CLIMATE RECORD PERIOD 1893 TO 2017

WEATHER         OBSERVED          NORMAL  DEPART  LAST YEAR`S
                 VALUE   DATE(S)  VALUE   FROM    VALUE  DATE(S)
                                          NORMAL
................................................................
TEMPERATURE (F)
RECORD
 HIGH              78   02/21/2017
                        02/22/1982
                        02/17/1970
 LOW              -35   02/12/1899
HIGHEST            78R  02/21        68      10       77  02/18
LOWEST              8   02/25        -2      10        4  02/04
AVG. MAXIMUM     52.0              44.5     7.5     49.1
AVG. MINIMUM     24.0              18.6     5.4     24.5
MEAN             38.0              31.5     6.5     36.8
DAYS MAX >= 90      0               0.0     0.0        0
DAYS MAX <= 32      4               4.8    -0.8        3
DAYS MIN <= 32     23              27.2    -4.2       27
DAYS MIN <= 0       0               1.0    -1.0        0

PRECIPITATION (INCHES)
RECORD
 MAXIMUM         2.75   1903
 MINIMUM         0.00   1970
TOTALS             MM              0.38      MM     0.36
DAILY AVG.         MM              0.01      MM     0.01
DAYS >= .01        MM                MM      MM        3
DAYS >= .10        MM                MM      MM        2
DAYS >= .50        MM                MM      MM        0
DAYS >= 1.00       MM                MM      MM        0
GREATEST
 24 HR. TOTAL      MM

SNOWFALL (INCHES)
TOTALS             MM

DEGREE_DAYS
HEATING TOTAL     751               936    -185      809
 SINCE 7/1       4080              4589    -509     4014
COOLING TOTAL       0                 0       0        0
 SINCE 1/1          0                 0       0        0
...................................................

WIND (MPH)
HIGHEST WIND SPEED/DIRECTION    35/320    DATE  02/20
HIGHEST GUST SPEED/DIRECTION    44/300    DATE  02/22

AVERAGE RH (PERCENT)     56

WEATHER CONDITIONS. NUMBER OF DAYS WITH
THUNDERSTORM              0     MIXED PRECIP               0
HEAVY RAIN                0     RAIN                       0
LIGHT RAIN                1     FREEZING RAIN              0
LT FREEZING RAIN          1     HAIL                       0
HEAVY SNOW                1     SNOW                       1
LIGHT SNOW                5     SLEET                      0
FOG                       6     FOG W/VIS <= 1/4 MILE      0
HAZE                      6

-  INDICATES NEGATIVE NUMBERS.
R  INDICATES RECORD WAS SET OR TIED.
MM INDICATES DATA IS MISSING.
T  INDICATES TRACE AMOUNT.

$$
