000
CXUS53 KDVN 011523
CLMIOW


CLIMATE REPORT
NATIONAL WEATHER SERVICE QUAD CITIES IA IL
1010 AM CDT MON MAY 1 2017

...................................

...THE IOWA CITY IA CLIMATE SUMMARY FOR THE MONTH OF APRIL 2017...

CLIMATE NORMAL PERIOD 1981 TO 2010
CLIMATE RECORD PERIOD 9999 TO 9999

WEATHER         OBSERVED          NORMAL  DEPART
                 VALUE   DATE(S)  VALUE   FROM
                                          NORMAL
................................................
TEMPERATURE (F)
HIGHEST            81   04/15        66      15
LOWEST             30   04/07        35      -5
AVG. MAXIMUM     65.3              61.7     3.6
AVG. MINIMUM     44.2              40.2     4.0
MEAN             54.7              51.0     3.7
DAYS MAX >= 90      0
DAYS MAX <= 32      0
DAYS MIN <= 32      2
DAYS MIN <= 0       0

PRECIPITATION (INCHES)
TOTALS           4.76              3.50    1.26
DAILY AVG.       0.16              0.12    0.04
DAYS >= .01        13
DAYS >= .10        10
DAYS >= .50         5
DAYS >= 1.00        0
GREATEST
 24 HR. TOTAL    0.97   04/05

DEGREE_DAYS
HEATING TOTAL     313               426    -113
 SINCE 7/1       4958              6193   -1235
COOLING TOTAL      11                 4       7
 SINCE 1/1         11                 4       7
.................................................

WIND (MPH)
AVERAGE WIND SPEED              9.4
HIGHEST WIND SPEED/DIRECTION    38/250    DATE  04/10
HIGHEST GUST SPEED/DIRECTION    47/260    DATE  04/10

SKY COVER
POSSIBLE SUNSHINE (PERCENT)   MM
AVERAGE SKY COVER           0.50
NUMBER OF DAYS FAIR           14
NUMBER OF DAYS PC              7
NUMBER OF DAYS CLOUDY          9

AVERAGE RH (PERCENT)     65

WEATHER CONDITIONS. NUMBER OF DAYS WITH
THUNDERSTORM              6     HAIL                       0
SLEET                     0     FOG                       11
FOG W/VIS <= 1/4 MILE     0     HAZE                       4

-  INDICATES NEGATIVE NUMBERS.
R  INDICATES RECORD WAS SET OR TIED.
MM INDICATES DATA IS MISSING.
T  INDICATES TRACE AMOUNT.

$$
