000
CXUS51 KCTP 050315
CLMIPT

CLIMATE REPORT
NATIONAL WEATHER SERVICE STATE COLLEGE PA
343 AM EDT SAT JUL 1 2017

...................................

...THE WILLIAMSPORT PA CLIMATE SUMMARY FOR THE MONTH OF JUNE 2017...

CLIMATE NORMAL PERIOD 1981 TO 2010
CLIMATE RECORD PERIOD 1895 TO 2017

WEATHER         OBSERVED          NORMAL  DEPART  LAST YEAR`S
                 VALUE   DATE(S)  VALUE   FROM    VALUE  DATE(S)
                                          NORMAL
................................................................
TEMPERATURE (F)
RECORD
 HIGH             104   06/05/1925
 LOW               36   06/03/1986
                        06/01/1907
HIGHEST            95   06/13                         93  06/11
LOWEST             46   06/04                         48  06/09
AVG. MAXIMUM     81.6              79.7     1.9     81.8
AVG. MINIMUM     58.3              57.6     0.7     58.5
MEAN             70.0              68.6     1.4     70.2
DAYS MAX >= 90      3               2.2     0.8        3
DAYS MAX <= 32      0               0.0     0.0        0
DAYS MIN <= 32      0               0.0     0.0        0
DAYS MIN <= 0       0               0.0     0.0        0

PRECIPITATION (INCHES)
RECORD
 MAXIMUM        16.80   1972
 MINIMUM         0.66   1966
TOTALS           3.70              3.92   -0.22     4.45
DAILY AVG.       0.12              0.13   -0.01     0.15
DAYS >= .01        14              11.9     2.1       12
DAYS >= .10         8               7.8     0.2        7
DAYS >= .50         2               2.6    -0.6        2
DAYS >= 1.00        1               0.9     0.1        1
GREATEST
 24 HR. TOTAL    1.40   06/18 TO 06/18

SNOWFALL (INCHES)
RECORDS
 TOTAL            0.0   MM
TOTALS            0.0               0.0     0.0      0.0
SINCE 7/1        41.1              36.0     5.1      7.7
SNOWDEPTH AVG.      0                MM      MM        0
DAYS >= 1.0         0               0.0     0.0        0
GREATEST
 SNOW DEPTH         0   MM                             0  MM
 24 HR TOTAL      0.0

DEGREE_DAYS
HEATING TOTAL      21                37     -16        9
 SINCE 7/1       4950              5995   -1045     4916
COOLING TOTAL     179               146      33      172
 SINCE 1/1        229               189      40      245
.........................................................

WIND (MPH)
AVERAGE WIND SPEED              5.3
HIGHEST WIND SPEED/DIRECTION    30/300    DATE  06/13
HIGHEST GUST SPEED/DIRECTION    45/300    DATE  06/13

SKY COVER
POSSIBLE SUNSHINE (PERCENT)   MM
AVERAGE SKY COVER           0.40
NUMBER OF DAYS FAIR           14
NUMBER OF DAYS PC             11
NUMBER OF DAYS CLOUDY          5

AVERAGE RH (PERCENT)     69

WEATHER CONDITIONS. NUMBER OF DAYS WITH
THUNDERSTORM              7     MIXED PRECIP               0
HEAVY RAIN                7     RAIN                       4
LIGHT RAIN               19     FREEZING RAIN              0
LT FREEZING RAIN          0     HAIL                       0
HEAVY SNOW                0     SNOW                       0
LIGHT SNOW                0     SLEET                      0
FOG                      16     FOG W/VIS <= 1/4 MILE      3
HAZE                      5

-  INDICATES NEGATIVE NUMBERS.
R  INDICATES RECORD WAS SET OR TIED.
MM INDICATES DATA IS MISSING.
T  INDICATES TRACE AMOUNT.

&&

A RECORD DAILY MAXIMUM RAINFALL OF 1.40 INCHES WAS SET ON THE 18TH.
THIS BROKE THE PREVIOUS RECORD OF 1.10 INCHES SET IN 1930.

$$
MS (MD RE-ISSUED WITH NO CORRECTIONS)
