000
CXUS53 KEAX 020350
CLMIRK

CLIMATE REPORT
NATIONAL WEATHER SERVICE KANSAS CITY/PLEASANT HILL MO
1044 PM CDT THU JUN 1 2017

...................................

...THE KIRKSVILLE CLIMATE SUMMARY FOR THE MONTH OF MAY 2017...

CLIMATE NORMAL PERIOD 1981 TO 2010
CLIMATE RECORD PERIOD 9999 TO 9999

WEATHER         OBSERVED          NORMAL  DEPART  LAST YEAR`S
                 VALUE   DATE(S)  VALUE   FROM    VALUE  DATE(S)
                                          NORMAL
................................................................
TEMPERATURE (F)
HIGHEST            87   05/15        85       2       85  05/30
LOWEST             39   05/07        37       2       38  05/19
                                                          05/03
AVG. MAXIMUM     73.9              72.3     1.6     72.1
AVG. MINIMUM     49.9              51.6    -1.7     50.4
MEAN             61.9              62.0    -0.1     61.2
DAYS MAX >= 90      0               0.1    -0.1        0
DAYS MAX <= 32      0               0.0     0.0        0
DAYS MIN <= 32      0               0.3    -0.3        0
DAYS MIN <= 0       0               0.0     0.0        0

PRECIPITATION (INCHES)
TOTALS           1.79              4.96   -3.17     4.72
DAILY AVG.       0.06              0.16   -0.10     0.15
DAYS >= .01         9              12.4    -3.4       13
DAYS >= .10         6               7.5    -1.5       10
DAYS >= .50         1               3.1    -2.1        3
DAYS >= 1.00        0               1.2    -1.2        1
GREATEST
 24 HR. TOTAL    0.99   04/30 TO 05/01

DEGREE_DAYS
HEATING TOTAL     156               150       6      170
 SINCE 7/1       4613              5840   -1227     4738
COOLING TOTAL      68                55      13       64
 SINCE 1/1         92                62      30       72
.................................................................

WIND (MPH)
AVERAGE WIND SPEED              8.5
HIGHEST WIND SPEED/DIRECTION    35/180    DATE  05/17
HIGHEST GUST SPEED/DIRECTION    50/210    DATE  05/17

SKY COVER
POSSIBLE SUNSHINE (PERCENT)   MM
AVERAGE SKY COVER           0.30
NUMBER OF DAYS FAIR           19
NUMBER OF DAYS PC              9
NUMBER OF DAYS CLOUDY          3

AVERAGE RH (PERCENT)     68

WEATHER CONDITIONS. NUMBER OF DAYS WITH
THUNDERSTORM              5     MIXED PRECIP               0
HEAVY RAIN                3     RAIN                       3
LIGHT RAIN                9     FREEZING RAIN              0
LT FREEZING RAIN          0     HAIL                       0
HEAVY SNOW                0     SNOW                       0
LIGHT SNOW                0     SLEET                      0
FOG                      11     FOG W/VIS <= 1/4 MILE      2
HAZE                      2

-  INDICATES NEGATIVE NUMBERS.
R  INDICATES RECORD WAS SET OR TIED.
MM INDICATES DATA IS MISSING.
T  INDICATES TRACE AMOUNT.

$$
