504
CXHW53 PHFO 080151
CLMITO


CLIMATE REPORT
NATIONAL WEATHER SERVICE HONOLULU HI
351 PM HST THU JUL 7 2016

...................................

...THE HILO HI CLIMATE SUMMARY FOR THE MONTH OF JUNE 2016...

CLIMATE NORMAL PERIOD 1981 TO 2010
CLIMATE RECORD PERIOD 1946 TO 2016

WEATHER         OBSERVED          NORMAL  DEPART  LAST YEAR`S
                 VALUE   DATE(S)  VALUE   FROM    VALUE  DATE(S)
                                          NORMAL
................................................................
TEMPERATURE (F)
RECORD
 HIGH              90   06/24/1969
 LOW               61   06/26/1956
HIGHEST            86   06/30        82       4       MM  MM
                        06/29
                        06/28
LOWEST             67   06/20        68      -1       MM  MM
                        06/09
AVG. MAXIMUM     83.4              82.2     1.2       MM
AVG. MINIMUM     70.3              68.2     2.1       MM
MEAN             76.9              75.2     1.7       MM
DAYS MAX >= 90      0               0.0     0.0       MM
DAYS MAX <= 32      0               0.0     0.0       MM
DAYS MIN <= 32      0               0.0     0.0       MM
DAYS MIN <= 0       0               0.0     0.0       MM

PRECIPITATION (INCHES)
RECORD
 MAXIMUM        22.70   1997
 MINIMUM         1.80   1985
TOTALS          11.19              7.37    3.82       MM
DAILY AVG.       0.37              0.25    0.12       MM
DAYS >= .01        26              25.1     0.9       MM
DAYS >= .10        21              16.5     4.5       MM
DAYS >= .50         7               4.4     2.6       MM
DAYS >= 1.00        2               1.3     0.7       MM
GREATEST
 24 HR. TOTAL    3.12   06/13 TO 06/14                MM

SNOWFALL (INCHES)
RECORDS
 TOTAL             MM   0
TOTALS            0.0               0.0     0.0       MM
SINCE 7/1         0.0               0.0     0.0       MM
SNOWDEPTH AVG.      0                MM      MM       MM
DAYS >= 1.0         0               0.0     0.0       MM
GREATEST
 SNOW DEPTH         0   MM                            MM  MM
 24 HR TOTAL      0.0   06/30 TO 06/30                MM

DEGREE_DAYS
HEATING TOTAL       0                 0       0       MM
 SINCE 7/1          0                 0       0       MM
COOLING TOTAL     366               306      60       MM
 SINCE 1/1       1912              1374     538       MM
.................................................................

WIND (MPH)
AVERAGE WIND SPEED              6.5
HIGHEST WIND SPEED/DIRECTION    17/060    DATE  06/25
HIGHEST GUST SPEED/DIRECTION    24/070    DATE  06/30

SKY COVER
POSSIBLE SUNSHINE (PERCENT)   MM
AVERAGE SKY COVER           0.70
NUMBER OF DAYS FAIR            1
NUMBER OF DAYS PC             21
NUMBER OF DAYS CLOUDY          8

AVERAGE RH (PERCENT)     79

WEATHER CONDITIONS. NUMBER OF DAYS WITH
THUNDERSTORM              0     MIXED PRECIP               0
HEAVY RAIN               20     RAIN                      18
LIGHT RAIN               27     FREEZING RAIN              0
LT FREEZING RAIN          0     HAIL                       0
HEAVY SNOW                0     SNOW                       0
LIGHT SNOW                0     SLEET                      0
FOG                      25     FOG W/VIS <= 1/4 MILE      0
HAZE                      8

-  INDICATES NEGATIVE NUMBERS.
R  INDICATES RECORD WAS SET OR TIED.
MM INDICATES DATA IS MISSING.
T  INDICATES TRACE AMOUNT.

$$
