000
CXUS53 KGLD 051430
CLMITR

CLIMATE REPORT
NATIONAL WEATHER SERVICE GOODLAND
823 AM MDT FRI MAY 5 2017

...................................

...THE BURLINGTON CLIMATE SUMMARY FOR THE MONTH OF APRIL 2017...

CLIMATE NORMAL PERIOD 1981 TO 2010
CLIMATE RECORD PERIOD 1896 TO 2017

WEATHER         OBSERVED          NORMAL  DEPART  LAST YEAR`S
                 VALUE   DATE(S)  VALUE   FROM    VALUE  DATE(S)
                                          NORMAL
................................................................
TEMPERATURE (F)
RECORD
 HIGH              95   04/25/2012
 LOW               -3   04/02/1936
HIGHEST            86   04/14        85       1       81  04/23
LOWEST             30   04/11        19      11       18  04/01
                        04/10
                        04/05
AVG. MAXIMUM     63.7              62.4     1.3     63.5
AVG. MINIMUM     38.0              33.5     4.5     35.1
MEAN             50.8              47.9     2.9     49.3
DAYS MAX >= 90      0               0.1    -0.1        0
DAYS MAX <= 32      0               0.4    -0.4        0
DAYS MIN <= 32      7              12.9    -5.9       10
DAYS MIN <= 0       0               0.0     0.0        0

PRECIPITATION (INCHES)
RECORD
 MAXIMUM         5.70   1944
 MINIMUM         0.00   1963
TOTALS           2.89              1.46    1.43     4.65
DAILY AVG.       0.10              0.05    0.05     0.16
DAYS >= .01         8                MM      MM        8
DAYS >= .10         8                MM      MM        7
DAYS >= .50         2                MM      MM        4
DAYS >= 1.00        0                MM      MM        3
GREATEST
 24 HR. TOTAL    0.86   04/21 TO 04/21              2.28


.................................................................



-  INDICATES NEGATIVE NUMBERS.
R  INDICATES RECORD WAS SET OR TIED.
MM INDICATES DATA IS MISSING.
T  INDICATES TRACE AMOUNT.

$$
