000
CXUS54 KJAN 021434
CLMJAN


CLIMATE REPORT
NATIONAL WEATHER SERVICE JACKSON MS
831 AM CST SUN NOV 2 2014

...................................

...THE JACKSON CLIMATE SUMMARY FOR THE MONTH OF OCTOBER 2014...

CLIMATE NORMAL PERIOD 1981 TO 2010
CLIMATE RECORD PERIOD 1896 TO 2014

WEATHER         OBSERVED          NORMAL  DEPART  LAST YEAR`S
                 VALUE   DATE(S)  VALUE   FROM    VALUE  DATE(S)
                                          NORMAL
................................................................
TEMPERATURE (F)
RECORD
 HIGH              98   10/04/1911
 LOW               26   10/31/1993
                        10/31/1917
HIGHEST            90   10/02        89       1       90  10/04
                        10/01
LOWEST             41   10/30        35       6       37  10/26
AVG. MAXIMUM     80.5              77.2     3.3     77.8
AVG. MINIMUM     54.4              53.1     1.3     55.8
MEAN             67.5              65.1     2.4     66.8
DAYS MAX >= 90      2               0.8     1.2        1
DAYS MAX <= 32      0               0.0     0.0        0
DAYS MIN <= 32      0               0.2    -0.2        0
DAYS MIN <= 0       0               0.0     0.0        0

PRECIPITATION (INCHES)
RECORD
 MAXIMUM        10.58   1918
 MINIMUM         0.00   2005
                        1963
                        1924
TOTALS           2.98              3.92   -0.94     2.10
DAILY AVG.       0.10              0.13   -0.03     0.07
DAYS >= .01         3               7.6    -4.6        7
DAYS >= .10         3               4.9    -1.9        4
DAYS >= .50         2               2.5    -0.5        1
DAYS >= 1.00        1               1.3    -0.3        1
GREATEST
 24 HR. TOTAL    1.59   10/13 TO 10/13              1.41
                        10/12 TO 10/13
                        10/13 TO 10/13

SNOWFALL (INCHES)
RECORDS
 TOTAL            0.0   MM
TOTALS            0.0               0.0     0.0      0.0
SINCE 7/1         0.0               0.0     0.0      0.0
DAYS >= TRACE       0
DAYS >= 1.0         0               0.0     0.0        0
GREATEST
 24 HR TOTAL      0.0   10/31 TO 10/31

DEGREE_DAYS
HEATING TOTAL      63               100     -37       82
 SINCE 7/1         63               107     -44       82
COOLING TOTAL     149               105      44      145
 SINCE 1/1       2278              2231      47     2332
.................................................................

WIND (MPH)
AVERAGE WIND SPEED              6.0
HIGHEST WIND SPEED/DIRECTION    32/160    DATE  10/13
HIGHEST GUST SPEED/DIRECTION    42/170    DATE  10/13

SKY COVER
POSSIBLE SUNSHINE (PERCENT)   MM
AVERAGE SKY COVER           0.30
NUMBER OF DAYS FAIR           17
NUMBER OF DAYS PC             13
NUMBER OF DAYS CLOUDY          1

AVERAGE RH (PERCENT)     69

WEATHER CONDITIONS. NUMBER OF DAYS WITH
THUNDERSTORM              3     MIXED PRECIP               0
HEAVY RAIN                3     RAIN                       2
LIGHT RAIN                3     FREEZING RAIN              0
LT FREEZING RAIN          0     HAIL                       0
HEAVY SNOW                0     SNOW                       0
LIGHT SNOW                0     SLEET                      0
FOG                      21     FOG W/VIS <= 1/4 MILE      2
HAZE                      4

-  INDICATES NEGATIVE NUMBERS.
R  INDICATES RECORD WAS SET OR TIED.
MM INDICATES DATA IS MISSING.
T  INDICATES TRACE AMOUNT.

$$
