427
CXUS51 KOKX 011500
CLMJFK

CLIMATE REPORT
NATIONAL WEATHER SERVICE NEW YORK NY
1056 AM EDT SAT APR 1 2017

...................................

...THE KENNEDY NY CLIMATE SUMMARY FOR THE MONTH OF MARCH 2017...

CLIMATE NORMAL PERIOD 1981 TO 2010
CLIMATE RECORD PERIOD 1948 TO 2017

WEATHER         OBSERVED          NORMAL  DEPART  LAST YEAR`S
                 VALUE   DATE(S)  VALUE   FROM    VALUE  DATE(S)
                                          NORMAL
................................................................
TEMPERATURE (F)
RECORD
 HIGH              85   03/13/1990
 LOW                4   03/26/1960
HIGHEST            64   03/09        MM      MM       72  03/23
LOWEST             16   03/05        MM      MM       27  03/03
AVG. MAXIMUM     46.9              49.0    -2.1     55.4
AVG. MINIMUM     31.7              34.2    -2.5     39.6
MEAN             39.3              41.6    -2.3     47.5
DAYS MAX >= 90      0               0.0     0.0        0
DAYS MAX <= 32      3               0.7     2.3        0
DAYS MIN <= 32     16              11.0     5.0        5
DAYS MIN <= 0       0               0.0     0.0        0

PRECIPITATION (INCHES)
RECORD
 MAXIMUM         8.62   2010
 MINIMUM         0.95   1981
TOTALS           5.79              3.78    2.01     1.39
DAILY AVG.       0.19              0.12    0.07     0.04
DAYS >= .01        12              11.0     1.0        8
DAYS >= .10         7               7.0     0.0        4
DAYS >= .50         3               2.6     0.4        0
DAYS >= 1.00        2               1.0     1.0        0
GREATEST
 24 HR. TOTAL    2.07   03/31 TO 03/31           03/28 TO 03/28
                                                          03/27 TO 03/28
                                                          03/28 TO 03/28
 STORM TOTAL       MM                                 MM
 (MM/DD(HH))            MM                    03/28(00) TO 03/28(00)
                                                 03/28(00) TO 03/28(00)8
                                                 03/28(00) TO 03/28(00)8

SNOWFALL (INCHES)
RECORDS
 TOTAL           15.5   1967
                        0
                        0
 24 HR TOTAL       MM
TOTALS            7.5               3.5     4.0      1.9
 LIQUID EQUIV    0.75              0.30    0.45     0.19
SINCE 7/1        30.9              23.0     7.9
 LIQUID 7/1      3.09              2.30             4.14
DAYS >= TRACE       6               2.3     3.7        4
DAYS >= 1.0         2               1.0     1.0        1
GREATEST
 SNOW DEPTH         4   03/16                          1  03/21
                        03/15                             03/04
                        03/14
 24 HR TOTAL      5.1   03/14 TO 03/14           03/28 TO 03/28
                                                          03/28 TO 03/28
                                                          03/28 TO 03/28
 STORM TOTAL       MM                                 MM
 (MM/DD(HH))            MM                    03/28(00) TO 03/28(00)
                                                 03/28(00) TO 03/28(00)8
                                                 03/28(00) TO 03/28(00)8

DEGREE_DAYS
HEATING TOTAL     788               725      63      533
 SINCE 7/1       3706              4236    -530     3287
COOLING TOTAL       0                 0       0        0
 SINCE 1/1          0                 0       0        0
.........................................................

WIND (MPH)
AVERAGE WIND SPEED              14.8
HIGHEST WIND SPEED/DIRECTION    41/280    DATE  03/02
HIGHEST GUST SPEED/DIRECTION    55/290    DATE  03/02

SKY COVER
POSSIBLE SUNSHINE (PERCENT)   MM
AVERAGE SKY COVER           0.60
NUMBER OF DAYS FAIR            7
NUMBER OF DAYS PC             13
NUMBER OF DAYS CLOUDY         11

AVERAGE RH (PERCENT)     56

WEATHER CONDITIONS. NUMBER OF DAYS WITH
THUNDERSTORM              0     MIXED PRECIP               0
HEAVY RAIN                3     RAIN                       4
LIGHT RAIN               12     FREEZING RAIN              0
LT FREEZING RAIN          0     HAIL                       0
HEAVY SNOW                0     SNOW                       3
LIGHT SNOW                5     SLEET                      1
FOG                      10     FOG W/VIS <= 1/4 MILE      2
HAZE                      3

-  INDICATES NEGATIVE NUMBERS.
R  INDICATES RECORD WAS SET OR TIED.
MM INDICATES DATA IS MISSING.
T  INDICATES TRACE AMOUNT.

$$
