000
CXUS51 KCTP 012031
CLMJST

CLIMATE REPORT
NATIONAL WEATHER SERVICE STATE COLLEGE PA
532 PM EDT TUE SEP 1 2015

...................................

...THE JOHNSTOWN CLIMATE SUMMARY FOR THE MONTH OF AUGUST 2015...

CLIMATE NORMAL PERIOD 1981 TO 2010
CLIMATE RECORD PERIOD 2000 TO 2015

WEATHER         OBSERVED          NORMAL  DEPART  LAST YEAR`S
                 VALUE   DATE(S)  VALUE   FROM    VALUE  DATE(S)
                                          NORMAL
................................................................
TEMPERATURE (F)
RECORD
 HIGH             103   08/07/1918
                        08/06/1918
 LOW               32   08/31/1894
HIGHEST            86   08/17                         82  08/27
LOWEST             49   08/28                         46  08/15
AVG. MAXIMUM     76.8              76.3     0.5     74.4
AVG. MINIMUM     59.2              59.4    -0.2     57.7
MEAN             68.0              67.8     0.2     66.1

DAYS MAX >= 90      0                MM      MM        0
DAYS MAX <= 32      0                MM      MM        0
DAYS MIN <= 32      0                MM      MM        0
DAYS MIN <= 0       0                MM      MM        0

PRECIPITATION (INCHES)
RECORD
 MAXIMUM        10.14   1975
 MINIMUM         0.89   1894
TOTALS           2.70              3.80   -1.10     4.01
DAILY AVG.       0.09              0.12   -0.03     0.13
DAYS >= .01         7                MM      MM       12
DAYS >= .10         6                MM      MM        6
DAYS >= .50         2                MM      MM        4
DAYS >= 1.00        0                MM      MM        1
GREATEST
 24 HR. TOTAL    1.16

DEGREE_DAYS
HEATING TOTAL      23                29      -6       34
 SINCE 7/1         30                42     -12       83
COOLING TOTAL     125               118       7       77
 SINCE 1/1        455               360      95      295
...................................................

WIND (MPH)
AVERAGE WIND SPEED              6.6
HIGHEST WIND SPEED/DIRECTION    23/240    DATE  08/20
HIGHEST GUST SPEED/DIRECTION    32/220    DATE  08/19

SKY COVER
POSSIBLE SUNSHINE (PERCENT)   MM
AVERAGE SKY COVER           0.40
NUMBER OF DAYS FAIR           17
NUMBER OF DAYS PC             12
NUMBER OF DAYS CLOUDY          2

AVERAGE RH (PERCENT)     67

WEATHER CONDITIONS. NUMBER OF DAYS WITH
THUNDERSTORM              5     MIXED PRECIP               0
HEAVY RAIN                5     RAIN                       3
LIGHT RAIN               11     FREEZING RAIN              0
LT FREEZING RAIN          0     HAIL                       0
HEAVY SNOW                0     SNOW                       0
LIGHT SNOW                0     SLEET                      0
FOG                      12     FOG W/VIS <= 1/4 MILE      2
HAZE                      1

-  INDICATES NEGATIVE NUMBERS.
R  INDICATES RECORD WAS SET OR TIED.
MM INDICATES DATA IS MISSING.
T  INDICATES TRACE AMOUNT.

$$

LA CORTE
