000
CXUS55 KCYS 021523
CLMLAR


CLIMATE REPORT
NATIONAL WEATHER SERVICE CHEYENNE WY
923 AM MDT SUN AUG 2 2015

...................................

...THE LARAMIE WY AIRPORT CLIMATE SUMMARY FOR THE MONTH OF JULY 2015...

CLIMATE NORMAL PERIOD 1981 TO 2010
CLIMATE RECORD PERIOD 1948 TO 2015

WEATHER         OBSERVED          NORMAL  DEPART  LAST YEAR`S
                 VALUE   DATE(S)  VALUE   FROM    VALUE
                                          NORMAL
.............................................................
TEMPERATURE (F)
RECORD
 HIGH              94   07/22/1982
 LOW               32   07/07/1993
                        07/07/1952
HIGHEST            87   07/04        MM      MM       89
LOWEST             39   07/30        MM      MM       36
                        07/20
AVG. MAXIMUM     78.1              80.1    -2.0     80.1
AVG. MINIMUM     47.6              48.0    -0.4     49.9
MEAN             62.9              64.0    -1.1     65.0
DAYS MAX >= 90      0               1.2                0
DAYS MAX <= 32      0               0.0                0
DAYS MIN <= 32      0               0.0                0
DAYS MIN <= 0       0               0.0                0

PRECIPITATION (INCHES)
RECORD
 MAXIMUM         4.43   1998
 MINIMUM         0.17   1997
TOTALS           2.39              1.43    0.96     3.32
DAYS >= .01        14               9.2     4.8       10
DAYS >= .10         7               4.0     3.0        7
DAYS >= .50         2               0.7     1.3        2
DAYS >= 1.00        0               0.1    -0.1        1
GREATEST
 24 HR. TOTAL    1.10   07/05 TO 07/06

DEGREE_DAYS
HEATING TOTAL      78                69       9       55
 SINCE 7/1         78                69       9       55
COOLING TOTAL      20                40     -20       62
 SINCE 1/1         34                47     -13       65
..............................................................

WIND (MPH)
AVERAGE WIND SPEED              10.0
HIGHEST WIND SPEED/DIRECTION    43/210    DATE  07/11
HIGHEST GUST SPEED/DIRECTION    53/210    DATE  07/27

SKY COVER
POSSIBLE SUNSHINE (PERCENT)   MM
AVERAGE SKY COVER           0.30
NUMBER OF DAYS FAIR           23
NUMBER OF DAYS PC              5
NUMBER OF DAYS CLOUDY          3

AVERAGE RH (PERCENT)     56

WEATHER CONDITIONS. NUMBER OF DAYS WITH
THUNDERSTORM              0     MIXED PRECIP               0
HEAVY RAIN                6     RAIN                       5
LIGHT RAIN               16     FREEZING RAIN              0
LT FREEZING RAIN          0     HAIL                       0
HEAVY SNOW                0     SNOW                       0
LIGHT SNOW                0     SLEET                      0
FOG                       6     FOG W/VIS <= 1/4 MILE      0
HAZE                      1

-  INDICATES NEGATIVE NUMBERS.
R  INDICATES RECORD WAS SET OR TIED.
MM INDICATES DATA IS MISSING.
T  INDICATES TRACE AMOUNT.

$$
