000
CXUS54 KLUB 011511
CLMLBB


CLIMATE REPORT
NATIONAL WEATHER SERVICE LUBBOCK, TX
1010 AM CDT SAT APR 1 2017

...................................

...THE LUBBOCK CLIMATE SUMMARY FOR THE MONTH OF MARCH 2017...

CLIMATE NORMAL PERIOD 1981 TO 2010
CLIMATE RECORD PERIOD 1911 TO 2017

WEATHER         OBSERVED          NORMAL  DEPART  LAST YEAR`S
                 VALUE   DATE(S)  VALUE   FROM    VALUE  DATE(S)
                                          NORMAL
................................................................
TEMPERATURE (F)
RECORD
 HIGH              95   03/11/1989
                        03/31/1946
 LOW               -2   03/02/1922
HIGHEST            93   03/20                         87  03/22
LOWEST             27   03/02                         27  03/19
AVG. MAXIMUM     74.7              66.7     8.0     72.6
AVG. MINIMUM     43.6              37.0     6.6     41.5
MEAN             59.2              51.9     7.3     57.1
DAYS MAX >= 90      2               0.3     1.7        0
DAYS MAX <= 32      0               0.2    -0.2        0
DAYS MIN <= 32      2               8.6    -6.6        1
DAYS MIN <= 0       0               0.0     0.0        0

PRECIPITATION (INCHES)
RECORD
 MAXIMUM         5.94   2007
 MINIMUM         0.00   1956
TOTALS           0.67              1.10   -0.43     0.20
DAILY AVG.       0.02              0.04   -0.02     0.01
DAYS >= .01         3                                  2
DAYS >= .10         3                                  1
DAYS >= .50         0                                  0
DAYS >= 1.00        0                                  0
GREATEST
 24 HR. TOTAL    0.39   03/29 TO 03/29

SNOWFALL (INCHES)
RECORDS
 TOTAL           16.5   1915
 24 HR TOTAL       MM
 SNOW DEPTH        MM   MM
TOTALS            0.0               0.6    -0.6      0.0
SINCE 7/1         0.2               8.0    -7.8     13.3
SNOWDEPTH AVG.      0                MM      MM        0
DAYS >= TRACE       0               0.8    -0.8        0
DAYS >= 1.0         0               0.1    -0.1        0
GREATEST
 SNOW DEPTH         0   MM                             0  MM
 24 HR TOTAL      0.0   03/31 TO 03/31           03/30 TO 03/30
                                                          03/30 TO 03/30
                                                          03/30 TO 03/30

DEGREE_DAYS
HEATING TOTAL     220               415    -195      249
 SINCE 7/1       2304              3154    -850     2649
COOLING TOTAL      46                 7      39       12
 SINCE 1/1         50                 7      43       16
.................................................

WIND (MPH)
AVERAGE WIND SPEED              13.6
HIGHEST WIND SPEED/DIRECTION    44/170    DATE  03/23
HIGHEST GUST SPEED/DIRECTION    54/190    DATE  03/23

SKY COVER
POSSIBLE SUNSHINE (PERCENT)   MM
AVERAGE SKY COVER           0.40
NUMBER OF DAYS FAIR           15
NUMBER OF DAYS PC             13
NUMBER OF DAYS CLOUDY          3

AVERAGE RH (PERCENT)     52

WEATHER CONDITIONS. NUMBER OF DAYS WITH
THUNDERSTORM              0     MIXED PRECIP               0
HEAVY RAIN                1     RAIN                       1
LIGHT RAIN                5     FREEZING RAIN              0
LT FREEZING RAIN          0     HAIL                       0
HEAVY SNOW                0     SNOW                       0
LIGHT SNOW                0     SLEET                      0
FOG                      11     FOG W/VIS <= 1/4 MILE      2
HAZE                     17

-  INDICATES NEGATIVE NUMBERS.
R  INDICATES RECORD WAS SET OR TIED.
MM INDICATES DATA IS MISSING.
T  INDICATES TRACE AMOUNT.

$$
