000
CXUS52 KILM 011929
CLMLBT


CLIMATE REPORT
NATIONAL WEATHER SERVICE WILMINGTON NC
327 PM EDT FRI JUL 1 2016

...................................

...THE LUMBERTON NC CLIMATE SUMMARY FOR THE MONTH OF JUNE 2016...

CLIMATE NORMAL PERIOD 1981 TO 2010
CLIMATE RECORD PERIOD 9999 TO 9999

WEATHER         OBSERVED          NORMAL  DEPART  LAST YEAR`S
                 VALUE   DATE(S)  VALUE   FROM    VALUE  DATE(S)
                                          NORMAL
................................................................
TEMPERATURE (F)
HIGHEST           100   06/12                        104
LOWEST             57   06/09                         63
AVG. MAXIMUM     91.8              88.5     3.3     94.6
AVG. MINIMUM     69.3              67.4     1.9     71.1
MEAN             80.6              78.0     2.6     82.8
DAYS MAX >= 90     22              13.0     9.0       23
DAYS MAX <= 32      0               0.0     0.0        0
DAYS MIN <= 32      0               0.0     0.0        0
DAYS MIN <= 0       0               0.0     0.0        0

PRECIPITATION (INCHES)
RECORD
 MAXIMUM        12.25   1969
 MINIMUM         0.81   1954
TOTALS           1.88              4.34   -2.46     6.24
DAILY AVG.       0.06              0.14   -0.08     0.21
DAYS >= .01         9                                 10
DAYS >= .10         4                                  8
DAYS >= .50         1                                  5
DAYS >= 1.00        0                                  1
GREATEST
 24 HR. TOTAL    0.78   06/14 TO 06/15

DEGREE_DAYS
HEATING TOTAL       0                 0       0        0
COOLING TOTAL     471               388      83      544
........................................................

WIND (MPH)
AVERAGE WIND SPEED              6.3
RESULTANT WIND SPEED/DIRECTION   1/239
HIGHEST WIND SPEED/DIRECTION    25/220    DATE  06/24
HIGHEST GUST SPEED/DIRECTION    31/230    DATE  06/24

SKY COVER
POSSIBLE SUNSHINE (PERCENT)   MM
AVERAGE SKY COVER           0.20
NUMBER OF DAYS FAIR           24
NUMBER OF DAYS PC              6
NUMBER OF DAYS CLOUDY          0

AVERAGE RH (PERCENT)     66

WEATHER CONDITIONS. NUMBER OF DAYS WITH
THUNDERSTORM              8     MIXED PRECIP              MM
HEAVY RAIN                3     RAIN                       5
LIGHT RAIN                8     FREEZING RAIN              0
LT FREEZING RAIN          0     HAIL                      MM
HEAVY SNOW                0     SNOW                       0
LIGHT SNOW                0     SLEET                     MM
FOG                      17     FOG W/VIS <= 1/4 MILE      1
HAZE                      3

-  INDICATES NEGATIVE NUMBERS.
R  INDICATES RECORD WAS SET OR TIED.
MM INDICATES DATA IS MISSING.
T  INDICATES TRACE AMOUNT.

$$
