000
CXUS52 KILM 012000
CLMLBT


CLIMATE REPORT
NATIONAL WEATHER SERVICE WILMINGTON NC
351 PM EDT TUE SEP 1 2015

...................................

...THE LUMBERTON NC CLIMATE SUMMARY FOR THE MONTH OF AUGUST 2015...

CLIMATE NORMAL PERIOD 1981 TO 2010
CLIMATE RECORD PERIOD 9999 TO 9999

WEATHER         OBSERVED          NORMAL  DEPART  LAST YEAR`S
                 VALUE   DATE(S)  VALUE   FROM    VALUE  DATE(S)
                                          NORMAL
................................................................
TEMPERATURE (F)
HIGHEST            99   08/06                         97
                        08/05
LOWEST             63   08/29                         60
AVG. MAXIMUM     91.1              88.3     2.8     88.2
AVG. MINIMUM     70.1              69.7     0.4     69.0
MEAN             80.6              79.0     1.6     78.6
DAYS MAX >= 90     19              10.8     8.2       14
DAYS MAX <= 32      0               0.0     0.0        0
DAYS MIN <= 32      0               0.0     0.0        0
DAYS MIN <= 0       0               0.0     0.0        0

PRECIPITATION (INCHES)
RECORD
 MAXIMUM        11.08   1992
 MINIMUM         0.72   2010
TOTALS           3.98              5.50   -1.52     2.89
DAILY AVG.       0.13              0.18   -0.05     0.10
DAYS >= .01         9                                 11
DAYS >= .10         7                                  6
DAYS >= .50         3                                  3
DAYS >= 1.00        2                                  0
GREATEST
 24 HR. TOTAL    1.90   08/06 TO 08/07

DEGREE_DAYS
HEATING TOTAL       0                 0       0        0
COOLING TOTAL     489               434      55      428
..................................................

WIND (MPH)
AVERAGE WIND SPEED              4.6
RESULTANT WIND SPEED/DIRECTION   1/079
HIGHEST WIND SPEED/DIRECTION    30/290    DATE  08/06
HIGHEST GUST SPEED/DIRECTION    38/300    DATE  08/06

SKY COVER
POSSIBLE SUNSHINE (PERCENT)   MM
AVERAGE SKY COVER           0.30
NUMBER OF DAYS FAIR           20
NUMBER OF DAYS PC              9
NUMBER OF DAYS CLOUDY          2

AVERAGE RH (PERCENT)     70

WEATHER CONDITIONS. NUMBER OF DAYS WITH
THUNDERSTORM              8     MIXED PRECIP              MM
HEAVY RAIN                6     RAIN                       7
LIGHT RAIN               12     FREEZING RAIN              0
LT FREEZING RAIN          0     HAIL                      MM
HEAVY SNOW                0     SNOW                       0
LIGHT SNOW                0     SLEET                     MM
FOG                      22     FOG W/VIS <= 1/4 MILE      1
HAZE                      4

-  INDICATES NEGATIVE NUMBERS.
R  INDICATES RECORD WAS SET OR TIED.
MM INDICATES DATA IS MISSING.
T  INDICATES TRACE AMOUNT.

$$
