000
CXUS54 KLCH 011408
CLMLCH


CLIMATE REPORT
NATIONAL WEATHER SERVICE LAKE CHARLES, LA
904 AM CDT TUE AUG 1 2017

...................................

...THE LAKE CHARLES CLIMATE SUMMARY FOR THE MONTH OF JULY 2017...

CLIMATE NORMAL PERIOD 1981 TO 2010
CLIMATE RECORD PERIOD 1895 TO 2017

WEATHER         OBSERVED          NORMAL  DEPART  LAST YEAR`S
                 VALUE   DATE(S)  VALUE   FROM    VALUE  DATE(S)
                                          NORMAL
................................................................
TEMPERATURE (F)
RECORD
 HIGH             103   07/15/1909
                        07/13/1901
 LOW               60   07/08/1924
HIGHEST            96   07/20        MM      MM       MM  MM
LOWEST             72   07/31        MM      MM       MM  MM
AVG. MAXIMUM     91.3              91.1     0.2       MM
AVG. MINIMUM     76.5              74.6     1.9       MM
MEAN             83.9              82.9     1.0       MM
DAYS MAX >= 90     23              21.1     1.9       MM
DAYS MAX <= 32      0               0.0     0.0       MM
DAYS MIN <= 32      0               0.0     0.0       MM
DAYS MIN <= 0       0               0.0     0.0       MM

PRECIPITATION (INCHES)
RECORD
 MAXIMUM        20.73   1933
 MINIMUM         0.48   1956
TOTALS           3.84              5.63   -1.79       MM
DAILY AVG.       0.12              0.18   -0.06       MM
DAYS >= .01        12              11.6     0.4       MM
DAYS >= .10         7               8.1    -1.1       MM
DAYS >= .50         4               3.6     0.4       MM
DAYS >= 1.00        0               1.6    -1.6       MM
GREATEST
 24 HR. TOTAL    0.91   07/15 TO 07/15

DEGREE_DAYS
COOLING TOTAL     595               553      42       MM
 SINCE 1/1       1780              1571     209       MM
.................................................................

WIND (MPH)
AVERAGE WIND SPEED              4.3
HIGHEST WIND SPEED/DIRECTION    26/020    DATE  07/08
HIGHEST GUST SPEED/DIRECTION    35/020    DATE  07/08

SKY COVER
POSSIBLE SUNSHINE (PERCENT)   MM
AVERAGE SKY COVER           0.20
NUMBER OF DAYS FAIR           28
NUMBER OF DAYS PC              2
NUMBER OF DAYS CLOUDY          0

AVERAGE RH (PERCENT)     77

WEATHER CONDITIONS. NUMBER OF DAYS WITH
THUNDERSTORM              0     MIXED PRECIP               0
HEAVY RAIN                8     RAIN                       8
LIGHT RAIN               14     FREEZING RAIN              0
LT FREEZING RAIN          0     HAIL                       0
HEAVY SNOW                0     SNOW                       0
LIGHT SNOW                0     SLEET                      0
FOG                      17     FOG W/VIS <= 1/4 MILE      0
HAZE                      9

-  INDICATES NEGATIVE NUMBERS.
R  INDICATES RECORD WAS SET OR TIED.
MM INDICATES DATA IS MISSING.
T  INDICATES TRACE AMOUNT.

$$
