000
CXUS53 KLMK 011432
CLMLEX


CLIMATE REPORT
NATIONAL WEATHER SERVICE LOUISVILLE KY
1019 AM EDT SAT AUG 1 2015

...................................

...THE LEXINGTON KY CLIMATE SUMMARY FOR THE MONTH OF JULY 2015...

CLIMATE NORMAL PERIOD 1981 TO 2010
CLIMATE RECORD PERIOD 1872 TO 2015

WEATHER         OBSERVED          NORMAL  DEPART  LAST YEAR`S
                 VALUE   DATE(S)  VALUE   FROM    VALUE  DATE(S)
                                          NORMAL
................................................................
TEMPERATURE (F)
RECORD
 HIGH             108   07/15/1936
                        07/10/1936
 LOW               47   07/07/1972
                        07/23/1947
                        07/02/1937
HIGHEST            91   07/19        MM      MM       93  07/13
                        07/18
LOWEST             61   07/24        MM      MM       51  07/29
AVG. MAXIMUM     84.9              86.1    -1.2     83.7
AVG. MINIMUM     67.1              66.3     0.8     62.9
MEAN             76.0              76.2    -0.2     73.3
DAYS MAX >= 90      5               7.2    -2.2        6
DAYS MAX <= 32      0               0.0     0.0        0
DAYS MIN <= 32      0               0.0     0.0        0
DAYS MIN <= 0       0               0.0     0.0        0

PRECIPITATION (INCHES)
RECORD
 MAXIMUM        10.64   1958
 MINIMUM         0.45   1930
TOTALS           9.66              4.65    5.01     3.23
DAILY AVG.       0.31              0.15    0.16     0.10
DAYS >= .01        19              10.4     8.6        9
DAYS >= .10        14               7.5     6.5        6
DAYS >= .50         6               3.2     2.8        2
DAYS >= 1.00        4               1.5     2.5        1
GREATEST
 24 HR. TOTAL    2.05   07/14 TO 07/14
                        07/13 TO 07/14
                        07/14 TO 07/14

SNOWFALL (INCHES)
RECORDS
 TOTAL             MM   5
TOTALS            0.0               0.0     0.0      0.0
SINCE 7/1         0.0               0.0     0.0      0.0
SNOWDEPTH AVG.      0                MM      MM        0
DAYS >= 1.0         0               0.0     0.0        0
GREATEST
 SNOW DEPTH         0   MM                             0  MM
 24 HR TOTAL      0.0   07/31 TO 07/31

DEGREE_DAYS
HEATING TOTAL       0                 0       0        2
 SINCE 7/1          0                 0       0        2
COOLING TOTAL     349               347       2      270
 SINCE 1/1        806               696     110      736
.................................................................

WIND (MPH)
AVERAGE WIND SPEED              5.9
HIGHEST WIND SPEED/DIRECTION    35/010    DATE  07/13
HIGHEST GUST SPEED/DIRECTION    49/260    DATE  07/07

SKY COVER
POSSIBLE SUNSHINE (PERCENT)   MM
AVERAGE SKY COVER           0.40
NUMBER OF DAYS FAIR           16
NUMBER OF DAYS PC             13
NUMBER OF DAYS CLOUDY          2

AVERAGE RH (PERCENT)     78

WEATHER CONDITIONS. NUMBER OF DAYS WITH
THUNDERSTORM             14     MIXED PRECIP               0
HEAVY RAIN               16     RAIN                      14
LIGHT RAIN               19     FREEZING RAIN              0
LT FREEZING RAIN          0     HAIL                       0
HEAVY SNOW                0     SNOW                       0
LIGHT SNOW                0     SLEET                      0
FOG                      25     FOG W/VIS <= 1/4 MILE      4
HAZE                      8

-  INDICATES NEGATIVE NUMBERS.
R  INDICATES RECORD WAS SET OR TIED.
MM INDICATES DATA IS MISSING.
T  INDICATES TRACE AMOUNT.

$$
