000
CXUS53 KOAX 070240 CCA
CLMLNK

CLIMATE REPORT...CORRECTION
NATIONAL WEATHER SERVICE OMAHA NEBRASKA
216 PM CDT FRI MAY 6 2016

...CORRECTED NARRATIVE PARAGRAPH FOUR...

...................................

...THE LINCOLN, NEBRASKA CLIMATE SUMMARY FOR THE MONTH OF APRIL 2016...

CLIMATE NORMAL PERIOD 1981 TO 2010
CLIMATE RECORD PERIOD 1887 TO 2016

WEATHER         OBSERVED          NORMAL  DEPART
                 VALUE   DATE(S)  VALUE   FROM
                                          NORMAL
................................................
TEMPERATURE (F)
HIGHEST            85   04/03
LOWEST             23   04/12
AVG. MAXIMUM     67.4              64.3     3.1
AVG. MINIMUM     42.7              38.8     3.9
MEAN             55.1              51.6     3.5
DAYS MAX >= 90      0
DAYS MAX <= 32      0
DAYS MIN <= 32      6
DAYS MIN <= 0       0

PRECIPITATION (INCHES)
RECORD
 MAXIMUM         7.21   1978
 MINIMUM         0.02   1910
TOTALS           4.37              2.71    1.66
DAILY AVG.       0.15
DAYS >= .01        11
DAYS >= .10         6
DAYS >= .50         5
DAYS >= 1.00        1
GREATEST
 24 HR. TOTAL    1.28   04/26 TO 04/27

SNOWFALL (INCHES)
RECORDS
 TOTAL           11.1   1997
TOTALS            0.0               1.4
SINCE 7/1        20.5
SNOWDEPTH AVG.      0
DAYS >= 1.0         0               0.4    -0.4
GREATEST
 SNOW DEPTH         0
 24 HR TOTAL      0.0   04/30 TO 04/30

DEGREE DAYS
HEATING TOTAL     298               417    -119
 SINCE 7/1       4753              5893   -1140
COOLING TOTAL       8                13      -5
 SINCE 1/1          9                14      -5
.................................................

WIND (MPH)
AVERAGE WIND SPEED              13.3
HIGHEST WIND SPEED/DIRECTION    43/330    DATE  04/07
HIGHEST GUST SPEED/DIRECTION    54/340    DATE  04/07

SKY COVER
AVERAGE SKY COVER           0.40


WEATHER CONDITIONS. NUMBER OF DAYS WITH
THUNDERSTORM              2     MIXED PRECIP               0
HEAVY RAIN                5     RAIN                       6
LIGHT RAIN               14     FREEZING RAIN              0
LT FREEZING RAIN          0     HAIL                       0
HEAVY SNOW                0     SNOW                       0
LIGHT SNOW                0     SLEET                      0
FOG                      11     FOG W/VIS <= 1/4 MILE      0
HAZE                      3

-  INDICATES NEGATIVE NUMBERS.
R  INDICATES RECORD WAS SET OR TIED.
MM INDICATES DATA IS MISSING.
T  INDICATES TRACE AMOUNT.
>= INDICATES GREATER THAN OR EQUAL TO.
<= INDICATES LESS THAN OR EQUAL TO.

&&

...APRIL WAS WARMER AND WETTER THAN NORMAL IN LINCOLN...

DESPITE A DRY START TO THE MONTH...WITH WET WEATHER FROM AROUND THE
17TH ONWARD...LINCOLN HAD ITS 15TH WETTEST APRIL ON RECORD.  THE
4.37 INCHES OF RAIN WAS 1.66 INCHES ABOVE NORMAL.  WITH A FEW
TEMPERATURE SWINGS BOTH EARLY AND LATE IN THE MONTH...AND A WARM
STRETCH THROUGH THE MIDDLE OF THE MONTH...LINCOLN LANDED AT THE 18TH
WARMEST APRIL ON RECORD.

APRIL FOOLED US BY STARTING COOL AND WET...WITH A HIGH TEMPERATURE
OF ONLY 45 BEING THE COLDEST OF THE MONTH...AND WITH 0.03 INCHES OF
RAIN.  THIS WAS NO HARBINGER FOR THE CONDITIONS TO FOLLOW.  THE
WEATHER QUICKLY WARMED...AND THE WARMEST TEMPERATURE OF THE MONTH
OCCURRED ON THE 3RD...AT 85 DEGREES...AS TEMPERATURES STAYED ABOVE
NORMAL FROM THE 3RD THROUGH THE 6TH.  A COLD FRONT BROUGHT NO
PRECIPITATION...THOUGH IT DID BRING WIND GUSTS AT 54 MPH OUT OF THE
NORTHWEST ON THE 7TH...AND TEMPERATURES STAYED ON THE COOL SIDE FOR
MOST OF THE 7TH THROUGH THE 12TH.

THE LAST FREEZE OF APRIL...AND POSSIBLY OF THE 2015-16
SEASON...OCCURRED ON THE 12TH AT 23 DEGREES...MAKING IT ALSO THE
LAST HARD FREEZE.  IF THIS STANDS...THE LAST HARD FREEZE WOULD BE
ONE DAY LATER THAN THE PERIOD-OF-RECORD AVERAGE OF APRIL 11...BUT
THE LAST FREEZE WOULD BE 11 DAYS EARLIER THAN THE PERIOD-OF-RECORD
AVERAGE OF APRIL 23.  THOUGH THE FREEZE WAS CLOSE TO TIMELY...AND
THERE WERE A FEW OF THEM IN EARLY APRIL...THE WARM EARLY SPRING DID
ALLOW FOR SOME EARLY GROWTH IN THE REGION THAT MADE LOCAL VEGETATION
UNUSUALLY SUSCEPTIBLE FOR THE TIME OF YEAR.

FROM THE 13TH THROUGH THE 26TH...TEMPERATURES REMAINED ABOVE
AVERAGE...WITH HIGHS FROM 61 TO 82 DEGREES AND LOWS FROM 43 TO 61
DEGREES...INCLUDING A RECORD WARM MINIMUM TEMPERATURE OF 59 ON THE
16TH.  THE DRY PERIOD CONTINUED THROUGH THE 16TH.  ON THE
17TH...0.25 INCHES OF RAIN FELL...AND THEN NO MORE THAN TWO DRY DAYS
IN A ROW OCCURRED FOR THE REST OF THE MONTH.  THUNDER WAS REPORTED ON
JUST TWO DAYS NEAR THE END OF THE MONTH...AS THE RAINS FELL WITH MORE
STABLE LOW-PRESSURE SYSTEMS.

THE MONTH OF APRIL ENDED AS IT BEGAN -- COOL AND WET -- AS
TEMPERATURES FELL BACK BELOW NORMAL FROM THE 27TH TO THE 30TH.


DAILY RECORDS SET IN APRIL 2016:
DATE         RECORD           READING  PREVIOUS RECORD
APRIL 16     WARM MIN TEMP     59      58 (1968)

$$

MAYES/KLISH
