854
CXUS53 KOAX 011946
CLMLNK

CLIMATE REPORT
NATIONAL WEATHER SERVICE OMAHA NEBRASKA
146 PM CST THU DEC 1 2016

...................................

...THE LINCOLN, NEBRASKA CLIMATE SUMMARY FOR THE MONTH OF NOVEMBER 2016...

CLIMATE NORMAL PERIOD 1981 TO 2010
CLIMATE RECORD PERIOD 1887 TO 2016

WEATHER         OBSERVED          NORMAL  DEPART
                 VALUE   DATE(S)  VALUE   FROM
                                          NORMAL
................................................
TEMPERATURE (F)
HIGHEST            80   11/16
LOWEST             21   11/20
AVG. MAXIMUM     59.5              50.3     9.2
AVG. MINIMUM     33.6              27.6     6.0
MEAN             46.5              38.9     7.6
DAYS MAX >= 90      0
DAYS MAX <= 32      0
DAYS MIN <= 32     14
DAYS MIN <= 0       0

PRECIPITATION (INCHES)
RECORD
 MAXIMUM         7.14   1909
 MINIMUM            T   1894
TOTALS           0.65              1.43   -0.78
DAILY AVG.       0.02
DAYS >= .01         4
DAYS >= .10         2
DAYS >= .50         0
DAYS >= 1.00        0
GREATEST
 24 HR. TOTAL    0.38   11/22 TO 11/22

SNOWFALL (INCHES)
RECORDS
 TOTAL           12.6   1957
TOTALS              T               2.1
SINCE 7/1           T
DAYS >= 1.0         0               0.7    -0.7
GREATEST
 SNOW DEPTH         0
 24 HR TOTAL        T   11/18

DEGREE DAYS
HEATING TOTAL     548               782    -234
 SINCE 7/1        808              1261    -453
COOLING TOTAL       0                 0       0
 SINCE 1/1       1449              1173     276
.................................................

WIND (MPH)
AVERAGE WIND SPEED              8.6
HIGHEST WIND SPEED/DIRECTION    39/320    DATE  11/18
HIGHEST GUST SPEED/DIRECTION    54/310    DATE  11/18

SKY COVER
AVERAGE SKY COVER           0.30


WEATHER CONDITIONS. NUMBER OF DAYS WITH
THUNDERSTORM              0     MIXED PRECIP               0
HEAVY RAIN                0     RAIN                       2
LIGHT RAIN                5     FREEZING RAIN              0
LT FREEZING RAIN          0     HAIL                       0
HEAVY SNOW                0     SNOW                       0
LIGHT SNOW                1     SLEET                      0
FOG                       4     FOG W/VIS <= 1/4 MILE      0
HAZE                      2

-  INDICATES NEGATIVE NUMBERS.
R  INDICATES RECORD WAS SET OR TIED.
MM INDICATES DATA IS MISSING.
T  INDICATES TRACE AMOUNT.
>  INDICATES GREATER THAN OR EQUAL TO.
<  INDICATES LESS THAN OR EQUAL TO.

&&

...NOVEMBER WAS DRIER AND MUCH WARMER THAN NORMAL IN LINCOLN...
...THE FALL MONTHS OF SEPTEMBER THROUGH NOVEMBER WERE MUCH WARMER
THAN NORMAL IN LINCOLN...

THE AVERAGE TEMPERATURE IN NOVEMBER WAS THE 4TH WARMEST ON RECORD IN
LINCOLN...AS MUCH OF THE MONTH WAS DOMINATED BY WELL ABOVE-NORMAL
TEMPERATURES.  THE TOTAL PRECIPITATION OF 0.65 INCHES WAS LESS THAN
HALF OF NORMAL.

THE 1ST THROUGH 17TH WAS DOMINATED BY TEMPERATURES THAT WERE MUCH
WARMER THAN NORMAL...INCLUDING SEVERAL HIGHS IN THE 60S AND
70S...ALONG WITH LITTLE PRECIPITATION.  ONLY 0.05 INCHES OF RAIN
FELL IN THE PERIOD...ON THE 7TH.  THE WARMEST TEMPERATURE OF THE
MONTH OCCURRED ON THE 16TH AT 80 DEGREES...WHICH WAS NOT ONLY A
DAILY RECORD WARM TEMPERATURE...IT WAS ALSO THE LATEST 80+-DEGREE
READING ON RECORD IN LINCOLN. THE WARMEST LOW TEMPERATURE OF THE
MONTH OCCURRED ON THE 7TH AT 48 DEGREES.  ONE BELOW-AVERAGE DAY WAS
NOTED IN THE PERIOD...ON THE 12TH...WITH A LOW OF 22 DEGREES.

A STRONG COLD FRONT ON THE 18TH BROUGHT WINDS GUSTING AS HIGH AS 54
MPH...FOLLOWED BY THE ONLY OTHER DAY IN NOVEMBER WITH A BELOW-
AVERAGE AVERAGE TEMPERATURE ON THE 19TH. THE COLDEST LOW
TEMPERATURES OF THE MONTH OCCURRED ON THE 20TH...AT 21 DEGREES.
TEMPERATURES REBOUNDED TO READINGS ABOVE TO WELL ABOVE NORMAL FROM
THE 22ND THROUGH THE 30TH...WITH MEASURABLE PRECIPITATION ON THE
18TH...22ND...AND THE 27TH.


THE FALL MONTHS OF SEPTEMBER-OCTOBER-NOVEMBER WERE THE 4TH WARMEST
ON RECORD FOR LINCOLN.  THE AVERAGE TEMPERATURE OF 58.3 DEGREES WAS
5.6 DEGREES ABOVE NORMAL.  THE TOTAL PRECIPITATION OF 5.89 INCHES
WAS 0.53 INCHES BELOW NORMAL...REGISTERING IN THE RANGE OF NEAR
NORMAL. NO SNOW WAS RECORDED THIS FALL...WHICH IS 2.8 INCHES LESS
THAN NORMAL.  THE FIRST FREEZE OCCURRED ON OCTOBER 13TH AT 28
DEGREES...WHICH WAS 2 DAYS LATER THAN AVERAGE.  THIS ALSO MARKED THE
FIRST HARD FREEZE...WHICH IS 10 DAYS EARLIER THAN THE AVERAGE OF
OCTOBER 23. ONLY 15 DAYS HAD LOW TEMPERATURES AT OR BELOW
FREEZING...WHICH IS THE 8TH FEWEST ON RECORD. THERE WERE 57 DAYS
WITH MAXIMUM TEMPERATURES OF 70 DEGREES OR HIGHER...WHICH IS THE
MOST ON RECORD FOR THE FALL MONTHS...SURPASSING THE RECORD OF 54
DAYS IN 1953.


DAILY RECORDS SET IN NOVEMBER 2016:
DATE          RECORD           READING  PREVIOUS RECORD
NOVEMBER 16   WARM MAX TEMP     80^     74 (1963)

^ ALSO IS THE LATEST 80+-DEGREE READING ON RECORD

$$

MAYES/JRB
