000
CXUS54 KCRP 011606
CLMLRD

CLIMATE REPORT
NATIONAL WEATHER SERVICE CORPUS CHRISTI TX
1055 AM CDT MON MAY 1 2017

...................................

...THE LAREDO CLIMATE SUMMARY FOR THE MONTH OF APRIL 2017...

CLIMATE NORMAL PERIOD 1981 TO 2010
CLIMATE RECORD PERIOD 1900 TO 2017

WEATHER         OBSERVED          NORMAL  DEPART  LAST YEAR`S
                 VALUE   DATE(S)  VALUE   FROM    VALUE  DATE(S)
                                          NORMAL
................................................................
TEMPERATURE (F)
RECORD
 HIGH             112   04/28/1937
 LOW               32   04/03/1987
                        04/05/1920
HIGHEST           102   04/29        92      10      101  04/25
                        04/25
LOWEST             52   04/06        60      -8       50  04/03
AVG. MAXIMUM     90.3              87.6     2.7     89.1
AVG. MINIMUM     65.4              64.3     1.1     66.0
MEAN             77.9              75.9     2.0     77.6
DAYS MAX >= 90     13              13.2    -0.2       17
DAYS MAX <= 32      0               0.0     0.0        0
DAYS MIN <= 32      0               0.0     0.0        0
DAYS MIN <= 0       0               0.0     0.0        0

PRECIPITATION (INCHES)
RECORD
 MAXIMUM         7.75   1947
 MINIMUM         0.00   2011
                        1984
                        1983
TOTALS           1.48              1.42    0.06     1.91
DAILY AVG.       0.05              0.05    0.00     0.06
DAYS >= .01         4               4.2    -0.2        4
DAYS >= .10         4               2.5     1.5        4
DAYS >= .50         1               1.1    -0.1        2
DAYS >= 1.00        0               0.4    -0.4        1
GREATEST
 24 HR. TOTAL    0.68   04/11 TO 04/11           04/23 TO 04/24
                                                          04/30 TO 04/30
                                                          04/30 TO 04/30
 STORM TOTAL       MM                                 MM
 (MM/DD(HH))            MM                    04/24(00) TO 04/24(00)
                                                 04/30(00) TO 04/30(00)0
                                                 04/30(00) TO 04/30(00)0

SNOWFALL (INCHES)
RECORDS
 TOTAL             MM   MM
 24 HR TOTAL       MM
TOTALS            0.0                MM      MM      0.0
SINCE 7/1         0.0               0.0     0.0      0.0
SNOWDEPTH AVG.      0                MM      MM        0
DAYS >= 1.0         0                MM      MM
GREATEST
 SNOW DEPTH         0   MM                             0
 24 HR TOTAL      0.0   MM                           0.0

DEGREE_DAYS
HEATING TOTAL       0                13     -13        0
 SINCE 7/1        396               926    -530      594
COOLING TOTAL     392               342      50      384
 SINCE 1/1        974               600     374      759
.................................................

WIND (MPH)
AVERAGE WIND SPEED              12.0
HIGHEST WIND SPEED/DIRECTION    38/130    DATE  04/11
HIGHEST GUST SPEED/DIRECTION    52/320    DATE  04/29

SKY COVER
AVERAGE SKY COVER           0.40

AVERAGE RH (PERCENT)     60

WEATHER CONDITIONS. NUMBER OF DAYS WITH
THUNDERSTORM              5     MIXED PRECIP               0
HEAVY RAIN                2     RAIN                       3
LIGHT RAIN                6     FREEZING RAIN              0
LT FREEZING RAIN          0     HAIL                       0
HEAVY SNOW                0     SNOW                       0
LIGHT SNOW                0     SLEET                      0
FOG                       6     FOG W/VIS <= 1/4 MILE      1
HAZE                      0

-  INDICATES NEGATIVE NUMBERS.
R  INDICATES RECORD WAS SET OR TIED.
MM INDICATES DATA IS MISSING.
T  INDICATES TRACE AMOUNT.

$$

TJC
