000
CXUS54 KCRP 011738 RRA
CLMLRD

CLIMATE REPORT
NATIONAL WEATHER SERVICE CORPUS CHRISTI TX
1105 AM CST WED FEB 1 2017

...................................

...THE LAREDO CLIMATE SUMMARY FOR THE MONTH OF JANUARY 2017...

CLIMATE NORMAL PERIOD 1981 TO 2010
CLIMATE RECORD PERIOD 1900 TO 2017

WEATHER         OBSERVED          NORMAL  DEPART  LAST YEAR`S
                 VALUE   DATE(S)  VALUE   FROM    VALUE  DATE(S)
                                          NORMAL
................................................................
TEMPERATURE (F)
RECORD
 HIGH              98   01/17/1936
                        01/18/1914
 LOW               15   01/12/1909
HIGHEST            94   01/24        69      25       88  01/31
                        01/21
LOWEST             25   01/08        43     -18       34  01/10
AVG. MAXIMUM     75.9              67.0     8.9     68.2
AVG. MINIMUM     50.7              46.1     4.6     44.7
MEAN             63.3              56.5     6.8     56.4
DAYS MAX >= 90      2               0.1     1.9        0
DAYS MAX <= 32      0               0.0     0.0        0
DAYS MIN <= 32      3               2.0     1.0        0
DAYS MIN <= 0       0               0.0     0.0        0

PRECIPITATION (INCHES)
RECORD
 MAXIMUM         5.25   1958
 MINIMUM         0.00   1914
                        1912
                        1909
TOTALS           0.01              0.90   -0.89     1.88
DAILY AVG.       0.00              0.03   -0.03     0.06
DAYS >= .01         1               5.9    -4.9        3
DAYS >= .10         0               2.2    -2.2        2
DAYS >= .50         0               0.5    -0.5        2
DAYS >= 1.00        0               0.1    -0.1        1
GREATEST
 24 HR. TOTAL    0.01   01/17 TO 01/17           01/02 TO 01/02


SNOWFALL (INCHES)
RECORDS
 TOTAL             MM   MM
 24 HR TOTAL       MM
TOTALS            0.0                MM      MM      0.0
SINCE 7/1         0.0               0.0     0.0      0.0
SNOWDEPTH AVG.      0                MM      MM        0
DAYS >= 1.0         0                MM      MM
GREATEST
 SNOW DEPTH         0   MM                             0
 24 HR TOTAL      0.0   MM                           0.0

DEGREE_DAYS
HEATING TOTAL     146               289    -143      264
 SINCE 7/1        342               679    -337      482
COOLING TOTAL     102                28      74        7
 SINCE 1/1        102                31      71        7
...................................................

WIND (MPH)
AVERAGE WIND SPEED              9.8
HIGHEST WIND SPEED/DIRECTION    35/310    DATE  01/22
HIGHEST GUST SPEED/DIRECTION    45/290    DATE  01/22

SKY COVER
AVERAGE SKY COVER           0.30

AVERAGE RH (PERCENT)     58

WEATHER CONDITIONS. NUMBER OF DAYS WITH
THUNDERSTORM              0     MIXED PRECIP               0
HEAVY RAIN                0     RAIN                       0
LIGHT RAIN               10     FREEZING RAIN              0
LT FREEZING RAIN          0     HAIL                       0
HEAVY SNOW                0     SNOW                       0
LIGHT SNOW                0     SLEET                      0
FOG                       2     FOG W/VIS <= 1/4 MILE      1
HAZE                      0

-  INDICATES NEGATIVE NUMBERS.
R  INDICATES RECORD WAS SET OR TIED.
MM INDICATES DATA IS MISSING.
T  INDICATES TRACE AMOUNT.

$$

88
