000
CXUS53 KARX 020820 CCA
CLMLSE

CLIMATE REPORT...CORRECTED
NATIONAL WEATHER SERVICE LA CROSSE WI
404 AM CST THU DEC 1 2016

...NOVEMBER IN LA CROSSE WI RANKED AS THE 2ND WARMEST ON RECORD AND
HAD BELOW NORMAL PRECIPITATION...

THE AVERAGE TEMPERATURE FOR NOVEMBER WAS 46.2 DEGREES WHICH WAS 10.3
DEGREES ABOVE NORMAL AND WAS THE 2ND WARMEST NOVEMBER ON RECORD. THE
WARMEST NOVEMBER ON RECORD WAS 47.5 DEGREES IN 2001. THE AVERAGE
HIGH WAS 56.0...WHILE THE AVERAGE LOW TEMPERATURE WAS 36.4. THE
HIGHEST TEMPERATURE DURING THE MONTH WAS 73 DEGREES ON THE 1ST. THE
LOWEST READING OCCURRED ON THE 21ST AND WAS 19 DEGREES.

LA CROSSE RECEIVED 1.16 INCHES OF PRECIPITATION DURING THE MONTH OF
NOVEMBER WHICH WAS 0.85 INCHES BELOW NORMAL. THE GREATEST 24-HOUR
PRECIPITATION AMOUNT WAS 0.67 INCHES WHICH FELL FROM THE 27TH TO
28TH. THERE WERE 6 DAYS OF MEASURABLE PRECIPITATION AND 3 DAYS WHERE
A TRACE WAS RECORDED. ONLY A TRACE OF SNOW FELL DURING THE
MONTH...WHICH WAS 4.1 INCHES BELOW THE NORMAL OF 4.1 INCHES.

...RECORDS...

46.2 DEGREES AVERAGE MONTHLY TEMPERATURE RANKED AS THE 2ND WARMEST
NOVEMBER.

NOVEMBER 5...72 DEGREES SET A NEW RECORD HIGH FOR THE DAY. THE OLD
RECORD OF 71 WAS SET BACK IN 1924.

NOVEMBER 6...71 DEGREES TIED THE RECORD HIGH FOR THE DAY WHICH WAS
LAST SET BACK IN 1916 AND 2001

NOVEMBER 10...69 DEGREES SET A NEW RECORD HIGH FOR THE DAY...
BREAKING THE OLD RECORD OF 68 SET BACK IN 2012.

NOVEMBER 17...TEMPERATURE REACHED 70 DEGREES TYING THE RECORD HIGH
LAST SET IN 1954.

...DISCUSSION...

A RIDGE OF HIGH PRESSURE DOMINATED THE MAJORITY OF THE MONTH AND
RESULTED MUCH ABOVE NORMAL TEMPERATURES AND DRIER THAN NORMAL
WEATHER. THIS BROUGHT 27 DAYS WITH ABOVE NORMAL AVERAGE TEMPERATURES
WITH THE ONLY BELOW NORMAL TEMPERATURES RECORDED ON THE 19TH...
20TH...AND 21ST. RAINFALL FOR THE MONTH WAS ALSO SPARSE WITH NO
MEASURABLE RAINFALL RECORDED UNTIL THE 18TH.

...................................

...THE LA CROSSE WI CLIMATE SUMMARY FOR THE MONTH OF NOVEMBER 2016...

CLIMATE NORMAL PERIOD 1981 TO 2010
CLIMATE RECORD PERIOD 1873 TO 2016

WEATHER         OBSERVED          NORMAL  DEPART  LAST YEAR`S
                 VALUE   DATE(S)  VALUE   FROM    VALUE  DATE(S)
                                          NORMAL
................................................................
TEMPERATURE (F)
RECORD
 HIGH              80   11/01/1933
 LOW              -21   11/29/1875
HIGHEST            73   11/01        MM      MM       73  11/03
LOWEST             19   11/21        MM      MM       16  11/28
AVG. MAXIMUM     56.0              43.8    12.2     51.4
AVG. MINIMUM     36.4              28.1     8.3     34.8
MEAN             46.2              35.9    10.3     43.1
DAYS MAX >= 90      0               0.0     0.0        0
DAYS MAX <= 32      0               4.5    -4.5        2
DAYS MIN <= 32     10              19.6    -9.6       12
DAYS MIN <= 0       0               0.1    -0.1        0

PRECIPITATION (INCHES)
RECORD
 MAXIMUM         7.24   1876
 MINIMUM            T   1976
TOTALS           1.16              2.01   -0.85     1.93
DAILY AVG.       0.04              0.07   -0.03     0.06
DAYS >= .01         6               9.0    -3.0       11
DAYS >= .10         4               4.7    -0.7        6
DAYS >= .50         1               1.2    -0.2        1
DAYS >= 1.00        0               0.3    -0.3        0
GREATEST
 24 HR. TOTAL    0.67   11/27 TO 11/28

SNOWFALL (INCHES)
RECORDS
 TOTAL           30.3   1991
TOTALS              T               4.1    -4.1      0.9
SINCE 7/1           T               4.3    -4.3      0.9
SNOWDEPTH AVG.      0                MM      MM        0
DAYS >= TRACE       3               3.1    -0.1        6
DAYS >= 1.0         0               1.2    -1.2        0
GREATEST
 SNOW DEPTH         0   MM                             1  11/21
 24 HR TOTAL        T   11/22 TO 11/22

DEGREE_DAYS
HEATING TOTAL     556               872    -316      648
 SINCE 7/1        859              1500    -641     1086
COOLING TOTAL       0                 0       0        0
 SINCE 1/1       1033               782     251      887
.................................................................

WIND (MPH)
AVERAGE WIND SPEED              7.9
HIGHEST WIND SPEED/DIRECTION    37/310    DATE  11/18
HIGHEST GUST SPEED/DIRECTION    46/310    DATE  11/18

SKY COVER
POSSIBLE SUNSHINE (PERCENT)   MM
AVERAGE SKY COVER           0.30
NUMBER OF DAYS FAIR           20
NUMBER OF DAYS PC              3
NUMBER OF DAYS CLOUDY          7

AVERAGE RH (PERCENT)     68

WEATHER CONDITIONS. NUMBER OF DAYS WITH
THUNDERSTORM              1     MIXED PRECIP               0
HEAVY RAIN                1     RAIN                       2
LIGHT RAIN                9     FREEZING RAIN              0
LT FREEZING RAIN          0     HAIL                       0
HEAVY SNOW                0     SNOW                       0
LIGHT SNOW                2     SLEET                      1
FOG                      11     FOG W/VIS <= 1/4 MILE      5
HAZE                      2

-  INDICATES NEGATIVE NUMBERS.
R  INDICATES RECORD WAS SET OR TIED.
MM INDICATES DATA IS MISSING.
T  INDICATES TRACE AMOUNT.

$$

BOYNE
