000
CXUS46 KOTX 032158 CCA
CLMLWS

CLIMATE REPORT
NATIONAL WEATHER SERVICE SPOKANE, WA
534 AM PDT MON MAY 1 2017

...................................

...THE LEWISTON ID AIRPORT CLIMATE SUMMARY FOR THE MONTH OF APRIL 2017...

CLIMATE NORMAL PERIOD 1981 TO 2010
CLIMATE RECORD PERIOD 1881 TO 2017

WEATHER         OBSERVED          NORMAL  DEPART  LAST YEAR`S
                 VALUE   DATE(S)  VALUE   FROM    VALUE  DATE(S)
                                          NORMAL
................................................................
TEMPERATURE (F)
RECORD
 HIGH              99   04/24/1946
 LOW               20   04/19/1966
HIGHEST            74   04/22        MM      MM       86  04/20
LOWEST             31   04/04        MM      MM       37  04/16
                                                          04/05
AVG. MAXIMUM     59.8              62.3    -2.5     69.7
AVG. MINIMUM     41.0              40.3     0.7     45.2
MEAN             50.3              51.3    -1.0     57.4
DAYS MAX >= 90      0               0.0     0.0        0
DAYS MAX <= 32      0               0.0     0.0        0
DAYS MIN <= 32      2               2.2    -0.2        0
DAYS MIN <= 0       0               0.0     0.0        0

PRECIPITATION (INCHES)
RECORD
 MAXIMUM         3.29   1978
 MINIMUM         0.05   1956
TOTALS           1.98              1.32    0.66     1.60
DAILY AVG.       0.07              0.04    0.03     0.05
DAYS >= .01        14              10.2     3.8        9
DAYS >= .10         8               4.0     4.0        6
DAYS >= .50         0               0.4    -0.4        1
DAYS >= 1.00        0               0.0     0.0        0
GREATEST
 24 HR. TOTAL    0.44   04/25 TO 04/26           04/29 TO 04/30

SNOWFALL (INCHES)
RECORDS
 TOTAL            1.1   1972
TOTALS            0.0               0.0     0.0      0.0
SINCE 7/1        39.2              10.5    28.7      6.4
SNOWDEPTH AVG.      0                MM      MM        0
DAYS >= 1.0         0               0.0     0.0        0
GREATEST
 SNOW DEPTH         0   MM                             0  MM
 24 HR TOTAL      0.0   04/30 TO 04/30           04/30 TO 04/30

DEGREE_DAYS
HEATING TOTAL     402               413     -11      226
 SINCE 7/1       5033              4880     153     4044
COOLING TOTAL       0                 2      -2        7
 SINCE 1/1          0                 2      -2        7
.................................................

WIND (MPH)
AVERAGE WIND SPEED              6.3
HIGHEST WIND SPEED/DIRECTION    41/220    DATE  04/07
HIGHEST GUST SPEED/DIRECTION    56/220    DATE  04/07

SKY COVER
POSSIBLE SUNSHINE (PERCENT)   MM
AVERAGE SKY COVER           0.60
NUMBER OF DAYS FAIR            8
NUMBER OF DAYS PC             11
NUMBER OF DAYS CLOUDY          9

AVERAGE RH (PERCENT)     63

WEATHER CONDITIONS. NUMBER OF DAYS WITH
THUNDERSTORM              0     MIXED PRECIP               0
HEAVY RAIN                0     RAIN                       5
LIGHT RAIN               17     FREEZING RAIN              0
LT FREEZING RAIN          0     HAIL                       0
HEAVY SNOW                0     SNOW                       0
LIGHT SNOW                0     SLEET                      0
FOG                       7     FOG W/VIS <= 1/4 MILE      0
HAZE                      2

-  INDICATES NEGATIVE NUMBERS.
R  INDICATES RECORD WAS SET OR TIED.
MM INDICATES DATA IS MISSING.
T  INDICATES TRACE AMOUNT.

$$
APRIL 2017 BROUGHT TYPICAL SPRING WEATHER TO SOUTHEAST WASHINGTON
AND THE SOUTH IDAHO PANHANDLE...ALTHOUGH THE MONTH DID FINISH
SLIGHTLY WETTER AND COOLER THAN NORMAL AS A SERIES OF STORMS MOVED
INTO THE REGION FROM THE WEST AND NORTHWEST. FOR THE LEWISTON AREA
AS IS TYPICAL FOR APRIL SEVERAL TEMPERATURE SWINGS OCCURRED WITH
HIGHS IN THE LOWER 50S...WARMING TO NEAR 70 BEFORE COOLING BACK INTO
THE 50S.  THE MOST NOTEWORTHY EVENT OF THE MONTH OCCURRED ON THE 7TH
AS A STRONG COLD FRONT PASSES THROUGH RESULTING IN THUNDERSTORMS IN
THE MORNING AND WINDY CONDITIONS.  LEWISTON RECORDED A PEAK WIND
GUST OF 56 MPH WITH 46 MPH IN PULLMAN.

NO RECORDS WERE SET DURING THE MONTH AT THE LEWISTON AIRPORT.
