000
CXUS53 KABR 011415
CLMMBG


CLIMATE REPORT
NATIONAL WEATHER SERVICE ABERDEEN SD
911 AM CDT MON JUN 1 2015

...................................

...THE MOBRIDGE SD CLIMATE SUMMARY FOR THE MONTH OF MAY 2015...

CLIMATE NORMAL PERIOD 1981 TO 2010
CLIMATE RECORD PERIOD 1911 TO 2015

WEATHER         OBSERVED          NORMAL  DEPART  LAST YEAR`S
                 VALUE   DATE(S)  VALUE   FROM    VALUE  DATE(S)
                                          NORMAL
................................................................
TEMPERATURE (F)
RECORD
 HIGH             108   05/28/1934
 LOW               15   05/03/2005
HIGHEST            90   05/02        MM      MM       89  05/29
LOWEST             31   05/19        MM      MM       28  05/15
AVG. MAXIMUM     67.4              68.4    -1.0     68.2
AVG. MINIMUM     43.3              43.9    -0.6     44.3
MEAN             55.3              56.2    -0.9     56.3
DAYS MAX >= 90      1               0.5     0.5        0
DAYS MAX <= 32      0               0.0     0.0        0
DAYS MIN <= 32      1               2.3    -1.3        3
DAYS MIN <= 0       0               0.0     0.0        0

PRECIPITATION (INCHES)
RECORD
 MAXIMUM         6.55   1999
 MINIMUM         0.05   1936
TOTALS           9.32R             2.82    6.50     2.65
DAYS >= .01        14                MM      MM        8
DAYS >= .10        10                MM      MM        5
DAYS >= .50         5                MM      MM        2
DAYS >= 1.00        2                MM      MM        0

SNOWFALL (INCHES)
RECORDS
 TOTAL            7.5   5
 SNOW DEPTH        MM   MM
TOTALS              T                MM      MM        T
SINCE 7/1        18.7                MM      MM     44.3
SNOWDEPTH AVG.      0                MM      MM        0
DAYS >= TRACE       3
DAYS >= 1.0         0
GREATEST
 SNOW DEPTH         0   MM                             0  MM

DEGREE_DAYS
HEATING TOTAL     306               289      17      313
 SINCE 7/1       7355              7884    -529     8670
COOLING TOTAL      16                15       1       50
 SINCE 1/1         16                16       0       50

FREEZE DATES
RECORD
 EARLIEST     MM
 LATEST       MM
EARLIEST                        MM
LATEST                          MM
.................................................................

WIND (MPH)
AVERAGE WIND SPEED              11.7
RESULTANT WIND SPEED/DIRECTION   4/061
HIGHEST WIND SPEED/DIRECTION    37/330    DATE  05/17
HIGHEST GUST SPEED/DIRECTION    49/330    DATE  05/17

SKY COVER
POSSIBLE SUNSHINE (PERCENT)   MM
AVERAGE SKY COVER           0.50
NUMBER OF DAYS FAIR           13
NUMBER OF DAYS PC             10
NUMBER OF DAYS CLOUDY          8

AVERAGE RH (PERCENT)     68

WEATHER CONDITIONS. NUMBER OF DAYS WITH
THUNDERSTORM              0     MIXED PRECIP               0
HEAVY RAIN                5     RAIN                      11
LIGHT RAIN               17     FREEZING RAIN              0
LT FREEZING RAIN          0     HAIL                       0
HEAVY SNOW                0     SNOW                       1
LIGHT SNOW                3     SLEET                      0
FOG                      16     FOG W/VIS <= 1/4 MILE      0
HAZE                      1

-  INDICATES NEGATIVE NUMBERS.
R  INDICATES RECORD WAS SET OR TIED.
MM INDICATES DATA IS MISSING.
T  INDICATES TRACE AMOUNT.

$$
