000
CXUS53 KDTX 051313 AAA
CLMMBS

CLIMATE REPORT
NATIONAL WEATHER SERVICE DETROIT/PONTIAC MI
1240 PM EDT SAT AUG 2 2014

...................................

...THE  TRI CITIES MI CLIMATE SUMMARY FOR THE MONTH OF JULY 2014...

CLIMATE NORMAL PERIOD 1981 TO 2010
CLIMATE RECORD PERIOD 1898 TO 2014

WEATHER         OBSERVED          NORMAL  DEPART
                 VALUE   DATE(S)  VALUE   FROM
                                          NORMAL
................................................
TEMPERATURE (F)
HIGHEST            88   07/22        MM      MM
LOWEST             50   07/29        MM      MM
                        07/04
AVG. MAXIMUM     78.4              81.8    -3.4
AVG. MINIMUM     58.4              60.2    -1.8
MEAN             68.4              71.0    -2.6
DAYS MAX >= 90      0               3.0    -3.0
DAYS MAX <= 32      0               0.0     0.0
DAYS MIN <= 32      0               0.0     0.0
DAYS MIN <= 0       0               0.0     0.0

PRECIPITATION (INCHES)
TOTALS           3.46              2.58    0.88
DAILY AVG.       0.11              0.08    0.03
DAYS >= .01        15               9.1     5.9
DAYS >= .10         9               5.0     4.0
DAYS >= .50         3               1.7     1.3
DAYS >= 1.00        0               0.6    -0.6
GREATEST
 24 HR. TOTAL    1.38   07/06 TO 07/07
 STORM TOTAL       MM
 (MM/DD(HH))            MM

SNOWFALL (INCHES)
TOTALS            0.0               0.0     0.0
 LIQUID EQUIV    0.00              0.00    0.00
SINCE 7/1         0.0               0.0     0.0
 LIQUID 7/1      0.00
DAYS >= TRACE       0               0.0     0.0
DAYS >= 1.0         0               0.0     0.0
GREATEST
 SNOW DEPTH         0   MM
 24 HR TOTAL      0.0   07/31 TO 07/31
 STORM TOTAL       MM
 (MM/DD(HH))            MM

DEGREE_DAYS
HEATING TOTAL      15                13       2
 SINCE 7/1         15                13       2
COOLING TOTAL     126               198     -72
 SINCE 1/1        331               358     -27

FREEZE DATES
RECORD
 EARLIEST     MM
 LATEST       MM
EARLIEST                        MM
LATEST                          MM
.................................................

WIND (MPH)
AVERAGE WIND SPEED              8.5
HIGHEST WIND SPEED/DIRECTION    38/350    DATE  07/27
HIGHEST GUST SPEED/DIRECTION    47/350    DATE  07/27

SKY COVER
POSSIBLE SUNSHINE (PERCENT)   MM
AVERAGE SKY COVER           0.40
NUMBER OF DAYS FAIR           16
NUMBER OF DAYS PC             13
NUMBER OF DAYS CLOUDY          2

AVERAGE RH (PERCENT)     67

WEATHER CONDITIONS. NUMBER OF DAYS WITH
THUNDERSTORM              9     MIXED PRECIP               0
HEAVY RAIN                4     RAIN                       8
LIGHT RAIN               16     FREEZING RAIN              0
LT FREEZING RAIN          0     HAIL                       0
HEAVY SNOW                0     SNOW                       0
LIGHT SNOW                0     SLEET                      0
FOG                      10     FOG W/VIS <= 1/4 MILE      1
HAZE                      3

-  INDICATES NEGATIVE NUMBERS.
R  INDICATES RECORD WAS SET OR TIED.
MM INDICATES DATA IS MISSING.
T  INDICATES TRACE AMOUNT.

$$

=====================================================================
        SOUTHEAST MICHIGAN CLIMATE SUMMARY FOR JULY 2014


JULY 2014 MONTHLY STATISTICS AND RANKINGS
---------------------------------------------------------------------

PRECIPITATION
              ACTUAL   NORMAL*  DEPARTURE    RANKING
DETROIT AREA   2.43"    3.37"   -0.94"     50TH DRIEST
FLINT AREA     5.76"    3.32"   +2.44"      8TH WETTEST
SAGINAW        3.46"    2.58"   +0.88"     23RD WETTEST

WATER YEAR SINCE JANUARY 1

              ACTUAL   NORMAL*  DEPARTURE     RANKING
DETROIT AREA  21.10"   19.43"    +1.67"    38TH WETTEST
FLINT AREA    23.17"   17.38"    +5.79"    12TH WETTEST
SAGINAW       17.42"   17.21"    +0.21"    44TH WETTEST

     *NORMAL TO-DATE (AS OF JULY 31, 2014)


AVERAGE TEMPERATURE

              ACTUAL   NORMAL  DEPARTURE      RANKING
DETROIT AREA   69.9     73.6    -3.7        8TH COLDEST
FLINT AREA     68.3     70.5    -2.2        9TH COLDEST
SAGINAW        68.4     71.0    -2.6       11TH COLDEST


AVERAGE HIGH TEMPERATURE

              ACTUAL   NORMAL  DEPARTURE      RANKING
DETROIT AREA   79.9     83.4    -3.5       20TH COLDEST
FLINT AREA     79.1     81.9    -2.8       10TH COLDEST
SAGINAW        78.4     81.8    -3.4        8TH COLDEST


AVERAGE LOW TEMPERATURE

              ACTUAL   NORMAL  DEPARTURE      RANKING
DETROIT AREA    59.9    63.9    -4.0        9TH COLDEST
FLINT AREA      57.5    59.2    -1.7       18TH COLDEST
SAGINAW         58.4    60.2    -1.8       28TH COLDEST



DETROIT AREA HAS A CLIMATE RECORD DATING TO NOVEMBER 1874
FLINT AREA HAS A CLIMATE RECORD DATING TO JANUARY 1921
SAGINAW HAS A CLIMATE RECORD DATING TO JANUARY 1912
