000
CXUS52 KMLB 011308
CLMMCO


CLIMATE REPORT
NATIONAL WEATHER SERVICE MELBOURNE FL
828 AM EDT THU JUN 1 2017

...................................

...THE ORLANDO  AREA CLIMATE SUMMARY FOR THE MONTH OF MAY 2017...

CLIMATE NORMAL PERIOD 1981 TO 2010
CLIMATE RECORD PERIOD 1892 TO 2017

WEATHER         OBSERVED          NORMAL  DEPART  LAST YEAR`S
                 VALUE   DATE(S)  VALUE   FROM    VALUE  DATE(S)
                                          NORMAL
................................................................
TEMPERATURE (F)
MONTHLY RECORD
 HOTTEST         80.6   1915
 COLDEST         72.5   1931
DAILY RECORD
 HIGH             102   05/31/1945
 LOW               47   05/03/1925
                        05/11/1923
MAY 2017
HIGHEST            94   05/10                         94
LOWEST             48   05/07                         53
AVG. MAXIMUM     89.3              88.1     1.2     88.3
AVG. MINIMUM     64.7              66.4    -1.7     66.6
MEAN             77.0              77.3    -0.3     77.4
DAYS MAX >= 90     17              11.3     5.7       13
DAYS MAX <= 32      0               0.0     0.0        0
DAYS MIN <= 32      0               0.0     0.0        0
DAYS MIN <= 0       0               0.0     0.0        0

PRECIPITATION (INCHES)
MONTHLY RECORD
 MAXIMUM        14.56   2009
 MINIMUM         0.43   1961
DAILY RECORD
 MAXIMUM         4.44   05/29/1932
MAY 2017
TOTALS           3.36              3.45   -0.09     6.17
DAYS >= .01        10               7.5     2.5       10
DAYS >= .10         4               5.0    -1.0        7
DAYS >= .50         2               2.6    -0.6        4
DAYS >= 1.00        2               1.1     0.9        3
GREATEST
 24 HR. TOTAL    1.26   05/22 TO 05/22

SNOWFALL (INCHES)
TOTALS            0.0               0.0     0.0      0.0
SINCE 7/1         0.0               0.0     0.0      0.0
DAYS >= TRACE       0                                  0

DEGREE_DAYS
HEATING TOTAL       0                 1      -1        0
 SINCE 7/1        209               571    -362      370
COOLING TOTAL     382               380       2      394
 SINCE 1/1       1036               801     235      915
.................................................................

WIND (MPH)
AVERAGE WIND SPEED              8.6
HIGHEST WIND SPEED/DIRECTION    35/230    DATE  05/24
HIGHEST GUST SPEED/DIRECTION    51/230    DATE  05/24

SKY COVER
POSSIBLE SUNSHINE (PERCENT)   MM
AVERAGE SKY COVER           0.50
NUMBER OF DAYS FAIR           13
NUMBER OF DAYS PC             12
NUMBER OF DAYS CLOUDY          6

AVERAGE RH (PERCENT)     68

WEATHER CONDITIONS. NUMBER OF DAYS WITH
THUNDERSTORM             10     MIXED PRECIP               0
HEAVY RAIN                4     RAIN                       7
LIGHT RAIN               13     LT FREEZING RAIN           0
HAIL                      0     LIGHT SNOW                 0
SLEET                     0     FOG                       10
FOG W/VIS <= 1/4 MILE     0     HAZE                       4

-  INDICATES NEGATIVE NUMBERS.
R  INDICATES RECORD WAS SET OR TIED.
MM INDICATES DATA IS MISSING.
T  INDICATES TRACE AMOUNT.

$$

RODRIGUEZ
