000
CXUS52 KMLB 011557
CLMMCO


CLIMATE REPORT
NATIONAL WEATHER SERVICE MELBOURNE FL
1116 AM EDT FRI APR 1 2016

...................................

...THE ORLANDO  AREA CLIMATE SUMMARY FOR THE MONTH OF MARCH 2016...

CLIMATE NORMAL PERIOD 1981 TO 2010
CLIMATE RECORD PERIOD 1892 TO 2016

WEATHER         OBSERVED          NORMAL  DEPART  LAST YEAR`S
                 VALUE   DATE(S)  VALUE   FROM    VALUE  DATE(S)
                                          NORMAL
................................................................
TEMPERATURE (F)
MONTHLY RECORD
 WARMEST         73.7   1907
 COOLEST         59.1   1969
DAILY RECORD
 HIGH              97   03/30/1907
 LOW               25   03/03/1980
MARCH 2016
HIGHEST            90   03/15                         90
LOWEST             43   03/22                         45
AVG. MAXIMUM     81.9              78.0     3.9     83.5
AVG. MINIMUM     60.4              55.8     4.6     62.3
MEAN             71.2              66.9     4.3     72.9
DAYS MAX >= 90      1               0.2     0.8        2
DAYS MAX <= 32      0               0.0     0.0        0
DAYS MIN <= 32      0               0.0     0.0        0
DAYS MIN <= 0       0               0.0     0.0        0

PRECIPITATION (INCHES)
MONTHLY RECORD
 MAXIMUM        12.24   1930
 MINIMUM         0.02   2006
DAILY RECORD
 MAXIMUM         5.02   03/15/1960
MARCH 2016
TOTALS           5.31              3.77    1.54     0.75
DAYS >= .01         9               7.4     1.6        5
DAYS >= .10         6               4.8     1.2        2
DAYS >= .50         2               2.4    -0.4        0
DAYS >= 1.00        1               1.3    -0.3        0
GREATEST
 24 HR. TOTAL    4.11   03/24 TO 03/25

SNOWFALL (INCHES)
TOTALS            0.0               0.0     0.0      0.0
SINCE 7/1         0.0               0.0     0.0      0.0
DAYS >= TRACE       0                                  0

DEGREE_DAYS
HEATING TOTAL      16                59     -43       16
 SINCE 7/1        370               558    -188      486
COOLING TOTAL     217               118      99      268
 SINCE 1/1        279               222      57      342
.................................................................

WIND (MPH)
AVERAGE WIND SPEED              8.1
HIGHEST WIND SPEED/DIRECTION    38/250    DATE  03/25
HIGHEST GUST SPEED/DIRECTION    51/250    DATE  03/25

SKY COVER
POSSIBLE SUNSHINE (PERCENT)   MM
AVERAGE SKY COVER           0.60
NUMBER OF DAYS FAIR            6
NUMBER OF DAYS PC             14
NUMBER OF DAYS CLOUDY         11

AVERAGE RH (PERCENT)     66

WEATHER CONDITIONS. NUMBER OF DAYS WITH
THUNDERSTORM              5     MIXED PRECIP               0
HEAVY RAIN                3     RAIN                       7
LIGHT RAIN               11     LT FREEZING RAIN           0
HAIL                      1     LIGHT SNOW                 0
SLEET                     0     FOG                       14
FOG W/VIS <= 1/4 MILE     1     HAZE                       3

-  INDICATES NEGATIVE NUMBERS.
R  INDICATES RECORD WAS SET OR TIED.
MM INDICATES DATA IS MISSING.
T  INDICATES TRACE AMOUNT.

$$
