000
CXUS53 KLOT 011317
CLMMDW


CLIMATE REPORT
NATIONAL WEATHER SERVICE CHICAGO IL
801 AM CDT FRI APR 1 2016

...................................

...THE CHICAGO-MIDWAY CLIMATE SUMMARY FOR THE MONTH OF MARCH 2016...

CLIMATE NORMAL PERIOD 1981 TO 2010
CLIMATE RECORD PERIOD 1928 TO 2016

WEATHER         OBSERVED          NORMAL  DEPART  LAST YEAR`S
                 VALUE   DATE(S)  VALUE   FROM    VALUE
                                          NORMAL
.............................................................
TEMPERATURE (F)
RECORD
 HIGH              86   03/21/2012
                        03/29/1986
                        04/26/1994
 LOW               -7   03/08/1943
HIGHEST            73   03/08        MM      MM       74
LOWEST             14   03/02        MM      MM        6
AVG. MAXIMUM     52.8              46.8     6.0     46.4
AVG. MINIMUM     37.8              30.9     6.9     29.8
MEAN             45.3              38.8     6.5     38.1

PRECIPITATION (INCHES)
RECORD
 MAXIMUM           MM   MM
 MINIMUM           MM   MM
TOTALS           2.88              2.72    0.16     0.48

DEGREE_DAYS
HEATING TOTAL     604               812    -208      826
 SINCE 7/1       4242              5323   -1081     5548
COOLING TOTAL       1                 1       0        0
 SINCE 1/1          1                 1       0        0
..............................................................

WIND (MPH)
AVERAGE WIND SPEED              10.5
HIGHEST WIND SPEED/DIRECTION    41/260    DATE  03/16
HIGHEST GUST SPEED/DIRECTION    54/270    DATE  03/16

AVERAGE RH (PERCENT)     66


-  INDICATES NEGATIVE NUMBERS.
R  INDICATES RECORD WAS SET OR TIED.
MM INDICATES DATA IS MISSING.
T  INDICATES TRACE AMOUNT.

$$
