818
CXUS54 KMEG 031522
CLMMEG


CLIMATE REPORT
NATIONAL WEATHER SERVICE MEMPHIS TN
921 AM CST WED FEB 3 2016

...................................

...THE MEMPHIS/GERMANTOWN WFO CLIMATE SUMMARY FOR THE MONTH OF JANUARY 2016...

CLIMATE NORMAL PERIOD 1981 TO 2010
CLIMATE RECORD PERIOD 1988 TO 2016

WEATHER         OBSERVED          NORMAL  DEPART  LAST YEAR`S
                 VALUE   DATE(S)  VALUE   FROM    VALUE  DATE(S)
                                          NORMAL
................................................................
TEMPERATURE (F)
RECORD
 HIGH              77   01/31/2002
                        01/30/2002
 LOW                5   01/07/2014
HIGHEST            72   01/31        77      -5       64  01/29
                                                          01/19
LOWEST             17   01/11         6      11        7  01/08
AVG. MAXIMUM     49.5              48.5     1.0     49.4
AVG. MINIMUM     29.9              29.6     0.3     29.6
MEAN             39.7              39.1     0.6     39.5
DAYS MAX >= 90      0               0.0     0.0        0
DAYS MAX <= 32      1               2.6    -1.6        2
DAYS MIN <= 32     23              19.5     3.5       20
DAYS MIN <= 0       0               0.0     0.0        0

PRECIPITATION (INCHES)
RECORD
 MAXIMUM        10.57   2013
 MINIMUM         1.34   2015
TOTALS           2.74              3.96   -1.22     1.34
DAILY AVG.       0.09              0.13   -0.04     0.04
DAYS >= .01         8              10.8    -2.8        7
DAYS >= .10         5               7.1    -2.1        4
DAYS >= .50         1               3.3    -2.3        1
DAYS >= 1.00        1               1.3    -0.3        0
GREATEST
 24 HR. TOTAL    1.49   01/09 TO 01/09

SNOWFALL (INCHES)
RECORDS
 TOTAL            7.6   2011
TOTALS            0.9               0.3     0.6        T
SINCE 7/1         0.9               0.4     0.5      0.3
SNOWDEPTH AVG.      0                MM      MM        0
DAYS >= 1.0         0               0.1    -0.1        0
GREATEST
 SNOW DEPTH         1   01/22                          0  MM
 24 HR TOTAL      0.9   MM

DEGREE_DAYS
HEATING TOTAL     776               805     -29      783
 SINCE 7/1       1554              2129    -575     2073
COOLING TOTAL       0                 0       0        0
 SINCE 1/1          0                 0       0        0
.................................................................



-  INDICATES NEGATIVE NUMBERS.
R  INDICATES RECORD WAS SET OR TIED.
MM INDICATES DATA IS MISSING.
T  INDICATES TRACE AMOUNT.

$$
