000
CXUS44 KBRO 011351
CLMMFE


CLIMATE REPORT
NATIONAL WEATHER SERVICE BROWNSVILLE TX
847 AM CDT SAT JUL 1 2017

...................................

...THE MCALLEN CLIMATE SUMMARY FOR THE MONTH OF JUNE 2017...

CLIMATE NORMAL PERIOD 1981 TO 2010
CLIMATE RECORD PERIOD 1961 TO 2017

WEATHER         OBSERVED          NORMAL  DEPART  LAST YEAR`S
                 VALUE   DATE(S)  VALUE   FROM    VALUE  DATE(S)
                                          NORMAL
................................................................
TEMPERATURE (F)
HIGHEST           111R  06/22        99      12      103  06/30
LOWEST             73   06/08        68       5       71  06/03
AVG. MAXIMUM    101.3              96.2     5.1
AVG. MINIMUM     78.1              75.7     2.4
MEAN             89.7              85.9     3.8     86.7
DAYS MAX >= 90     30              27.8     2.2
DAYS MAX <= 32      0               0.0     0.0
DAYS MIN <= 32      0               0.0     0.0
DAYS MIN <= 0       0               0.0     0.0

PRECIPITATION (INCHES)
TOTALS           0.18              2.58   -2.40       MM
DAILY AVG.       0.01              0.09   -0.08       MM
DAYS >= .01         3               5.4    -2.4       MM
DAYS >= .10         0               3.5    -3.5       MM
DAYS >= .50         0               1.5    -1.5       MM
DAYS >= 1.00        0               0.7    -0.7       MM
GREATEST
 24 HR. TOTAL    0.07   06/03 TO 06/03                MM

DEGREE_DAYS
HEATING TOTAL       0                 0       0        0
 SINCE 7/1        189               579    -390      318
COOLING TOTAL     747               628     119      657
 SINCE 1/1       2686              1883     803     2275

.................................................

WIND (MPH)
AVERAGE WIND SPEED              10.9
HIGHEST WIND SPEED/DIRECTION    36/040    DATE  06/05
HIGHEST GUST SPEED/DIRECTION    46/050    DATE  06/05

SKY COVER
POSSIBLE SUNSHINE (PERCENT)   MM
AVERAGE SKY COVER           0.20
NUMBER OF DAYS FAIR           27
NUMBER OF DAYS PC              3
NUMBER OF DAYS CLOUDY          0

AVERAGE RH (PERCENT)     61

WEATHER CONDITIONS. NUMBER OF DAYS WITH
THUNDERSTORM              0     MIXED PRECIP               0
HEAVY RAIN                2     RAIN                       1
LIGHT RAIN                5     FREEZING RAIN              0
LT FREEZING RAIN          0     HAIL                       0
HEAVY SNOW                0     SNOW                       0
LIGHT SNOW                0     SLEET                      0
FOG                       0     FOG W/VIS <= 1/4 MILE      0
HAZE                      4

-  INDICATES NEGATIVE NUMBERS.
R  INDICATES RECORD WAS SET OR TIED.
MM INDICATES DATA IS MISSING.
T  INDICATES TRACE AMOUNT.

$$
